000
CXUS53 KGLD 030755
CF6HLC
PRELIMINARY LOCAL CLIMATOLOGICAL DATA (WS FORM: F-6)

                                          STATION:   HILL CITY KS
                                          MONTH:     OCTOBER
                                          YEAR:      2016
                                          LATITUDE:   39 22 N
                                          LONGITUDE:  99 50 W

  TEMPERATURE IN F:       :PCPN:    SNOW:  WIND      :SUNSHINE: SKY     :PK WND
================================================================================
1   2   3   4   5  6A  6B    7    8   9   10  11  12  13   14  15   16   17  18
                                     12Z  AVG MX 2MIN
DY MAX MIN AVG DEP HDD CDD  WTR  SNW DPTH SPD SPD DIR MIN PSBL S-S WX    SPD DR
================================================================================

 1  78  43  61   1   4   0 0.00    M    M  5.4 15 130   M    M   0 8      21 130
 2  82  48  65   5   0   0 0.00    M    M  7.4 17 160   M    M   1 1      23 150
 3  84  61  73  13   0   8    T    M    M 18.2 35 160   M    M   2        46 160
 4  75  44  60   1   5   0 0.02    M    M  8.4 23 190   M    M   4        32 190
 5  76  39  58  -1   7   0 0.00    M    M  5.8 13 160   M    M   0        16 140
 6  60  37  49  -9  16   0 0.02    M    M 12.6 26 360   M    M   7 12     35 350
 7  68  31  50  -8  15   0 0.00    M    M  6.0 12 200   M    M   0        16 240
 8  80  42  61   4   4   0 0.00    M    M  8.1 20 210   M    M   0        26 210
 9  76  47  62   5   3   0 0.00    M    M  9.4 24 180   M    M   0        33 180
10  78  55  67  11   0   2 0.00    M    M  8.8 17 180   M    M   1        24 170
11  74  43  59   3   6   0 0.04    M    M  7.1 24  30   M    M   0 128    33  30
12  55  31  43 -13  22   0 0.00    M    M  9.0 21 360   M    M   4 18     29 360
13  66  31  49  -6  16   0 0.00    M    M  6.4 17 190   M    M   0 1      23 160
14  83  38  61   6   4   0 0.00    M    M  9.5 22 180   M    M   3 1      29 170
15  84  50  67  13   0   2 0.00    M    M  5.6 15 200   M    M   1 18     21 200
16  92  48  70  16   0   5 0.00    M    M  4.6 12 190   M    M   4 128    16 150
17  83  48  66  12   0   1 0.00    M    M  7.8 24 320   M    M   0 8      34 330
18  72  40  56   3   9   0 0.00    M    M  4.7 15 330   M    M   0 8      19 340
19  70  37  54   1  11   0 0.00    M    M  6.3 17 330   M    M   2 18     21  10
20  64  35  50  -2  15   0 0.00    M    M  5.8 13 340   M    M   3        17  20
21  75  38  57   5   8   0 0.00    M    M  5.5 18 210   M    M   0 8      27 210
22  87  33  60   8   5   0 0.00    M    M  7.8 20 190   M    M   0        28 190
23  75  38  57   6   8   0 0.00    M    M  8.4 20  20   M    M   0        26  30
24  71  36  54   3  11   0 0.00    M    M  6.6 14  90   M    M   0 8      17 150
25  85  49  67  17   0   2 0.00    M    M  7.6 21 330   M    M   1 1      27 330
26  80  46  63  13   2   0 0.00    M    M  6.3 15 360   M    M   0 8      21  10
27  86  40  63  13   2   0 0.00    M    M  8.5 21 220   M    M   0 8      27 210
28   M  60   M   M   M   M 0.00    M    M  6.7 16 200   M    M   0        24 210
29  78  50  64  15   1   0 0.00    M    M  7.9 17  30   M    M   0        25  10
30  63  38  51   3  14   0 0.00    M    M  6.0 16  20   M    M   2        21 350
31  89  48  69  21   0   4 0.00    M    M 10.8 20 360   M    M   0 8      27  10
================================================================================
SM 2289 1324       188  24  0.08    M    239.0          M       35
================================================================================
AV 76.3 42.7                               7.7 FASTST   M    M   1    MAX(MPH)
                                 MISC ---->  # 35 160               # 46  160
================================================================================
NOTES:
# LAST OF SEVERAL OCCURRENCES

COLUMN 17 PEAK WIND IN M.P.H.

PRELIMINARY LOCAL CLIMATOLOGICAL DATA (WS FORM: F-6) , PAGE 2

                                          STATION:  HILL CITY KS
                                          MONTH:    OCTOBER
                                          YEAR:     2016
                                          LATITUDE:   39 22 N
                                          LONGITUDE:  99 50 W

[TEMPERATURE DATA]      [PRECIPITATION DATA]       SYMBOLS USED IN COLUMN 16

AVERAGE MONTHLY: 59.5   TOTAL FOR MONTH:   0.08    1 = FOG OR MIST
DPTR FM NORMAL:   5.5   DPTR FM NORMAL:   -1.44    2 = FOG REDUCING VISIBILITY
HIGHEST:    92 ON 16    GRTST 24HR  0.04 ON 11-11      TO 1/4 MILE OR LESS
LOWEST:     31 ON 13,12                            3 = THUNDER
                        SNOW, ICE PELLETS, HAIL    4 = ICE PELLETS
                        TOTAL MONTH:    M          5 = HAIL
                        GRTST 24HR    M  ON   M    6 = FREEZING RAIN OR DRIZZLE
                        GRTST DEPTH:  M  ON   M    7 = DUSTSTORM OR SANDSTORM:
                                                       VSBY 1/2 MILE OR LESS
                                                   8 = SMOKE OR HAZE
[NO. OF DAYS WITH]      [WEATHER - DAYS WITH]      9 = BLOWING SNOW
                                                   X = TORNADO
MAX 32 OR BELOW:   0    0.01 INCH OR MORE:   3
MAX 90 OR ABOVE:   1    0.10 INCH OR MORE:   0
MIN 32 OR BELOW:   3    0.50 INCH OR MORE:   0
MIN  0 OR BELOW:   0    1.00 INCH OR MORE:   0

[HDD (BASE 65) ]
TOTAL THIS MO.   188    CLEAR  (SCALE 0-3)  26
DPTR FM NORMAL  -171    PTCLDY (SCALE 4-7)   5
TOTAL FM JUL 1   233    CLOUDY (SCALE 8-10)  0
DPTR FM NORMAL  -203

[CDD (BASE 65) ]
TOTAL THIS MO.    24
DPTR FM NORMAL     6    [PRESSURE DATA]
TOTAL FM JAN 1  1448    HIGHEST SLP 30.46 ON 20
DPTR FM NORMAL   148    LOWEST  SLP 29.38 ON 17

[REMARKS]
#FINAL-10-16#
