000
CXUS53 KGLD 010800
CF6HLC
PRELIMINARY LOCAL CLIMATOLOGICAL DATA (WS FORM: F-6)

                                          STATION:   HILL CITY KS
                                          MONTH:     DECEMBER
                                          YEAR:      2015
                                          LATITUDE:   39 22 N
                                          LONGITUDE:  99 50 W

  TEMPERATURE IN F:       :PCPN:    SNOW:  WIND      :SUNSHINE: SKY     :PK WND
================================================================================
1   2   3   4   5  6A  6B    7    8   9   10  11  12  13   14  15   16   17  18
                                     12Z  AVG MX 2MIN
DY MAX MIN AVG DEP HDD CDD  WTR  SNW DPTH SPD SPD DIR MIN PSBL S-S WX    SPD DR
================================================================================

 1  40  25  33  -1  32   0    T    M    M 12.0 24 310   M    M   5 8      32 320
 2  51  24  38   5  27   0 0.00    M    M 10.2 20 320   M    M   2        25 320
 3  59  18  39   6  26   0 0.00    M    M  4.9 13 210   M    M   1        15 210
 4  60  23  42   9  23   0 0.00    M    M 10.4 29 180   M    M   0        39 180
 5  50  36  43  11  22   0    T    M    M 10.7 24 180   M    M   1        32 180
 6  59  30  45  13  20   0 0.00    M    M  8.8 18 320   M    M   0        24 320
 7  58  24  41   9  24   0 0.00    M    M  5.4 18 340   M    M   0        23 350
 8  67  30  49  18  16   0 0.00    M    M  9.5 26 340   M    M   0        39 330
 9  71  36  54  23  11   0 0.00    M    M 10.5 26 240   M    M   0        34 220
10  64  40  52  21  13   0 0.00    M    M  8.4 30 330   M    M   0        37 320
11  59  37  48  17  17   0 0.00    M    M  7.6 17 190   M    M   0        25 190
12  41  28  35   5  30   0 0.01    M    M 11.8 22 360   M    M   7 18     27 360
13  37  32  35   5  30   0 1.74    M    M 20.2 36  10   M    M  10 1      45  10
14  47  31  39   9  26   0 0.04    M    M 11.0 26 340   M    M   4 12     33 340
15  49  25  37   7  28   0    T    M    M 18.0 29  80   M    M   9 12     38 300
16  40  23  32   2  33   0 0.00    M    M 14.0 26 290   M    M   1        35 290
17  31  16  24  -6  41   0 0.00    M    M  7.9 17 350   M    M   5        22 350
18  49  15  32   3  33   0 0.00    M    M  7.6 18 240   M    M   0        23 250
19  49  18  34   5  31   0 0.00    M    M  5.9 16 190   M    M   0 18     19 200
20  46  33  40  11  25   0 0.00    M    M  8.7 23 360   M    M   1        29 360
21  52  27  40  11  25   0    T    M    M  5.5 18 320   M    M   5 1      23 320
22  49  30  40  11  25   0 0.00    M    M  6.8 14 210   M    M   0        17 230
23  48  22  35   6  30   0 0.00    M    M 10.6 24 340   M    M   2        34 350
24  39  15  27  -2  38   0 0.07    M    M  9.1 32 330   M    M   3 1      40 330
25  44  17  31   2  34   0    T    M    M 10.8 25 140   M    M   9        31 140
26  34  21  28  -1  37   0 0.00    M    M 19.3 35 350   M    M  10 1      46 350
27  27  18  23  -6  42   0 0.00    M    M 17.1 30 350   M    M   5        36 360
28  27  13  20  -9  45   0 0.00    M    M 12.0 22 360   M    M   8        26  10
29  27   8  18 -11  47   0 0.00    M    M  2.3  8 350   M    M   6         9  60
30  34  14  24  -5  41   0    T    M    M  2.0  9 330   M    M   7 1      11 320
31  37  15  26  -3  39   0 0.00    M    M  8.3 20 330   M    M   4        24 320
================================================================================
SM 1445  744       911   0  1.86    M    307.3          M      105
================================================================================
AV 46.6 24.0                               9.9 FASTST   M    M   3    MAX(MPH)
                                 MISC ---->  # 36  10               # 46  350
================================================================================
NOTES:
# LAST OF SEVERAL OCCURRENCES

COLUMN 17 PEAK WIND IN M.P.H.

PRELIMINARY LOCAL CLIMATOLOGICAL DATA (WS FORM: F-6) , PAGE 2

                                          STATION:  HILL CITY KS
                                          MONTH:    DECEMBER
                                          YEAR:     2015
                                          LATITUDE:   39 22 N
                                          LONGITUDE:  99 50 W

[TEMPERATURE DATA]      [PRECIPITATION DATA]       SYMBOLS USED IN COLUMN 16

AVERAGE MONTHLY: 35.3   TOTAL FOR MONTH:   1.86    1 = FOG OR MIST
DPTR FM NORMAL:   5.0   DPTR FM NORMAL:    1.17    2 = FOG REDUCING VISIBILITY
HIGHEST:    71 ON  9    GRTST 24HR  1.78 ON 13-14      TO 1/4 MILE OR LESS
LOWEST:      8 ON 29                               3 = THUNDER
                        SNOW, ICE PELLETS, HAIL    4 = ICE PELLETS
                        TOTAL MONTH:    M          5 = HAIL
                        GRTST 24HR    M  ON   M    6 = FREEZING RAIN OR DRIZZLE
                        GRTST DEPTH:  M  ON   M    7 = DUSTSTORM OR SANDSTORM:
                                                       VSBY 1/2 MILE OR LESS
                                                   8 = SMOKE OR HAZE
[NO. OF DAYS WITH]      [WEATHER - DAYS WITH]      9 = BLOWING SNOW
                                                   X = TORNADO
MAX 32 OR BELOW:   4    0.01 INCH OR MORE:   4
MAX 90 OR ABOVE:   0    0.10 INCH OR MORE:   1
MIN 32 OR BELOW:  26    0.50 INCH OR MORE:   1
MIN  0 OR BELOW:   0    1.00 INCH OR MORE:   1

[HDD (BASE 65) ]
TOTAL THIS MO.   911    CLEAR  (SCALE 0-3)  17
DPTR FM NORMAL  -166    PTCLDY (SCALE 4-7)  10
TOTAL FM JUL 1  1748    CLOUDY (SCALE 8-10)  4
DPTR FM NORMAL  -496

[CDD (BASE 65) ]
TOTAL THIS MO.     0
DPTR FM NORMAL     0    [PRESSURE DATA]
TOTAL FM JAN 1  1594    HIGHEST SLP M ON M
DPTR FM NORMAL   294    LOWEST  SLP 29.25 ON 22

[REMARKS]
#FINAL-12-15#
