000
CXUS53 KGLD 011713
CF6HLC
PRELIMINARY LOCAL CLIMATOLOGICAL DATA (WS FORM: F-6)

                                          STATION:   HILL CITY KS
                                          MONTH:     MARCH
                                          YEAR:      2016
                                          LATITUDE:   39 22 N
                                          LONGITUDE:  99 50 W

  TEMPERATURE IN F:       :PCPN:    SNOW:  WIND      :SUNSHINE: SKY     :PK WND
================================================================================
1   2   3   4   5  6A  6B    7    8   9   10  11  12  13   14  15   16   17  18
                                     12Z  AVG MX 2MIN
DY MAX MIN AVG DEP HDD CDD  WTR  SNW DPTH SPD SPD DIR MIN PSBL S-S WX    SPD DR
================================================================================

 1  59  22  41   4  24   0 0.00    M    M  7.5 23 340   M    M   1        27 340
 2  70  25  48  11  17   0 0.06    M    M  8.0 36 340   M    M   2 3      44 320
 3  62  35  49  11  16   0 0.00    M    M 10.2 32 360   M    M   1        39  10
 4  68  30  49  11  16   0 0.00    M    M  9.0 26  10   M    M   0        32  20
 5  71  26  49  11  16   0 0.00    M    M 10.1 21 180   M    M   0        28 170
 6  76  42  59  20   6   0 0.00    M    M  9.3 22 220   M    M   0        27 230
 7  82  37  60  21   5   0 0.00    M    M 12.8 36 210   M    M   1 12     47 210
 8  62  36  49  10  16   0 0.00    M    M  7.6 14  10   M    M   0        20 280
 9  69  26  48   8  17   0 0.00    M    M  4.5 18 310   M    M   0        22 310
10  68  35  52  12  13   0    T    M    M  6.5 18 310   M    M   2        22 310
11  72  36  54  14  11   0 0.00    M    M 10.0 21 170   M    M   0        27 190
12  61  31  46   5  19   0 0.00    M    M  7.1 18 140   M    M   6        24 130
13  74  42  58  17   7   0    T    M    M  5.4 13 270   M    M   5 1      16 280
14  80  37  59  18   6   0 0.00    M    M 10.7 32 340   M    M   1        38 330
15  60  31  46   4  19   0 0.00    M    M 16.9 41 300   M    M   1 8      55 320
16  60  28  44   2  21   0 0.00    M    M 11.1 26 310   M    M   1        36 300
17  57  31  44   2  21   0 0.06    M    M  9.1 26  10   M    M   7        35 360
18  46  19  33  -9  32   0    T    M    M  9.7 23  50   M    M   6        31 360
19  43  19  31 -12  34   0 0.00    M    M 13.4 30 340   M    M   5        43 330
20  53  13  33 -10  32   0 0.00    M    M  7.1 15 210   M    M   0        20 260
21  80  28  54  11  11   0 0.00    M    M 12.0 25 200   M    M   0        34 200
22  78  38  58  14   7   0 0.00    M    M  6.4 21  70   M    M   0        25  60
23  55  31  43  -1  22   0 0.08    M    M 19.3 35 340   M    M   5 18     46 330
24  51  26  39  -5  26   0    T    M    M 10.8 36 340   M    M   1        45 340
25  66  26  46   1  19   0 0.00    M    M 10.0 23 180   M    M   3        32 190
26  48  29  39  -6  26   0    T    M    M 14.6 28 330   M    M   7        33 320
27  64  17  41  -4  24   0 0.00    M    M  5.7 18 230   M    M   0        27 220
28  71  28  50   4  15   0 0.00    M    M 13.7 26 190   M    M   0        34 180
29  71  47  59  13   6   0 0.00    M    M 19.6 32 160   M    M   5        44 170
30  71  45  58  12   7   0 0.00    M    M 15.8 29 310   M    M   3        42 180
31  59  36  48   2  17   0    T    M    M 16.9 36 330   M    M   4        42 330
================================================================================
SM 2007  952       528   0  0.20    M    330.8          M       67
================================================================================
AV 64.7 30.7                              10.7 FASTST   M    M   2    MAX(MPH)
                                 MISC ---->  # 41 300               # 55  320
================================================================================
NOTES:
# LAST OF SEVERAL OCCURRENCES

COLUMN 17 PEAK WIND IN M.P.H.

PRELIMINARY LOCAL CLIMATOLOGICAL DATA (WS FORM: F-6) , PAGE 2

                                          STATION:  HILL CITY KS
                                          MONTH:    MARCH
                                          YEAR:     2016
                                          LATITUDE:   39 22 N
                                          LONGITUDE:  99 50 W

[TEMPERATURE DATA]      [PRECIPITATION DATA]       SYMBOLS USED IN COLUMN 16

AVERAGE MONTHLY: 47.7   TOTAL FOR MONTH:   0.20    1 = FOG OR MIST
DPTR FM NORMAL:   5.9   DPTR FM NORMAL:   -1.43    2 = FOG REDUCING VISIBILITY
HIGHEST:    82 ON  7    GRTST 24HR  0.08 ON 23-23      TO 1/4 MILE OR LESS
LOWEST:     13 ON 20                               3 = THUNDER
                        SNOW, ICE PELLETS, HAIL    4 = ICE PELLETS
                        TOTAL MONTH:    M          5 = HAIL
                        GRTST 24HR    M  ON   M    6 = FREEZING RAIN OR DRIZZLE
                        GRTST DEPTH:  M  ON   M    7 = DUSTSTORM OR SANDSTORM:
                                                       VSBY 1/2 MILE OR LESS
                                                   8 = SMOKE OR HAZE
[NO. OF DAYS WITH]      [WEATHER - DAYS WITH]      9 = BLOWING SNOW
                                                   X = TORNADO
MAX 32 OR BELOW:   0    0.01 INCH OR MORE:   3
MAX 90 OR ABOVE:   0    0.10 INCH OR MORE:   0
MIN 32 OR BELOW:  19    0.50 INCH OR MORE:   0
MIN  0 OR BELOW:   0    1.00 INCH OR MORE:   0

[HDD (BASE 65) ]
TOTAL THIS MO.   528    CLEAR  (SCALE 0-3)  21
DPTR FM NORMAL  -191    PTCLDY (SCALE 4-7)  10
TOTAL FM JUL 1  4001    CLOUDY (SCALE 8-10)  0
DPTR FM NORMAL  -968

[CDD (BASE 65) ]
TOTAL THIS MO.     0
DPTR FM NORMAL     0    [PRESSURE DATA]
TOTAL FM JAN 1     0    HIGHEST SLP 30.55 ON 20
DPTR FM NORMAL     0    LOWEST  SLP 29.28 ON 23

[REMARKS]
#FINAL-03-16#
