000
CXUS53 KGLD 010800
CF6HLC
PRELIMINARY LOCAL CLIMATOLOGICAL DATA (WS FORM: F-6)
STATION: HILL CITY KS
MONTH: OCTOBER
YEAR: 2021
LATITUDE: 39 22 N
LONGITUDE: 99 50 W
TEMPERATURE IN F: :PCPN: SNOW: WIND :SUNSHINE: SKY :PK WND
================================================================================
1 2 3 4 5 6A 6B 7 8 9 10 11 12 13 14 15 16 17 18
12Z AVG MX 2MIN
DY MAX MIN AVG DEP HDD CDD WTR SNW DPTH SPD SPD DIR MIN PSBL S-S WX SPD DR
================================================================================
1 78 50 64 2 1 0 M M M 3.9 12 310 M M 1 17 310
2 78 49 64 3 1 0 0.00 M M 5.1 15 330 M M 3 1 22 360
3 83 47 65 4 0 0 0.00 M M 3.7 10 330 M M 0 8 14 330
4 85 45 65 5 0 0 0.00 M M 4.0 14 70 M M 0 28 20 40
5 80 42 61 1 4 0 0.00 M M 4.8 15 110 M M 0 8 21 110
6 80 45 63 4 2 0 0.00 M M 7.5 18 140 M M 0 18 27 110
7 86 52 69 10 0 4 0.00 M M 6.7 17 180 M M 0 18 24 170
8 87 47 67 9 0 2 0.00 M M 5.0 10 110 M M 0 18 16 20
9 87 59 73 15 0 8 0.00 M M 5.8 16 320 M M 0 18 23 320
10 69 43 56 -1 9 0 0.00 M M 8.4 24 340 M M 0 8 34 340
11 78 40 59 2 6 0 0.00 M M 6.2 12 240 M M 0 8 17 230
12 68 52 60 4 5 0 0.63 M M 11.7 35 220 M M 7 138 55 130
13 69 41 55 -1 10 0 0.00 M M 11.4 28 290 M M 1 40 310
14 55 34 45 -10 20 0 0.00 M M 6.6 14 350 M M 6 20 10
15 62 35 49 -6 16 0 0.00 M M 9.2 22 330 M M 2 33 330
16 73 31 52 -2 13 0 0.00 M M 6.1 18 310 M M 0 24 310
17 79 33 56 2 9 0 0.00 M M 6.1 16 170 M M 0 23 150
18 77 46 62 8 3 0 0.00 M M 9.7 23 160 M M 0 38 190
19 83 52 68 15 0 3 0.00 M M 12.5 25 320 M M 0 39 310
20 60 36 48 -4 17 0 0.00 M M 11.6 22 320 M M 0 34 290
21 64 30 47 -5 18 0 0.00 M M 2.6 9 230 M M 0 8 14 230
22 82 31 57 5 8 0 0.00 M M 3.3 12 230 M M 0 18 17 240
23 60 41 51 0 14 0 0.00 M M 8.0 14 40 M M 7 18 22 50
24 72 42 57 6 8 0 0.02 M M 13.1 24 310 M M 4 1 35 320
25 56 35 46 -4 19 0 0.00 M M 7.9 16 140 M M 5 12 22 120
26 80 45 63 13 2 0 0.79 M M 13.5 40 180 M M 6 138 70 180
27 64 46 55 6 10 0 T M M 19.6 37 350 M M 5 55 340
28 64 45 55 6 10 0 0.00 M M 21.8 39 340 M M 0 62 340
29 66 34 50 2 15 0 0.00 M M 6.8 15 330 M M 0 24 300
30 74 31 53 5 12 0 0.00 M M 8.9 22 340 M M 0 30 350
31 55 34 45 -3 20 0 0.00 M M 8.8 16 40 M M 4 23 60
================================================================================
SM 2254 1293 252 17 1.44 M 260.3 M 51
================================================================================
AV 72.7 41.7 8.4 FASTST M M 2 MAX(MPH)
MISC ----> 40 180 70 180
================================================================================
NOTES:
# LAST OF SEVERAL OCCURRENCES
COLUMN 17 PEAK WIND IN M.P.H.
PRELIMINARY LOCAL CLIMATOLOGICAL DATA (WS FORM: F-6) , PAGE 2
STATION: HILL CITY KS
MONTH: OCTOBER
YEAR: 2021
LATITUDE: 39 22 N
LONGITUDE: 99 50 W
[TEMPERATURE DATA] [PRECIPITATION DATA] SYMBOLS USED IN COLUMN 16
AVERAGE MONTHLY: 57.2 TOTAL FOR MONTH: 1.44 1 = FOG OR MIST
DPTR FM NORMAL: 2.7 DPTR FM NORMAL: -0.16 2 = FOG REDUCING VISIBILITY
HIGHEST: 87 ON 9, 8 GRTST 24HR 0.79 ON 26-26 TO 1/4 MILE OR LESS
LOWEST: 30 ON 21 3 = THUNDER
SNOW, ICE PELLETS, HAIL 4 = ICE PELLETS
TOTAL MONTH: M 5 = HAIL
GRTST 24HR M ON M 6 = FREEZING RAIN OR DRIZZLE
GRTST DEPTH: M ON M 7 = DUSTSTORM OR SANDSTORM:
VSBY 1/2 MILE OR LESS
8 = SMOKE OR HAZE
[NO. OF DAYS WITH] [WEATHER - DAYS WITH] 9 = BLOWING SNOW
X = TORNADO
MAX 32 OR BELOW: 0 0.01 INCH OR MORE: 3
MAX 90 OR ABOVE: 0 0.10 INCH OR MORE: 2
MIN 32 OR BELOW: 4 0.50 INCH OR MORE: 2
MIN 0 OR BELOW: 0 1.00 INCH OR MORE: 0
[HDD (BASE 65) ]
TOTAL THIS MO. 252 CLEAR (SCALE 0-3) 23
DPTR FM NORMAL -95 PTCLDY (SCALE 4-7) 8
TOTAL FM JUL 1 268 CLOUDY (SCALE 8-10) 0
DPTR FM NORMAL -149
[CDD (BASE 65) ]
TOTAL THIS MO. 17
DPTR FM NORMAL -5 [PRESSURE DATA]
TOTAL FM JAN 1 1630 HIGHEST SLP M ON M
DPTR FM NORMAL 237 LOWEST SLP 29.31 ON 26
[REMARKS]
#FINAL-10-21#