000
CXUS53 KGLD 022027
CF6HLC
PRELIMINARY LOCAL CLIMATOLOGICAL DATA (WS FORM: F-6)

                                          STATION:   HILL CITY KS
                                          MONTH:     SEPTEMBER
                                          YEAR:      2011
                                          LATITUDE:   39 22 N
                                          LONGITUDE:  99 50 W

  TEMPERATURE IN F:       :PCPN:    SNOW:  WIND      :SUNSHINE: SKY     :PK WND
================================================================================
1   2   3   4   5  6A  6B    7    8   9   10  11  12  13   14  15   16   17  18
                                     12Z  AVG MX 2MIN
DY MAX MIN AVG DEP HDD CDD  WTR  SNW DPTH SPD SPD DIR MIN PSBL S-S WX    SPD DR
================================================================================

 1 108  75  92  19   0  27 0.00    M    M 10.5 22 200   M    M   0        29 200
 2  96  69  83  10   0  18 0.15    M    M 10.2 21  30   M    M   1 13     30 210
 3  75  62  69  -3   0   4 0.10    M    M 14.0 32 350   M    M   7 13     37 350
 4  75  49  62 -10   3   0 0.00    M    M  8.0 22  30   M    M   1        28  40
 5  78  42  60 -12   5   0 0.00    M    M  4.3 13 140   M    M   0        18 200
 6  84  45  65  -7   0   0 0.00    M    M  6.9 17 140   M    M   0        22 140
 7  80  59  70  -1   0   5    T    M    M  4.1 15  40   M    M   1        17  30
 8  80  51  66  -5   0   1 0.00    M    M  7.5 18  50   M    M   0 8      24  50
 9  80  46  63  -7   2   0 0.00    M    M  5.6 15  30   M    M   0        22  20
10  86  53  70   0   0   5 0.00    M    M  9.0 20  30   M    M   1        26 360
11  90  50  70   0   0   5 0.00    M    M  4.1 12 170   M    M   0        16 170
12  98  62  80  11   0  15 0.00    M    M  3.9 13 350   M    M   0 8      17 200
13  83  59  71   2   0   6 0.06    M    M 10.4 18  20   M    M   2        23  50
14  61  50  56 -12   9   0 0.11    M    M 11.1 20  50   M    M   9 1      24  50
15  50  44  47 -21  18   0 0.14    M    M  9.7 20 130   M    M  10 1      24 130
16  56  45  51 -16  14   0 0.00    M    M  8.6 14 140   M    M  10 1      20 130
17  64  54  59  -8   6   0 0.06    M    M  7.3 13 330   M    M  10 123    16 330
18  79  50  65  -1   0   0 0.07    M    M  8.7 22 360   M    M   4 18     28 340
19  87  46  67   1   0   2 0.00    M    M  8.6 23 190   M    M   0 8      31 200
20  77  56  67   1   0   2    T    M    M 12.9 28 360   M    M   0        33  10
21  63  46  55 -10  10   0 0.04    M    M  3.4 13 360   M    M   7        14 360
22  80  36  58  -7   7   0 0.00    M    M  4.6 18 270   M    M   0 8      24 240
23  80  41  61  -3   4   0 0.00    M    M  4.7 12 340   M    M   0        15  50
24  88  45  67   3   0   2 0.00    M    M  5.4 18  70   M    M   0        21  70
25  76  41  59  -4   6   0 0.00    M    M  5.0 12 180   M    M   0        17 180
26  81  44  63   0   2   0 0.00    M    M  6.9 18 170   M    M   0        23 180
27  85  41  63   1   2   0 0.00    M    M  2.3  8 200   M    M   0        13 290
28  94  49  72  10   0   7 0.00    M    M  4.8 12  50   M    M   0 8      16  40
29  77  45  61   0   4   0 0.00    M    M 14.4 30  20   M    M   0        36 350
30  75  34  55  -6  10   0 0.00    M    M  4.7 13 350   M    M   0        18 190
================================================================================
SM 2386 1489       102  99  0.73    M    221.6          M       63
================================================================================
AV 79.5 49.6                               7.4 FASTST   M    M   2    MAX(MPH)
                                 MISC ---->  # 32 350               # 37  350
================================================================================
NOTES:
# LAST OF SEVERAL OCCURRENCES

COLUMN 17 PEAK WIND IN M.P.H.

PRELIMINARY LOCAL CLIMATOLOGICAL DATA (WS FORM: F-6) , PAGE 2

                                          STATION:  HILL CITY KS
                                          MONTH:    SEPTEMBER
                                          YEAR:     2011
                                          LATITUDE:   39 22 N
                                          LONGITUDE:  99 50 W

[TEMPERATURE DATA]      [PRECIPITATION DATA]       SYMBOLS USED IN COLUMN 16

AVERAGE MONTHLY: 64.6   TOTAL FOR MONTH:   0.73    1 = FOG OR MIST
DPTR FM NORMAL:  -2.8   DPTR FM NORMAL:   -1.15    2 = FOG REDUCING VISIBILITY
HIGHEST:   108 ON  1    GRTST 24HR  0.25 ON  2- 3      TO 1/4 MILE OR LESS
LOWEST:     34 ON 30                               3 = THUNDER
                        SNOW, ICE PELLETS, HAIL    4 = ICE PELLETS
                        TOTAL MONTH:    M          5 = HAIL
                        GRTST 24HR    M  ON   M    6 = FREEZING RAIN OR DRIZZLE
                        GRTST DEPTH:  M  ON   M    7 = DUSTSTORM OR SANDSTORM:
                                                       VSBY 1/2 MILE OR LESS
                                                   8 = SMOKE OR HAZE
[NO. OF DAYS WITH]      [WEATHER - DAYS WITH]      9 = BLOWING SNOW
                                                   X = TORNADO
MAX 32 OR BELOW:   0    0.01 INCH OR MORE:   8
MAX 90 OR ABOVE:   5    0.10 INCH OR MORE:   4
MIN 32 OR BELOW:   0    0.50 INCH OR MORE:   0
MIN  0 OR BELOW:   0    1.00 INCH OR MORE:   0

[HDD (BASE 65) ]
TOTAL THIS MO.   102    CLEAR  (SCALE 0-3)  23
DPTR FM NORMAL    28    PTCLDY (SCALE 4-7)   3
TOTAL FM JUL 1   102    CLOUDY (SCALE 8-10)  4
DPTR FM NORMAL    25

[CDD (BASE 65) ]
TOTAL THIS MO.    99
DPTR FM NORMAL   -47    [PRESSURE DATA]
TOTAL FM JAN 1  1584    HIGHEST SLP 30.40 ON 30
DPTR FM NORMAL   302    LOWEST  SLP 29.65 ON  1

[REMARKS]
#FINAL-09-11#
