000
CXUS53 KGLD 011323
CF6HLC
PRELIMINARY LOCAL CLIMATOLOGICAL DATA (WS FORM: F-6)

                                          STATION:   HILL CITY KS
                                          MONTH:     JULY
                                          YEAR:      2011
                                          LATITUDE:   39 22 N
                                          LONGITUDE:  99 50 W

  TEMPERATURE IN F:       :PCPN:    SNOW:  WIND      :SUNSHINE: SKY     :PK WND
================================================================================
1   2   3   4   5  6A  6B    7    8   9   10  11  12  13   14  15   16   17  18
                                     12Z  AVG MX 2MIN
DY MAX MIN AVG DEP HDD CDD  WTR  SNW DPTH SPD SPD DIR MIN PSBL S-S WX    SPD DR
================================================================================

 1  99  75  87  11   0  22 0.00    M    M  6.5 17 190   M    M   0        24 190
 2  97  65  81   5   0  16 0.12    M    M 16.9 29 330   M    M   0 13     40 350
 3  92  64  78   1   0  13 0.32    M    M  7.0 23 320   M    M   1 13     32 310
 4 101  63  82   5   0  17 0.00    M    M  6.1 16 130   M    M   0 1      20 140
 5 104  65  85   8   0  20 0.00    M    M  7.3 28  80   M    M   0 1      35  90
 6  89  65  77   0   0  12 0.21    M    M  9.1 30  10   M    M   2 13     37  10
 7  87  66  77   0   0  12 0.39    M    M  6.8 25 180   M    M   3 123    31 180
 8  90  65  78   1   0  13 0.00    M    M  6.8 17 130   M    M   1 3      21 140
 9  95  69  82   4   0  17 0.32    M    M  5.8 25 330   M    M   1 13     31 330
10 103  75  89  11   0  24    T    M    M  8.1 30 200   M    M   1 3      41 200
11  99  71  85   7   0  20    T    M    M  6.9 18  80   M    M   1 3      23  70
12  94  73  84   6   0  19 0.00    M    M   M  21  50   M    M   0        25  50
13  96  69  83   5   0  18 0.05    M    M 10.2 28 230   M    M   1 3      39 240
14 102  67  85   7   0  20 0.49    M    M  8.2 26 290   M    M   1 38     35 290
15 103  74  89  11   0  24 0.19    M    M  6.0 32 180   M    M   2 13     49 170
16 106  74  90  12   0  25    T    M    M  9.6 18 160   M    M   1 3      24 160
17 106  76  91  13   0  26 0.00    M    M  9.6 18 140   M    M   0 8      24 140
18 106  76  91  13   0  26 0.00    M    M  8.3 20 170   M    M   0        23 140
19 106  78  92  14   0  27 0.00    M    M 10.9 21 170   M    M   0        30 180
20 108  77  93  14   0  28 0.00    M    M  9.0 24  10   M    M   0        28  10
21 102  70  86   7   0  21 0.52    M    M  9.6 29 290   M    M   0 13     38 300
22 100  69  85   6   0  20 0.29    M    M  7.4 25 160   M    M   3 1      33 160
23  99  78  89  10   0  24 0.00    M    M  5.1 17 210   M    M   0        23 210
24  96  71  84   5   0  19 0.00    M    M  6.9 24 100   M    M   2 13     31 100
25  97  66  82   3   0  17 0.00    M    M  6.2 15 110   M    M   0        21 120
26 103  67  85   6   0  20 0.00    M    M  8.3 21 150   M    M   0        25 150
27 102  70  86   7   0  21 0.55    M    M  8.9 35 250   M    M   0 13     46 250
28  89  70  80   1   0  15 0.24    M    M  8.9 23  30   M    M   2 13     29 360
29  83  68  76  -3   0  11 0.66    M    M  6.1 14 270   M    M   5 13     20 270
30  96  66  81   2   0  16 0.00    M    M  4.5 12  80   M    M   0 1      20 140
31 101  72  87   9   0  22    T    M    M  5.9 22 180   M    M   1 123    29 200
================================================================================
SM 3051 2174         0 605  4.35    M    236.9          M       28
================================================================================
AV 98.4 70.1                               7.9 FASTST   M    M   1    MAX(MPH)
                                 MISC ---->  # 35 250               # 49  170
================================================================================
NOTES:
# LAST OF SEVERAL OCCURRENCES

COLUMN 17 PEAK WIND IN M.P.H.

PRELIMINARY LOCAL CLIMATOLOGICAL DATA (WS FORM: F-6) , PAGE 2

                                          STATION:  HILL CITY KS
                                          MONTH:    JULY
                                          YEAR:     2011
                                          LATITUDE:   39 22 N
                                          LONGITUDE:  99 50 W

[TEMPERATURE DATA]      [PRECIPITATION DATA]       SYMBOLS USED IN COLUMN 16

AVERAGE MONTHLY: 84.3   TOTAL FOR MONTH:   4.35    1 = FOG OR MIST
DPTR FM NORMAL:   6.3   DPTR FM NORMAL:    1.06    2 = FOG REDUCING VISIBILITY
HIGHEST:   108 ON 20    GRTST 24HR  0.81 ON 21-22      TO 1/4 MILE OR LESS
LOWEST:     63 ON  4                               3 = THUNDER
                        SNOW, ICE PELLETS, HAIL    4 = ICE PELLETS
                        TOTAL MONTH:    M          5 = HAIL
                        GRTST 24HR    M  ON   M    6 = FREEZING RAIN OR DRIZZLE
                        GRTST DEPTH:  M  ON   M    7 = DUSTSTORM OR SANDSTORM:
                                                       VSBY 1/2 MILE OR LESS
                                                   8 = SMOKE OR HAZE
[NO. OF DAYS WITH]      [WEATHER - DAYS WITH]      9 = BLOWING SNOW
                                                   X = TORNADO
MAX 32 OR BELOW:   0    0.01 INCH OR MORE:  13
MAX 90 OR ABOVE:  27    0.10 INCH OR MORE:  12
MIN 32 OR BELOW:   0    0.50 INCH OR MORE:   3
MIN  0 OR BELOW:   0    1.00 INCH OR MORE:   0

[HDD (BASE 65) ]
TOTAL THIS MO.     0    CLEAR  (SCALE 0-3)  29
DPTR FM NORMAL     0    PTCLDY (SCALE 4-7)   2
TOTAL FM JUL 1     0    CLOUDY (SCALE 8-10)  0
DPTR FM NORMAL     0

[CDD (BASE 65) ]
TOTAL THIS MO.   605
DPTR FM NORMAL   202    [PRESSURE DATA]
TOTAL FM JAN 1  1027    HIGHEST SLP 30.08 ON 29
DPTR FM NORMAL   331    LOWEST  SLP 29.56 ON 27

[REMARKS]
#FINAL-07-11#
