000
CXUS53 KGLD 010800
CF6HLC
PRELIMINARY LOCAL CLIMATOLOGICAL DATA (WS FORM: F-6)

                                          STATION:   HILL CITY KS
                                          MONTH:     JUNE
                                          YEAR:      2011
                                          LATITUDE:   39 22 N
                                          LONGITUDE:  99 50 W

  TEMPERATURE IN F:       :PCPN:    SNOW:  WIND      :SUNSHINE: SKY     :PK WND
================================================================================
1   2   3   4   5  6A  6B    7    8   9   10  11  12  13   14  15   16   17  18
                                     12Z  AVG MX 2MIN
DY MAX MIN AVG DEP HDD CDD  WTR  SNW DPTH SPD SPD DIR MIN PSBL S-S WX    SPD DR
================================================================================

 1  92  57  75   8   0  10 0.18    M    M 11.6 33 360   M    M   2 13     44 360
 2 100  67  84  16   0  19 0.00    M    M 16.1 29 180   M    M   0        39 170
 3  94  66  80  12   0  15 0.06    M    M 12.4 33 300   M    M   0 3      45 290
 4  87  64  76   8   0  11 0.00    M    M  7.2 15  80   M    M   0 1      21  10
 5 101  55  78   9   0  13 0.00    M    M  7.0 20 200   M    M   1 12     28 150
 6 102  67  85  16   0  20 0.00    M    M 14.1 25 190   M    M   0        35 190
 7  99  68  84  15   0  19 0.00    M    M 12.9 28 200   M    M   0 8      39 200
 8  84  58  71   1   0   6 0.00    M    M 16.3 31  30   M    M   0 8      38  20
 9  72  54  63  -7   2   0 0.00    M    M 13.2 22  40   M    M   5        25 360
10  83  54  69  -1   0   4    T    M    M  8.8 21 340   M    M   5        26 340
11  86  50  68  -3   0   3 0.38    M    M 11.1 41 110   M    M   3 13     51 110
12  85  61  73   2   0   8 0.09    M    M 12.0 24 160   M    M   3 3      32 170
13  83  68  76   5   0  11 0.00    M    M 11.1 23  30   M    M   7 18     26  30
14  92  62  77   5   0  12 0.00    M    M 12.1 25 300   M    M   2 1      32 300
15  91  55  73   1   0   8 0.03    M    M  7.4 17 160   M    M   0        22 200
16  90  64  77   5   0  12 0.00    M    M 16.8 32  90   M    M   1 3      44 130
17  88  62  75   2   0  10 0.14    M    M 13.8 31 330   M    M   5 13     41 270
18  86  61  74   1   0   9 0.34    M    M  9.9 36 270   M    M   1        48 280
19  90  59  75   2   0  10    T    M    M 10.1 23  90   M    M   2        31  30
20  89  61  75   1   0  10 0.49    M    M 19.6 40 270   M    M   5 13     53 250
21  80  60  70  -4   0   5    T    M    M 17.7 33 310   M    M   3        48 310
22  88  57  73  -1   0   8 0.00    M    M 12.2 26 320   M    M   0 8      33 320
23  89  52  71  -3   0   6 0.00    M    M  5.4 15 100   M    M   0        23 130
24  97  65  81   6   0  16    T    M    M 11.8 21  80   M    M   0 3      26 120
25  95  68  82   7   0  17 0.00    M    M 12.2 36  40   M    M   0        46  40
26 101  71  86  11   0  21 0.00    M    M 11.1 24  30   M    M   4 18     31  30
27  85  60  73  -2   0   8 0.00    M    M 13.7 37  10   M    M   2 1      45  10
28  94  53  74  -2   0   9 0.00    M    M  9.0 22 160   M    M   0        29 150
29 107  63  85   9   0  20 0.00    M    M 10.4 25 190   M    M   0        33 190
30 110  77  94  18   0  29 0.00    M    M 16.0 30 170   M    M   0        40 180
================================================================================
SM 2740 1839         2 349  1.71    M    363.0          M       51
================================================================================
AV 91.3 61.3                              12.1 FASTST   M    M   2    MAX(MPH)
                                 MISC ---->  # 41 110               # 53  250
================================================================================
NOTES:
# LAST OF SEVERAL OCCURRENCES

COLUMN 17 PEAK WIND IN M.P.H.

PRELIMINARY LOCAL CLIMATOLOGICAL DATA (WS FORM: F-6) , PAGE 2

                                          STATION:  HILL CITY KS
                                          MONTH:    JUNE
                                          YEAR:     2011
                                          LATITUDE:   39 22 N
                                          LONGITUDE:  99 50 W

[TEMPERATURE DATA]      [PRECIPITATION DATA]       SYMBOLS USED IN COLUMN 16

AVERAGE MONTHLY: 76.3   TOTAL FOR MONTH:   1.71    1 = FOG OR MIST
DPTR FM NORMAL:   4.3   DPTR FM NORMAL:   -0.74    2 = FOG REDUCING VISIBILITY
HIGHEST:   110 ON 30    GRTST 24HR  0.49 ON 19-20      TO 1/4 MILE OR LESS
LOWEST:     50 ON 11                               3 = THUNDER
                        SNOW, ICE PELLETS, HAIL    4 = ICE PELLETS
                        TOTAL MONTH:    M          5 = HAIL
                        GRTST 24HR    M  ON   M    6 = FREEZING RAIN OR DRIZZLE
                        GRTST DEPTH:  M  ON   M    7 = DUSTSTORM OR SANDSTORM:
                                                       VSBY 1/2 MILE OR LESS
                                                   8 = SMOKE OR HAZE
[NO. OF DAYS WITH]      [WEATHER - DAYS WITH]      9 = BLOWING SNOW
                                                   X = TORNADO
MAX 32 OR BELOW:   0    0.01 INCH OR MORE:   8
MAX 90 OR ABOVE:  16    0.10 INCH OR MORE:   5
MIN 32 OR BELOW:   0    0.50 INCH OR MORE:   0
MIN  0 OR BELOW:   0    1.00 INCH OR MORE:   0

[HDD (BASE 65) ]
TOTAL THIS MO.     2    CLEAR  (SCALE 0-3)  21
DPTR FM NORMAL   -26    PTCLDY (SCALE 4-7)   9
TOTAL FM JUL 1  5470    CLOUDY (SCALE 8-10)  0
DPTR FM NORMAL  -138

[CDD (BASE 65) ]
TOTAL THIS MO.   349
DPTR FM NORMAL   113    [PRESSURE DATA]
TOTAL FM JAN 1   422    HIGHEST SLP M ON M
DPTR FM NORMAL   129    LOWEST  SLP 29.34 ON 19

[REMARKS]
#FINAL-06-11#
