000
CXUS53 KGLD 011915
CF6HLC
PRELIMINARY LOCAL CLIMATOLOGICAL DATA (WS FORM: F-6)

                                          STATION:   HILL CITY KS
                                          MONTH:     AUGUST
                                          YEAR:      2011
                                          LATITUDE:   39 22 N
                                          LONGITUDE:  99 50 W

  TEMPERATURE IN F:       :PCPN:    SNOW:  WIND      :SUNSHINE: SKY     :PK WND
================================================================================
1   2   3   4   5  6A  6B    7    8   9   10  11  12  13   14  15   16   17  18
                                     12Z  AVG MX 2MIN
DY MAX MIN AVG DEP HDD CDD  WTR  SNW DPTH SPD SPD DIR MIN PSBL S-S WX    SPD DR
================================================================================

 1 105  74  90  11   0  25 0.00    M    M  8.8 23 190   M    M   0 8      30 200
 2  98  74  86   7   0  21 0.02    M    M  7.7 21  30   M    M   1 3      24  30
 3  86  69  78  -1   0  13 0.41    M    M  5.8 28 250   M    M   4 13     37 250
 4  92  68  80   1   0  15 0.78    M    M  6.1 40 250   M    M   3 13     49 250
 5  86  68  77  -1   0  12 0.19    M    M  3.8 17 260   M    M   4 13     25 260
 6  97  69  83   5   0  18 0.00    M    M  4.3 17 180   M    M   0        22 210
 7  91  70  81   3   0  16 0.17    M    M  9.7 25 360   M    M   0 13     31  20
 8  89  66  78   0   0  13 0.48    M    M  7.6 32  10   M    M   2 138    46  10
 9  89  62  76  -2   0  11 0.74    M    M  7.5 45 350   M    M   0 123    56 340
10  80  62  71  -7   0   6 1.09    M    M  7.1 44 350   M    M   3 13     51 350
11  86  62  74  -4   0   9 0.00    M    M  7.0 18 140   M    M   2 12     25 130
12  78  65  72  -6   0   7 0.00    M    M 10.1 28  60   M    M   4        37  60
13  87  63  75  -2   0  10 0.00    M    M  5.8 17  30   M    M   1        21  30
14  90  63  77   0   0  12    T    M    M  9.8 22 340   M    M   2 3      29 350
15  99  68  84   7   0  19 0.07    M    M 10.4 24 360   M    M   0 3      29  20
16  89  66  78   1   0  13 0.00    M    M  7.6 21  20   M    M   1 18     23  30
17  89  69  79   2   0  14 0.00    M    M  8.0 16 150   M    M   0 1      22 150
18 103  69  86  10   0  21 0.00    M    M  5.7 14 210   M    M   0 18     20 220
19  96  65  81   5   0  16 1.16    M    M  9.7 26 210   M    M   3 13     43 230
20  89  67  78   2   0  13    T    M    M  5.2 13  70   M    M   3        15  70
21  94  70  82   6   0  17 0.00    M    M  7.3 22 160   M    M   3 1      29 160
22  94  69  82   6   0  17 0.00    M    M  6.1 17 140   M    M   1        24 150
23 103  64  84   8   0  19 0.00    M    M  1.3  9 280   M    M   0 1      10 270
24  97  64  81   6   0  16 0.00    M    M  8.5 18  60   M    M   0        23  50
25  94  60  77   2   0  12 0.00    M    M  7.6 16 130   M    M   0        21 140
26 102  63  83   8   0  18 0.00    M    M  5.5 21  40   M    M   0 8      26  40
27  94  65  80   6   0  15 0.00    M    M  6.1 15  70   M    M   0        18  90
28  97  63  80   6   0  15 0.00    M    M  6.3 24  50   M    M   1 12     31  50
29  83  68  76   2   0  11 0.00    M    M 10.1 17  70   M    M   3 1      23  70
30  95  67  81   7   0  16    T    M    M  6.0 26 340   M    M   4        32 340
31 101  64  83  10   0  18 0.00    M    M  6.7 18 140   M    M   0 18     23 130
================================================================================
SM 2873 2056         0 458  5.11    M    219.2          M       45
================================================================================
AV 92.7 66.3                               7.1 FASTST   M    M   1    MAX(MPH)
                                 MISC ---->  # 45 350               # 56  340
================================================================================
NOTES:
# LAST OF SEVERAL OCCURRENCES

COLUMN 17 PEAK WIND IN M.P.H.

PRELIMINARY LOCAL CLIMATOLOGICAL DATA (WS FORM: F-6) , PAGE 2

                                          STATION:  HILL CITY KS
                                          MONTH:    AUGUST
                                          YEAR:     2011
                                          LATITUDE:   39 22 N
                                          LONGITUDE:  99 50 W

[TEMPERATURE DATA]      [PRECIPITATION DATA]       SYMBOLS USED IN COLUMN 16

AVERAGE MONTHLY: 79.5   TOTAL FOR MONTH:   5.11    1 = FOG OR MIST
DPTR FM NORMAL:   2.9   DPTR FM NORMAL:    2.20    2 = FOG REDUCING VISIBILITY
HIGHEST:   105 ON  1    GRTST 24HR  1.83 ON  9-10      TO 1/4 MILE OR LESS
LOWEST:     60 ON 25                               3 = THUNDER
                        SNOW, ICE PELLETS, HAIL    4 = ICE PELLETS
                        TOTAL MONTH:    M          5 = HAIL
                        GRTST 24HR    M  ON   M    6 = FREEZING RAIN OR DRIZZLE
                        GRTST DEPTH:  M  ON   M    7 = DUSTSTORM OR SANDSTORM:
                                                       VSBY 1/2 MILE OR LESS
                                                   8 = SMOKE OR HAZE
[NO. OF DAYS WITH]      [WEATHER - DAYS WITH]      9 = BLOWING SNOW
                                                   X = TORNADO
MAX 32 OR BELOW:   0    0.01 INCH OR MORE:  10
MAX 90 OR ABOVE:  19    0.10 INCH OR MORE:   8
MIN 32 OR BELOW:   0    0.50 INCH OR MORE:   4
MIN  0 OR BELOW:   0    1.00 INCH OR MORE:   2

[HDD (BASE 65) ]
TOTAL THIS MO.     0    CLEAR  (SCALE 0-3)  25
DPTR FM NORMAL    -2    PTCLDY (SCALE 4-7)   6
TOTAL FM JUL 1     0    CLOUDY (SCALE 8-10)  0
DPTR FM NORMAL    -3

[CDD (BASE 65) ]
TOTAL THIS MO.   458
DPTR FM NORMAL    95    [PRESSURE DATA]
TOTAL FM JAN 1  1485    HIGHEST SLP 30.13 ON 17
DPTR FM NORMAL   349    LOWEST  SLP 29.65 ON 15

[REMARKS]
#FINAL-08-11#
