000
CXUS53 KGLD 010800
CF6HLC
PRELIMINARY LOCAL CLIMATOLOGICAL DATA (WS FORM: F-6)

                                          STATION:   HILL CITY KS
                                          MONTH:     APRIL
                                          YEAR:      2011
                                          LATITUDE:   39 22 N
                                          LONGITUDE:  99 50 W

  TEMPERATURE IN F:       :PCPN:    SNOW:  WIND      :SUNSHINE: SKY     :PK WND
================================================================================
1   2   3   4   5  6A  6B    7    8   9   10  11  12  13   14  15   16   17  18
                                     12Z  AVG MX 2MIN
DY MAX MIN AVG DEP HDD CDD  WTR  SNW DPTH SPD SPD DIR MIN PSBL S-S WX    SPD DR
================================================================================

 1  68  38  53   7  12   0    T    M    M  6.3 17 360   M    M   3        22 360
 2  86  31  59  12   6   0 0.00    M    M 12.8 29 200   M    M   0 8      40 220
 3  75  42  59  12   6   0 0.00    M    M 17.7 43 350   M    M   1        53 350
 4  56  30  43  -5  22   0 0.00    M    M 17.3 36 350   M    M   3        43 340
 5  80  29  55   7  10   0 0.00    M    M  9.3 24 230   M    M   0        32 220
 6  69  41  55   7  10   0 0.00    M    M  9.9 29  20   M    M   0        36  10
 7  61  45  53   4  12   0    T    M    M 11.2 18  80   M    M   7 18     28  90
 8  77  45  61  12   4   0 0.00    M    M  7.9 22 110   M    M   6 128    26 120
 9  93  49  71  22   0   6 0.00    M    M  9.1 33 210   M    M   4 12     40 190
10  71  46  59   9   6   0    T    M    M 14.9 26 340   M    M   3        31 340
11  70  34  52   2  13   0 0.00    M    M 11.4 25 330   M    M   2        38 350
12  81  32  57   7   8   0 0.00    M    M 12.3 31 180   M    M   0        39 190
13  71  36  54   3  11   0 0.00    M    M 15.1 28  20   M    M   0 8      33  30
14  51  36  44  -7  21   0 0.37    M    M 21.5 41 330   M    M   6 13     59 340
15  50  31  41 -10  24   0 0.17    M    M 32.9 49 340   M    M   7 1      63 340
16  72  29  51  -1  14   0 0.00    M    M  8.7 20 250   M    M   3        29 260
17  78  32  55   3  10   0 0.00    M    M  5.6 22 360   M    M   1        26  10
18  58  37  48  -4  17   0    T    M    M 13.9 24  50   M    M   6 18     30  40
19  54  36  45  -8  20   0 0.01    M    M 12.5 23  10   M    M   7 1      30 350
20  60  32  46  -7  19   0    T    M    M  5.2 14  80   M    M   5 1      22  10
21  72  43  58   5   7   0 0.00    M    M 12.6 28 140   M    M   7 1      35 140
22  72  49  61   7   4   0 0.06    M    M 12.7 30 320   M    M   4 1      38 330
23  55  33  44 -10  21   0 0.00    M    M 10.0 22 350   M    M   7        26 350
24  62  32  47  -7  18   0    T    M    M  7.5 17  80   M    M   3        24  70
25  48  37  43 -11  22   0 0.65    M    M 10.0 20  10   M    M  10 1      23  10
26  61  37  49  -6  16   0    T    M    M  6.1 20  50   M    M   7 1      25  50
27  60  40  50  -5  15   0    T    M    M 12.3 23  20   M    M   6        29 350
28  73  40  57   2   8   0 0.00    M    M  9.5 22 280   M    M   0        29 290
29  87  49  68  12   0   3    T    M    M 19.5 44 350   M    M   0        53 350
30  64  39  52  -4  13   0 0.00    M    M 15.9 29 320   M    M   1        38 300
================================================================================
SM 2035 1130       369   9  1.26    M    371.6          M      109
================================================================================
AV 67.8 37.7                              12.4 FASTST   M    M   4    MAX(MPH)
                                 MISC ---->  # 49 340               # 63  340
================================================================================
NOTES:
# LAST OF SEVERAL OCCURRENCES

COLUMN 17 PEAK WIND IN M.P.H.

PRELIMINARY LOCAL CLIMATOLOGICAL DATA (WS FORM: F-6) , PAGE 2

                                          STATION:  HILL CITY KS
                                          MONTH:    APRIL
                                          YEAR:     2011
                                          LATITUDE:   39 22 N
                                          LONGITUDE:  99 50 W

[TEMPERATURE DATA]      [PRECIPITATION DATA]       SYMBOLS USED IN COLUMN 16

AVERAGE MONTHLY: 52.8   TOTAL FOR MONTH:   1.26    1 = FOG OR MIST
DPTR FM NORMAL:   1.7   DPTR FM NORMAL:   -0.85    2 = FOG REDUCING VISIBILITY
HIGHEST:    93 ON  9    GRTST 24HR  0.65 ON 25-25      TO 1/4 MILE OR LESS
LOWEST:     29 ON 16, 5                            3 = THUNDER
                        SNOW, ICE PELLETS, HAIL    4 = ICE PELLETS
                        TOTAL MONTH:    M          5 = HAIL
                        GRTST 24HR    M  ON   M    6 = FREEZING RAIN OR DRIZZLE
                        GRTST DEPTH:  M  ON   M    7 = DUSTSTORM OR SANDSTORM:
                                                       VSBY 1/2 MILE OR LESS
                                                   8 = SMOKE OR HAZE
[NO. OF DAYS WITH]      [WEATHER - DAYS WITH]      9 = BLOWING SNOW
                                                   X = TORNADO
MAX 32 OR BELOW:   0    0.01 INCH OR MORE:   5
MAX 90 OR ABOVE:   1    0.10 INCH OR MORE:   3
MIN 32 OR BELOW:   9    0.50 INCH OR MORE:   1
MIN  0 OR BELOW:   0    1.00 INCH OR MORE:   0

[HDD (BASE 65) ]
TOTAL THIS MO.   369    CLEAR  (SCALE 0-3)  16
DPTR FM NORMAL   -53    PTCLDY (SCALE 4-7)  13
TOTAL FM JUL 1  5293    CLOUDY (SCALE 8-10)  1
DPTR FM NORMAL  -121

[CDD (BASE 65) ]
TOTAL THIS MO.     9
DPTR FM NORMAL     5    [PRESSURE DATA]
TOTAL FM JAN 1     9    HIGHEST SLP M ON M
DPTR FM NORMAL     5    LOWEST  SLP 29.25 ON 29

[REMARKS]
#FINAL-04-11#
