000
CXUS53 KGLD 010800
CF6HLC
PRELIMINARY LOCAL CLIMATOLOGICAL DATA (WS FORM: F-6)

                                          STATION:   HILL CITY KS
                                          MONTH:     MARCH
                                          YEAR:      2011
                                          LATITUDE:   39 22 N
                                          LONGITUDE:  99 50 W

  TEMPERATURE IN F:       :PCPN:    SNOW:  WIND      :SUNSHINE: SKY     :PK WND
================================================================================
1   2   3   4   5  6A  6B    7    8   9   10  11  12  13   14  15   16   17  18
                                     12Z  AVG MX 2MIN
DY MAX MIN AVG DEP HDD CDD  WTR  SNW DPTH SPD SPD DIR MIN PSBL S-S WX    SPD DR
================================================================================

 1  65  25  45   8  20   0 0.00    M    M  6.3 25 190   M    M   0        32 190
 2  36  15  26 -11  39   0 0.00    M    M  7.8 20  40   M    M   6 18     23  50
 3  63  20  42   5  23   0 0.00    M    M  2.7  8 300   M    M   0 1      12  40
 4  47  24  36  -1  29   0 0.02    M    M 14.5 26 340   M    M   5 16     32 360
 5  48  15  32  -6  33   0 0.00    M    M  5.5 15 160   M    M   0        21 160
 6  56  24  40   2  25   0 0.00    M    M  7.7 16  40   M    M   1        22  40
 7  40  21  31  -7  34   0 0.01    M    M 14.7 23  10   M    M   9 168    26 360
 8  34  22  28 -11  37   0 0.08    M    M 12.1 20 340   M    M  10 16     23 340
 9  45  19  32  -7  33   0 0.00    M    M 10.4 20 330   M    M   1 8      26 340
10  66  22  44   5  21   0 0.00    M    M  7.7 22 240   M    M   0        28 240
11  75  33  54  14  11   0 0.00    M    M  9.8 31 340   M    M   0        38 340
12  60  27  44   4  21   0 0.00    M    M  6.5 14 110   M    M   0        20 130
13  41  27  34  -6  31   0    T    M    M  7.3 16 360   M    M   6 18     22  70
14  57  33  45   4  20   0 0.00    M    M  7.6 20 160   M    M   5 1      24 160
15  64  25  45   4  20   0 0.00    M    M  6.2 18 340   M    M   0        21 340
16  81  29  55  14  10   0 0.00    M    M 10.0 26 200   M    M   0        33 180
17  66  44  55  14  10   0 0.00    M    M 13.9 29 340   M    M   0        36 350
18  61  32  47   5  18   0 0.00    M    M  8.0 22  20   M    M   0 8      26  20
19  65  36  51   9  14   0 0.00    M    M 12.9 25 160   M    M   5        31 150
20  77  50  64  22   1   0 0.00    M    M  8.8 23 300   M    M   1 1      32 300
21  85  43  64  21   1   0 0.00    M    M 13.3 31 170   M    M   2 18     43 180
22  73  41  57  14   8   0 0.04    M    M 12.4 26 330   M    M   0        33 320
23  61  27  44   1  21   0 0.00    M    M 17.6 40 320   M    M   0        51 320
24  48  17  33 -11  32   0 0.00    M    M  9.7 24 130   M    M   2 8      31 140
25  46  27  37  -7  28   0 0.00    M    M  9.9 24  80   M    M   8 18     29  90
26  40  31  36  -8  29   0 0.00    M    M  8.3 16  70   M    M  10 12     21  80
27  33  29  31 -14  34   0 0.04    M    M  9.3 15 140   M    M  10 1      18 140
28  33  29  31 -14  34   0 0.02    M    M  6.0 12 160   M    M  10 16     17 150
29  37  32  35 -10  30   0 0.12    M    M  3.3  9 170   M    M  10 1      12  10
30  53  31  42  -4  23   0 0.29    M    M  8.2 25 140   M    M   6 13     30  30
31  64  37  51   5  14   0 0.03    M    M 13.7 31 340   M    M   4        39 320
================================================================================
SM 1720  887       704   0  0.65    M    292.1          M      111
================================================================================
AV 55.5 28.6                               9.4 FASTST   M    M   4    MAX(MPH)
                                 MISC ---->  # 40 320               # 51  320
================================================================================
NOTES:
# LAST OF SEVERAL OCCURRENCES

COLUMN 17 PEAK WIND IN M.P.H.

PRELIMINARY LOCAL CLIMATOLOGICAL DATA (WS FORM: F-6) , PAGE 2

                                          STATION:  HILL CITY KS
                                          MONTH:    MARCH
                                          YEAR:     2011
                                          LATITUDE:   39 22 N
                                          LONGITUDE:  99 50 W

[TEMPERATURE DATA]      [PRECIPITATION DATA]       SYMBOLS USED IN COLUMN 16

AVERAGE MONTHLY: 42.0   TOTAL FOR MONTH:   0.65    1 = FOG OR MIST
DPTR FM NORMAL:   1.3   DPTR FM NORMAL:   -1.22    2 = FOG REDUCING VISIBILITY
HIGHEST:    85 ON 21    GRTST 24HR  0.29 ON 30-30      TO 1/4 MILE OR LESS
LOWEST:     15 ON  5, 2                            3 = THUNDER
                        SNOW, ICE PELLETS, HAIL    4 = ICE PELLETS
                        TOTAL MONTH:    M          5 = HAIL
                        GRTST 24HR    M  ON   M    6 = FREEZING RAIN OR DRIZZLE
                        GRTST DEPTH:  M  ON   M    7 = DUSTSTORM OR SANDSTORM:
                                                       VSBY 1/2 MILE OR LESS
                                                   8 = SMOKE OR HAZE
[NO. OF DAYS WITH]      [WEATHER - DAYS WITH]      9 = BLOWING SNOW
                                                   X = TORNADO
MAX 32 OR BELOW:   0    0.01 INCH OR MORE:   9
MAX 90 OR ABOVE:   0    0.10 INCH OR MORE:   2
MIN 32 OR BELOW:  23    0.50 INCH OR MORE:   0
MIN  0 OR BELOW:   0    1.00 INCH OR MORE:   0

[HDD (BASE 65) ]
TOTAL THIS MO.   704    CLEAR  (SCALE 0-3)  17
DPTR FM NORMAL   -50    PTCLDY (SCALE 4-7)   8
TOTAL FM JUL 1  4924    CLOUDY (SCALE 8-10)  6
DPTR FM NORMAL   -77

[CDD (BASE 65) ]
TOTAL THIS MO.     0
DPTR FM NORMAL     0    [PRESSURE DATA]
TOTAL FM JAN 1     0    HIGHEST SLP M ON M
DPTR FM NORMAL     0    LOWEST  SLP 29.52 ON 17

[REMARKS]
#FINAL-03-11#
