000
CXUS53 KGLD 020552
CF6HLC
PRELIMINARY LOCAL CLIMATOLOGICAL DATA (WS FORM: F-6)

                                          STATION:   HILL CITY KS
                                          MONTH:     MAY
                                          YEAR:      2011
                                          LATITUDE:   39 22 N
                                          LONGITUDE:  99 50 W

  TEMPERATURE IN F:       :PCPN:    SNOW:  WIND      :SUNSHINE: SKY     :PK WND
================================================================================
1   2   3   4   5  6A  6B    7    8   9   10  11  12  13   14  15   16   17  18
                                     12Z  AVG MX 2MIN
DY MAX MIN AVG DEP HDD CDD  WTR  SNW DPTH SPD SPD DIR MIN PSBL S-S WX    SPD DR
================================================================================

 1  63  37  50  -6  15   0 0.00    M    M  5.8 15  80   M    M   1        21  60
 2  63  36  50  -7  15   0 0.00    M    M  7.3 28 360   M    M   3         M  M
 3  73  32  53  -4  12   0    T    M    M  5.7 17 240   M    M   2        26 180
 4  76  48  62   5   3   0 0.05    M    M 12.3 39 340   M    M   1        51 350
 5  71  38  55  -3  10   0    T    M    M  9.6 24 330   M    M   3        35 310
 6  86  39  63   5   2   0 0.00    M    M  8.3 26 210   M    M   0        35 200
 7  85  48  67   9   0   2 0.00    M    M  9.9 17 140   M    M   0        23  30
 8  97  56  77  18   0  12 0.00    M    M 10.2 22 150   M    M   1 1      29 140
 9  97  56  77  18   0  12 0.00    M    M 13.9 30 210   M    M   0        39 210
10  91  51  71  12   0   6 0.00    M    M 12.5 24 270   M    M   0        35 130
11  84  57  71  11   0   6 0.04    M    M 10.9 31 140   M    M   3 18     40 130
12  68  46  57  -3   8   0 0.28    M    M 14.9 31 340   M    M   4 138    39 340
13  61  39  50 -10  15   0 0.01    M    M 18.0 32 350   M    M   6        40 350
14  60  35  48 -13  17   0 0.00    M    M 13.2 26 350   M    M   7        37 320
15  55  38  47 -14  18   0 0.00    M    M 13.2 24 340   M    M   7        29 330
16  72  33  53  -8  12   0 0.00    M    M  6.9 17 110   M    M   0        25 150
17  74  44  59  -3   6   0 0.00    M    M 14.5 29 140   M    M   4        38 150
18  58  47  53  -9  12   0 0.31    M    M 14.2 25  60   M    M  10 13     30  50
19  64  51  58  -4   7   0 0.35    M    M 12.9 30  90   M    M   8 123    37  90
20  78  46  62  -1   3   0 0.01    M    M  5.6 25 240   M    M   4 12     32 240
21  81  45  63   0   2   0 0.00    M    M  4.9 15  90   M    M   0        21  90
22  85  51  68   5   0   3 0.00    M    M 10.8 28 300   M    M   0        39 310
23  83  54  69   5   0   4    T    M    M  8.5 18  60   M    M   0        23  70
24  73  54  64   0   1   0 1.43    M    M 15.1 44  10   M    M   5 13     52  10
25  63  49  56  -8   9   0 0.11    M    M 17.5 37 350   M    M   6 1      48 350
26  71  42  57  -8   8   0 0.00    M    M  9.2 18 150   M    M   0        25 130
27  80  54  67   2   0   2 0.00    M    M  7.0 16 110   M    M   2        24 130
28  75  55  65  -1   0   0 0.00    M    M 11.8 22  70   M    M   4        26  70
29  87  58  73   7   0   8 0.00    M    M 12.8 32 170   M    M   5 12     43 170
30  93  51  72   6   0   7 0.00    M    M 24.5 39 320   M    M   0 8      56 280
31  85  48  67   0   0   2 0.00    M    M  7.1 17 320   M    M   0        24 330
================================================================================
SM 2352 1438       175  64  2.59    M    349.0          M       86
================================================================================
AV 75.9 46.4                              11.3 FASTST   M    M   3    MAX(MPH)
                                 MISC ---->  # 44  10               # 56  280
================================================================================
NOTES:
# LAST OF SEVERAL OCCURRENCES

COLUMN 17 PEAK WIND IN M.P.H.

PRELIMINARY LOCAL CLIMATOLOGICAL DATA (WS FORM: F-6) , PAGE 2

                                          STATION:  HILL CITY KS
                                          MONTH:    MAY
                                          YEAR:     2011
                                          LATITUDE:   39 22 N
                                          LONGITUDE:  99 50 W

[TEMPERATURE DATA]      [PRECIPITATION DATA]       SYMBOLS USED IN COLUMN 16

AVERAGE MONTHLY: 61.1   TOTAL FOR MONTH:   2.59    1 = FOG OR MIST
DPTR FM NORMAL:   0.2   DPTR FM NORMAL:   -1.04    2 = FOG REDUCING VISIBILITY
HIGHEST:    97 ON  9, 8 GRTST 24HR  1.43 ON 24-24      TO 1/4 MILE OR LESS
LOWEST:     32 ON  3                               3 = THUNDER
                        SNOW, ICE PELLETS, HAIL    4 = ICE PELLETS
                        TOTAL MONTH:    M          5 = HAIL
                        GRTST 24HR    M  ON   M    6 = FREEZING RAIN OR DRIZZLE
                        GRTST DEPTH:  M  ON   M    7 = DUSTSTORM OR SANDSTORM:
                                                       VSBY 1/2 MILE OR LESS
                                                   8 = SMOKE OR HAZE
[NO. OF DAYS WITH]      [WEATHER - DAYS WITH]      9 = BLOWING SNOW
                                                   X = TORNADO
MAX 32 OR BELOW:   0    0.01 INCH OR MORE:   9
MAX 90 OR ABOVE:   4    0.10 INCH OR MORE:   5
MIN 32 OR BELOW:   1    0.50 INCH OR MORE:   1
MIN  0 OR BELOW:   0    1.00 INCH OR MORE:   1

[HDD (BASE 65) ]
TOTAL THIS MO.   175    CLEAR  (SCALE 0-3)  19
DPTR FM NORMAL    -5    PTCLDY (SCALE 4-7)  11
TOTAL FM JUL 1  5468    CLOUDY (SCALE 8-10)  1
DPTR FM NORMAL  -111

[CDD (BASE 65) ]
TOTAL THIS MO.    64
DPTR FM NORMAL    11    [PRESSURE DATA]
TOTAL FM JAN 1    73    HIGHEST SLP 30.37 ON  2
DPTR FM NORMAL    16    LOWEST  SLP 29.29 ON  9

[REMARKS]
#FINAL-05-11#
