000
CXUS53 KGLD 010800
CF6HLC
PRELIMINARY LOCAL CLIMATOLOGICAL DATA (WS FORM: F-6)

                                          STATION:   HILL CITY KS
                                          MONTH:     FEBRUARY
                                          YEAR:      2016
                                          LATITUDE:   39 22 N
                                          LONGITUDE:  99 50 W

  TEMPERATURE IN F:       :PCPN:    SNOW:  WIND      :SUNSHINE: SKY     :PK WND
================================================================================
1   2   3   4   5  6A  6B    7    8   9   10  11  12  13   14  15   16   17  18
                                     12Z  AVG MX 2MIN
DY MAX MIN AVG DEP HDD CDD  WTR  SNW DPTH SPD SPD DIR MIN PSBL S-S WX    SPD DR
================================================================================

 1  41  32  37   7  28   0 0.08    M    M 14.7 26 110   M    M  10 1      33  50
 2  33  24  29  -1  36   0 0.48    M    M 27.7 40 360   M    M   9 12     52 360
 3  29  13  21  -9  44   0 0.00    M    M  8.6 24 330   M    M   1        30 330
 4  31  10  21 -10  44   0 0.00    M    M  7.6 16 260   M    M   0        21 270
 5  40  17  29  -2  36   0 0.00    M    M  7.8 18 300   M    M   5        25 290
 6  43  14  29  -2  36   0 0.00    M    M  8.9 18 230   M    M   0        22 230
 7  43  30  37   6  28   0 0.00    M    M 14.6 26 320   M    M   2        37 320
 8  38  26  32   1  33   0 0.00    M    M 17.2 33 330   M    M   1        43 330
 9  39  25  32   1  33   0 0.00    M    M  6.5 14 240   M    M   9        19 240
10  56  30  43  11  22   0 0.00    M    M  9.8 21 290   M    M   0        29 290
11  53  23  38   6  27   0 0.00    M    M  5.7 13 190   M    M   3 18     18 180
12  40  24  32   0  33   0 0.00    M    M  9.2 17 340   M    M   7 1      21  80
13  37  20  29  -3  36   0 0.00    M    M 10.8 17 170   M    M   7        23 160
14  54  24  39   7  26   0 0.00    M    M  6.9 32 330   M    M   1        39 330
15  61  30  46  13  19   0 0.03    M    M 10.0 25 330   M    M   3        34 330
16  52  34  43  10  22   0    T    M    M 11.9 29 340   M    M   1        39 330
17  64  28  46  13  19   0 0.00    M    M  5.8 13  90   M    M   0        16 110
18  85  45  65  31   0   0 0.00    M    M 10.5 30 250   M    M   0 8      46 260
19  72  45  59  25   6   0 0.00    M    M 14.4 40 310   M    M   0        54 310
20  69  31  50  16  15   0 0.00    M    M  8.3 23  20   M    M   0        29  30
21  57  26  42   8  23   0 0.00    M    M  7.6 20 360   M    M   0        24 350
22  57  19  38   3  27   0 0.00    M    M  5.9 16 180   M    M   2 1      21 190
23  51  26  39   4  26   0 0.02    M    M 14.0 29 360   M    M   4        37 360
24  56  27  42   7  23   0 0.00    M    M 13.6 37 340   M    M   0        46 360
25  45  19  32  -4  33   0 0.00    M    M 10.3 25 350   M    M   0        32 350
26  65  18  42   6  23   0 0.00    M    M  9.5 20 330   M    M   0        28 340
27  79  31  55  19  10   0 0.00    M    M 10.8 26 220   M    M   0        34 220
28  64  29  47  10  18   0 0.00    M    M 16.4 33 340   M    M   0        43 350
29  72  35  54  17  11   0    T    M    M 11.4 29  20   M    M   2        36  10
================================================================================
SM 1526  755       737   0  0.61    M    316.4          M       67
================================================================================
AV 52.6 26.0                              10.9 FASTST   M    M   2    MAX(MPH)
                                 MISC ---->  # 40 360               # 54  310
================================================================================
NOTES:
# LAST OF SEVERAL OCCURRENCES

COLUMN 17 PEAK WIND IN M.P.H.

PRELIMINARY LOCAL CLIMATOLOGICAL DATA (WS FORM: F-6) , PAGE 2

                                          STATION:  HILL CITY KS
                                          MONTH:    FEBRUARY
                                          YEAR:     2016
                                          LATITUDE:   39 22 N
                                          LONGITUDE:  99 50 W

[TEMPERATURE DATA]      [PRECIPITATION DATA]       SYMBOLS USED IN COLUMN 16

AVERAGE MONTHLY: 39.3   TOTAL FOR MONTH:   0.61    1 = FOG OR MIST
DPTR FM NORMAL:   6.4   DPTR FM NORMAL:    0.09    2 = FOG REDUCING VISIBILITY
HIGHEST:    85 ON 18    GRTST 24HR  0.48 ON  2- 2      TO 1/4 MILE OR LESS
LOWEST:     10 ON  4                               3 = THUNDER
                        SNOW, ICE PELLETS, HAIL    4 = ICE PELLETS
                        TOTAL MONTH:    M          5 = HAIL
                        GRTST 24HR    M  ON   M    6 = FREEZING RAIN OR DRIZZLE
                        GRTST DEPTH:  M  ON   M    7 = DUSTSTORM OR SANDSTORM:
                                                       VSBY 1/2 MILE OR LESS
                                                   8 = SMOKE OR HAZE
[NO. OF DAYS WITH]      [WEATHER - DAYS WITH]      9 = BLOWING SNOW
                                                   X = TORNADO
MAX 32 OR BELOW:   2    0.01 INCH OR MORE:   4
MAX 90 OR ABOVE:   0    0.10 INCH OR MORE:   1
MIN 32 OR BELOW:  25    0.50 INCH OR MORE:   0
MIN  0 OR BELOW:   0    1.00 INCH OR MORE:   0

[HDD (BASE 65) ]
TOTAL THIS MO.   737    CLEAR  (SCALE 0-3)  21
DPTR FM NORMAL  -162    PTCLDY (SCALE 4-7)   5
TOTAL FM JUL 1  3473    CLOUDY (SCALE 8-10)  3
DPTR FM NORMAL  -805

[CDD (BASE 65) ]
TOTAL THIS MO.     0
DPTR FM NORMAL     0    [PRESSURE DATA]
TOTAL FM JAN 1     0    HIGHEST SLP M ON M
DPTR FM NORMAL     0    LOWEST  SLP 29.46 ON 18

[REMARKS]
#FINAL-02-16#
