000
CXUS53 KGLD 010800
CF6HLC
PRELIMINARY LOCAL CLIMATOLOGICAL DATA (WS FORM: F-6)

                                          STATION:   HILL CITY KS
                                          MONTH:     JANUARY
                                          YEAR:      2014
                                          LATITUDE:   39 22 N
                                          LONGITUDE:  99 50 W

  TEMPERATURE IN F:       :PCPN:    SNOW:  WIND      :SUNSHINE: SKY     :PK WND
================================================================================
1   2   3   4   5  6A  6B    7    8   9   10  11  12  13   14  15   16   17  18
                                     12Z  AVG MX 2MIN
DY MAX MIN AVG DEP HDD CDD  WTR  SNW DPTH SPD SPD DIR MIN PSBL S-S WX    SPD DR
================================================================================

 1  25   7  16 -13  49   0 0.02    M    M 11.2 24  10   M    M   6 128    32 360
 2  43   5  24  -5  41   0 0.00    M    M  6.7 15 100   M    M   2        20  90
 3  50  11  31   2  34   0 0.00    M    M 10.1 21 200   M    M   0 1      27 190
 4  41  19  30   1  35   0    T    M    M 17.0 32  20   M    M   6 8      38  10
 5  19  -4   8 -21  57   0    T    M    M 12.5 24 360   M    M   6 8      29 350
 6  22  -9   7 -22  58   0 0.00    M    M  7.2 18 300   M    M   1        22 300
 7  54  19  37   8  28   0 0.00    M    M  7.3 15 340   M    M   0        28 230
 8  30  11  21  -8  44   0 0.00    M    M 10.4 23  80   M    M   8 18     28  80
 9  34   7  21  -8  44   0 0.00    M    M  6.9 18 180   M    M   6 18     24 200
10  39  29  34   5  31   0 0.01    M    M  8.9 21 290   M    M   9 12     26 330
11  56  29  43  14  22   0 0.00    M    M 11.6 20 300   M    M   1        26 210
12  56  32  44  15  21   0 0.00    M    M 10.5 30 300   M    M   2        45 310
13  56  26  41  12  24   0 0.00    M    M 11.8 22 300   M    M   2        28 290
14  50  26  38   9  27   0    T    M    M 16.2 38 330   M    M   3        52 330
15  62  26  44  15  21   0 0.00    M    M  9.6 25 270   M    M   5        31 290
16  50  28  39  10  26   0 0.00    M    M 20.9 43 330   M    M   3 8      58 330
17  50  18  34   5  31   0 0.00    M    M  9.6 20 320   M    M   1        25 320
18  51  19  35   6  30   0 0.00    M    M 16.6 46 330   M    M   1        57 330
19  69  21  45  16  20   0 0.00    M    M  8.7 23 310   M    M   0        30 310
20  55  19  37   8  28   0 0.00    M    M 12.6 31 350   M    M   0        39 340
21  49   3  26  -3  39   0 0.00    M    M  7.5 18 210   M    M   0 8      22 200
22  44  11  28  -2  37   0 0.00    M    M 12.1 28  40   M    M   4        34  30
23  21   5  13 -17  52   0 0.00    M    M  9.8 18  30   M    M   3        23  40
24  60  11  36   6  29   0 0.00    M    M 13.2 29 320   M    M   2        37 310
25  57  34  46  16  19   0 0.00    M    M 10.6 21 250   M    M   0        26 340
26  63  19  41  11  24   0 0.00    M    M 16.1 46  20   M    M   3 8      58  20
27  19   7  13 -17  52   0 0.00    M    M  6.2 23  10   M    M   7        27  20
28  30   6  18 -12  47   0 0.00    M    M  8.4 20 300   M    M   2        26 300
29  57   5  31   1  34   0 0.00    M    M  8.1 20 200   M    M   0        28 210
30  51  25  38   8  27   0 0.01    M    M 14.8 25  20   M    M   7 1      35 320
31  24  19  22  -8  43   0 0.06    M    M  9.0 20  60   M    M  10 1      24  80
================================================================================
SM 1387  484      1074   0  0.10    M    342.1          M      100
================================================================================
AV 44.7 15.6                              11.0 FASTST   M    M   3    MAX(MPH)
                                 MISC ---->  # 46 330               # 58  330
================================================================================
NOTES:
# LAST OF SEVERAL OCCURRENCES

COLUMN 17 PEAK WIND IN M.P.H.

PRELIMINARY LOCAL CLIMATOLOGICAL DATA (WS FORM: F-6) , PAGE 2

                                          STATION:  HILL CITY KS
                                          MONTH:    JANUARY
                                          YEAR:     2014
                                          LATITUDE:   39 22 N
                                          LONGITUDE:  99 50 W

[TEMPERATURE DATA]      [PRECIPITATION DATA]       SYMBOLS USED IN COLUMN 16

AVERAGE MONTHLY: 30.2   TOTAL FOR MONTH:   0.10    1 = FOG OR MIST
DPTR FM NORMAL:   0.9   DPTR FM NORMAL:   -0.35    2 = FOG REDUCING VISIBILITY
HIGHEST:    69 ON 19    GRTST 24HR  0.07 ON 30-31      TO 1/4 MILE OR LESS
LOWEST:     -9 ON  6                               3 = THUNDER
                        SNOW, ICE PELLETS, HAIL    4 = ICE PELLETS
                        TOTAL MONTH:    M          5 = HAIL
                        GRTST 24HR    M  ON   M    6 = FREEZING RAIN OR DRIZZLE
                        GRTST DEPTH:  M  ON   M    7 = DUSTSTORM OR SANDSTORM:
                                                       VSBY 1/2 MILE OR LESS
                                                   8 = SMOKE OR HAZE
[NO. OF DAYS WITH]      [WEATHER - DAYS WITH]      9 = BLOWING SNOW
                                                   X = TORNADO
MAX 32 OR BELOW:   8    0.01 INCH OR MORE:   4
MAX 90 OR ABOVE:   0    0.10 INCH OR MORE:   0
MIN 32 OR BELOW:  30    0.50 INCH OR MORE:   0
MIN  0 OR BELOW:   2    1.00 INCH OR MORE:   0

[HDD (BASE 65) ]
TOTAL THIS MO.  1074    CLEAR  (SCALE 0-3)  20
DPTR FM NORMAL   -33    PTCLDY (SCALE 4-7)   9
TOTAL FM JUL 1  3289    CLOUDY (SCALE 8-10)  2
DPTR FM NORMAL   -62

[CDD (BASE 65) ]
TOTAL THIS MO.     0
DPTR FM NORMAL     0    [PRESSURE DATA]
TOTAL FM JAN 1     0    HIGHEST SLP M ON M
DPTR FM NORMAL     0    LOWEST  SLP 29.39 ON 30

[REMARKS]
#FINAL-01-14#
