000
CXUS53 KGLD 010800
CF6HLC
PRELIMINARY LOCAL CLIMATOLOGICAL DATA (WS FORM: F-6)

                                          STATION:   HILL CITY KS
                                          MONTH:     MAY
                                          YEAR:      2014
                                          LATITUDE:   39 22 N
                                          LONGITUDE:  99 50 W

  TEMPERATURE IN F:       :PCPN:    SNOW:  WIND      :SUNSHINE: SKY     :PK WND
================================================================================
1   2   3   4   5  6A  6B    7    8   9   10  11  12  13   14  15   16   17  18
                                     12Z  AVG MX 2MIN
DY MAX MIN AVG DEP HDD CDD  WTR  SNW DPTH SPD SPD DIR MIN PSBL S-S WX    SPD DR
================================================================================

 1  64  36  50  -7  15   0 0.00    M    M 14.3 30 350   M    M   2        41 360
 2  78  33  56  -2   9   0 0.00    M    M  6.6 18 270   M    M   0        23 260
 3  84  45  65   7   0   0    T    M    M  8.3 23 340   M    M   0        29 340
 4  81  42  62   4   3   0 0.00    M    M  7.5 16 350   M    M   0        20 360
 5  78  48  63   4   2   0 0.00    M    M 10.2 18  60   M    M   0        24  20
 6  82  46  64   5   1   0 0.00    M    M  5.7 13  40   M    M   0        15  40
 7  91  49  70  11   0   5 0.00    M    M  9.1 30 160   M    M   0        38 180
 8  72  46  59  -1   6   0 0.00    M    M 17.0 31 300   M    M   0        44 300
 9  78  35  57  -3   8   0 0.00    M    M  8.7 20 220   M    M   1        25 170
10  84  51  68   8   0   3 0.00    M    M  8.6 20 350   M    M   0        26 190
11  84  51  68   7   0   3 0.00    M    M 21.9 36 350   M    M   7 3      43 360
12  51  41  46 -15  19   0 0.02    M    M 20.4 39 340   M    M   9 1      48 340
13  63  37  50 -12  15   0 0.00    M    M 12.2 28 360   M    M   4        33 360
14  70  40  55  -7  10   0    T    M    M  8.6 25 320   M    M   3 3      36 320
15  67  35  51 -11  14   0    T    M    M  8.2 21 350   M    M   6        30 310
16  67  34  51 -12  14   0    T    M    M  6.7 20  50   M    M   5        25  50
17  60  34  47 -16  18   0    T    M    M  6.1 15 140   M    M   4 1      22 160
18  78  43  61  -2   4   0 0.00    M    M 15.9 29 160   M    M   3        37 160
19  97  62  80  16   0  15 0.00    M    M 11.5 21 200   M    M   0        25  40
20  87  61  74  10   0   9 0.00    M    M 13.2 24  30   M    M   1        31  60
21  86  61  74  10   0   9 0.51    M    M 15.5 38 320   M    M   0 13     49 320
22  80  59  70   5   0   5 0.38    M    M  9.6 26 180   M    M   1 13     38 170
23  71  61  66   1   0   1    T    M    M  7.2 15 110   M    M   8 1      18  70
24  77  60  69   4   0   4    T    M    M  7.6 15 140   M    M   7 1      19 130
25  82  59  71   5   0   6    T    M    M  6.1 12 180   M    M   3 12     15 210
26  84  55  70   4   0   5 0.00    M    M  5.4 23 190   M    M   0 3      32 170
27  88  56  72   6   0   7 0.00    M    M  4.0 10 230   M    M   0        14 230
28  94  59  77  10   0  12 0.00    M    M  3.5 10  80   M    M   1        14  80
29  93  58  76   9   0  11 0.00    M    M  5.1 18  90   M    M   1 18     23  90
30  91  62  77  10   0  12 0.00    M    M  8.8 22 130   M    M   2        28 130
31  89  65  77   9   0  12 0.00    M    M  9.1 23 140   M    M   4        32 140
================================================================================
SM 2451 1524       138 119  0.91    M    302.6          M       72
================================================================================
AV 79.1 49.2                               9.8 FASTST   M    M   2    MAX(MPH)
                                 MISC ---->  # 39 340               # 49  320
================================================================================
NOTES:
# LAST OF SEVERAL OCCURRENCES

COLUMN 17 PEAK WIND IN M.P.H.

PRELIMINARY LOCAL CLIMATOLOGICAL DATA (WS FORM: F-6) , PAGE 2

                                          STATION:  HILL CITY KS
                                          MONTH:    MAY
                                          YEAR:     2014
                                          LATITUDE:   39 22 N
                                          LONGITUDE:  99 50 W

[TEMPERATURE DATA]      [PRECIPITATION DATA]       SYMBOLS USED IN COLUMN 16

AVERAGE MONTHLY: 64.1   TOTAL FOR MONTH:   0.91    1 = FOG OR MIST
DPTR FM NORMAL:   1.6   DPTR FM NORMAL:   -2.87    2 = FOG REDUCING VISIBILITY
HIGHEST:    97 ON 19    GRTST 24HR  0.89 ON 21-22      TO 1/4 MILE OR LESS
LOWEST:     33 ON  2                               3 = THUNDER
                        SNOW, ICE PELLETS, HAIL    4 = ICE PELLETS
                        TOTAL MONTH:    M          5 = HAIL
                        GRTST 24HR    M  ON   M    6 = FREEZING RAIN OR DRIZZLE
                        GRTST DEPTH:  M  ON   M    7 = DUSTSTORM OR SANDSTORM:
                                                       VSBY 1/2 MILE OR LESS
                                                   8 = SMOKE OR HAZE
[NO. OF DAYS WITH]      [WEATHER - DAYS WITH]      9 = BLOWING SNOW
                                                   X = TORNADO
MAX 32 OR BELOW:   0    0.01 INCH OR MORE:   3
MAX 90 OR ABOVE:   5    0.10 INCH OR MORE:   2
MIN 32 OR BELOW:   0    0.50 INCH OR MORE:   1
MIN  0 OR BELOW:   0    1.00 INCH OR MORE:   0

[HDD (BASE 65) ]
TOTAL THIS MO.   138    CLEAR  (SCALE 0-3)  22
DPTR FM NORMAL    -9    PTCLDY (SCALE 4-7)   8
TOTAL FM JUL 1  5582    CLOUDY (SCALE 8-10)  1
DPTR FM NORMAL    58

[CDD (BASE 65) ]
TOTAL THIS MO.   119
DPTR FM NORMAL    48    [PRESSURE DATA]
TOTAL FM JAN 1   143    HIGHEST SLP M ON M
DPTR FM NORMAL    65    LOWEST  SLP 29.40 ON  7

[REMARKS]
#FINAL-05-14#
