000
CXUS53 KGLD 010800
CF6HLC
PRELIMINARY LOCAL CLIMATOLOGICAL DATA (WS FORM: F-6)

                                          STATION:   HILL CITY KS
                                          MONTH:     JANUARY
                                          YEAR:      2011
                                          LATITUDE:   39 22 N
                                          LONGITUDE:  99 50 W

  TEMPERATURE IN F:       :PCPN:    SNOW:  WIND      :SUNSHINE: SKY     :PK WND
================================================================================
1   2   3   4   5  6A  6B    7    8   9   10  11  12  13   14  15   16   17  18
                                     12Z  AVG MX 2MIN
DY MAX MIN AVG DEP HDD CDD  WTR  SNW DPTH SPD SPD DIR MIN PSBL S-S WX    SPD DR
================================================================================

 1  24   2  13 -15  52   0 0.00    M    M  7.6 18 310   M    M   0 8      24 310
 2  41  -4  19  -9  46   0 0.00    M    M  5.8 14 260   M    M   0        18 260
 3  41   5  23  -5  42   0 0.00    M    M  6.8 20 330   M    M   0        25 330
 4  42   5  24  -4  41   0 0.00    M    M  7.3 17 220   M    M   0        22 210
 5  47  15  31   3  34   0 0.00    M    M  9.4 24 330   M    M   0        31 330
 6  56  25  41  14  24   0 0.00    M    M 12.1 24 310   M    M   0        33 320
 7  49  18  34   7  31   0 0.00    M    M 14.0 36 330   M    M   3        45 330
 8  34  12  23  -4  42   0 0.00    M    M  9.4 20 130   M    M   3        25 100
 9  25  18  22  -5  43   0 0.10    M    M  9.4 17 110   M    M   8 1      22 110
10  20   4  12 -15  53   0 0.04    M    0 15.7 25 340   M    M   8 19     30 340
11  17  -7   5 -22  60   0 0.00    M    M  7.6 17 330   M    M   0        22 290
12  14 -12   1 -26  64   0 0.00    M    M  3.7 12 170   M    M   0        15 170
13  45   0  23  -4  42   0 0.00    M    M  4.7 13 260   M    M   0 1      17 230
14  53  18  36   9  29   0 0.00    M    M  3.7  9 280   M    M   1 1      13 310
15  34  18  26  -1  39   0 0.00    M    M  6.1 14  60   M    M   5 1      16  60
16  40  13  27   0  38   0 0.00    M    M  7.2 17 220   M    M   2 1      23 220
17  57  29  43  16  22   0 0.01    M    M  9.5 26 360   M    M   3 1      52  30
18  35  23  29   2  36   0 0.00    M    M  7.1 21 360   M    M   8        25 360
19  26  10  18 -10  47   0    T    M    M 11.7 20  90   M    M  10 168    24  90
20  32   7  20  -8  45   0 0.00    M    M  5.8 14 330   M    M   1        17 340
21  46  24  35   7  30   0 0.00    M    M 10.8 28 340   M    M   6        36 330
22  54  20  37   9  28   0 0.00    M    M 11.7 36 330   M    M   2 18     43 330
23  37  14  26  -2  39   0    T    M    M  9.3 24 350   M    M   6 18     29 350
24  44  19  32   4  33   0    T    M    M  9.0 20 340   M    M   5        25 350
25  55  17  36   8  29   0 0.00    M    M  8.1 20 280   M    M   1 8      25 310
26  49  24  37   9  28   0 0.00    M    M  8.3 22 340   M    M   1        25 340
27  61  29  45  17  20   0 0.00    M    M 12.2 24 350   M    M   1        29 330
28  69  29  49  20  16   0 0.00    M    M  7.9 21 310   M    M   0        24 340
29  56  21  39  10  26   0 0.00    M    M  8.1 24  30   M    M   2        30  40
30  31  16  24  -5  41   0 0.00    M    M  9.3 16  30   M    M   3        21  20
31  20   3  12 -17  53   0    T    M    M 17.4 31 350   M    M  10 16     39 350
================================================================================
SM 1254  415      1173   0  0.15    M    276.7          M       89
================================================================================
AV 40.5 13.4                               8.9 FASTST   M    M   3    MAX(MPH)
                                 MISC ---->  # 36 330               # 52   30
================================================================================
NOTES:
# LAST OF SEVERAL OCCURRENCES

COLUMN 17 PEAK WIND IN M.P.H.

PRELIMINARY LOCAL CLIMATOLOGICAL DATA (WS FORM: F-6) , PAGE 2

                                          STATION:  HILL CITY KS
                                          MONTH:    JANUARY
                                          YEAR:     2011
                                          LATITUDE:   39 22 N
                                          LONGITUDE:  99 50 W

[TEMPERATURE DATA]      [PRECIPITATION DATA]       SYMBOLS USED IN COLUMN 16

AVERAGE MONTHLY: 26.9   TOTAL FOR MONTH:   0.15    1 = FOG OR MIST
DPTR FM NORMAL: -27.1   DPTR FM NORMAL:   -0.41    2 = FOG REDUCING VISIBILITY
HIGHEST:    69 ON 28    GRTST 24HR  0.14 ON  9-10      TO 1/4 MILE OR LESS
LOWEST:    -12 ON 12                               3 = THUNDER
                        SNOW, ICE PELLETS, HAIL    4 = ICE PELLETS
                        TOTAL MONTH:    M          5 = HAIL
                        GRTST 24HR    M  ON   M    6 = FREEZING RAIN OR DRIZZLE
                        GRTST DEPTH:   0           7 = DUSTSTORM OR SANDSTORM:
                                                       VSBY 1/2 MILE OR LESS
                                                   8 = SMOKE OR HAZE
[NO. OF DAYS WITH]      [WEATHER - DAYS WITH]      9 = BLOWING SNOW
                                                   X = TORNADO
MAX 32 OR BELOW:   9    0.01 INCH OR MORE:   3
MAX 90 OR ABOVE:   0    0.10 INCH OR MORE:   1
MIN 32 OR BELOW:  31    0.50 INCH OR MORE:   0
MIN  0 OR BELOW:   4    1.00 INCH OR MORE:   0

[HDD (BASE 65) ]
TOTAL THIS MO.  1173    CLEAR  (SCALE 0-3)  22
DPTR FM NORMAL    -4    PTCLDY (SCALE 4-7)   6
TOTAL FM JUL 1  3223    CLOUDY (SCALE 8-10)  3
DPTR FM NORMAL  -137

[CDD (BASE 65) ]
TOTAL THIS MO.     0
DPTR FM NORMAL     0    [PRESSURE DATA]
TOTAL FM JAN 1     0    HIGHEST SLP M ON M
DPTR FM NORMAL     0    LOWEST  SLP 29.58 ON 17

[REMARKS]
#FINAL-01-11#
