000
CXUS53 KGLD 010800
CF6HLC
PRELIMINARY LOCAL CLIMATOLOGICAL DATA (WS FORM: F-6)

                                          STATION:   HILL CITY KS
                                          MONTH:     DECEMBER
                                          YEAR:      2010
                                          LATITUDE:   39 22 N
                                          LONGITUDE:  99 50 W

  TEMPERATURE IN F:       :PCPN:    SNOW:  WIND      :SUNSHINE: SKY     :PK WND
================================================================================
1   2   3   4   5  6A  6B    7    8   9   10  11  12  13   14  15   16   17  18
                                     12Z  AVG MX 2MIN
DY MAX MIN AVG DEP HDD CDD  WTR  SNW DPTH SPD SPD DIR MIN PSBL S-S WX    SPD DR
================================================================================

 1  47  12  30  -4  35   0 0.00    M    M  5.1 13 240   M    M   1        17 200
 2  57  25  41   7  24   0 0.00    M    M  4.2 12 270   M    M   0        16 270
 3  63  30  47  13  18   0 0.00    M    M  7.7 30 360   M    M   0        39 360
 4  40  20  30  -3  35   0 0.00    M    M 11.6 29 350   M    M   2        36 360
 5  30  14  22 -11  43   0 0.01    M    M  2.2  9  40   M    M   7 18     10  40
 6  45   7  26  -7  39   0 0.00    M    M  2.9  8  70   M    M   0         9 270
 7  40  21  31  -2  34   0 0.01    M    M  2.0  8  70   M    M   7         9  70
 8  52  19  36   4  29   0 0.00    M    M  5.0 10 210   M    M   0 1      14 210
 9  64  31  48  16  17   0 0.00    M    M  9.2 22 340   M    M   0        25 350
10  64  24  44  12  21   0    T    M    M 10.5 29 300   M    M   1        40 240
11  48  17  33   1  32   0 0.00    M    M 23.2 41 320   M    M   1        52 330
12  34   7  21 -10  44   0 0.00    M    M  7.2 16 330   M    M   1        23 340
13  34  11  23  -8  42   0 0.00    M    M  7.6 15 130   M    M   2        17 120
14  46  16  31   0  34   0 0.00    M    M  7.8 15 160   M    M   0 8      21 150
15  41  19  30  -1  35   0 0.00    M    M  6.3 16 350   M    M   2 8      22 350
16  48  22  35   5  30   0 0.00    M    M  9.3 17 340   M    M   1        21 350
17  38  18  28  -2  37   0 0.00    M    M  3.8 13 340   M    M   8        15 340
18  41  21  31   1  34   0 0.00    M    M  5.3 13  90   M    M   8 18     15  80
19  41  23  32   2  33   0 0.00    M    M  3.9 10  70   M    M   6 128    13  70
20  43  20  32   2  33   0 0.00    M    M  5.2 15 320   M    M   0 1      18 310
21  41  18  30   0  35   0 0.00    M    M  5.7 12  50   M    M   0 18     16  10
22  32  17  25  -4  40   0 0.00    M    M  4.6  9 110   M    M   2        12 100
23  27  14  21  -8  44   0 0.00    M    M  6.6 17 140   M    M   7 18     20 130
24  38  20  29   0  36   0 0.00    M    M 12.3 29 350   M    M   6 18     35 360
25  31   4  18 -11  47   0 0.00    M    M  6.1 17  10   M    M   6        21  10
26  27   1  14 -15  51   0 0.00    M    M  6.4 20 130   M    M   4 128    24 110
27  45  12  29   0  36   0 0.00    M    M  4.4 13 340   M    M   3        16 350
28  50  17  34   6  31   0 0.00    M    M  6.0 16 220   M    M   0 8      21 220
29  52  16  34   6  31   0 0.00    M    M  8.1 22 170   M    M   1 18     29 170
30  43  12  28   0  37   0    T    M    M 12.4 26 340   M    M   8 12     33 340
31  12   2   7 -21  58   0 0.05    M    M 12.7 24 270   M    M   5 18     32 280
================================================================================
SM 1314  510      1095   0  0.07    M    225.3          M       89
================================================================================
AV 42.4 16.5                               7.3 FASTST   M    M   3    MAX(MPH)
                                 MISC ---->  # 41 320               # 52  330
================================================================================
NOTES:
# LAST OF SEVERAL OCCURRENCES

COLUMN 17 PEAK WIND IN M.P.H.

PRELIMINARY LOCAL CLIMATOLOGICAL DATA (WS FORM: F-6) , PAGE 2

                                          STATION:  HILL CITY KS
                                          MONTH:    DECEMBER
                                          YEAR:     2010
                                          LATITUDE:   39 22 N
                                          LONGITUDE:  99 50 W

[TEMPERATURE DATA]      [PRECIPITATION DATA]       SYMBOLS USED IN COLUMN 16

AVERAGE MONTHLY: 29.4   TOTAL FOR MONTH:   0.07    1 = FOG OR MIST
DPTR FM NORMAL:  -0.7   DPTR FM NORMAL:   -0.44    2 = FOG REDUCING VISIBILITY
HIGHEST:    64 ON 10, 9 GRTST 24HR  0.05 ON 31-31      TO 1/4 MILE OR LESS
LOWEST:      1 ON 26                               3 = THUNDER
                        SNOW, ICE PELLETS, HAIL    4 = ICE PELLETS
                        TOTAL MONTH:    M          5 = HAIL
                        GRTST 24HR    M  ON   M    6 = FREEZING RAIN OR DRIZZLE
                        GRTST DEPTH:  M  ON   M    7 = DUSTSTORM OR SANDSTORM:
                                                       VSBY 1/2 MILE OR LESS
                                                   8 = SMOKE OR HAZE
[NO. OF DAYS WITH]      [WEATHER - DAYS WITH]      9 = BLOWING SNOW
                                                   X = TORNADO
MAX 32 OR BELOW:   6    0.01 INCH OR MORE:   3
MAX 90 OR ABOVE:   0    0.10 INCH OR MORE:   0
MIN 32 OR BELOW:  31    0.50 INCH OR MORE:   0
MIN  0 OR BELOW:   0    1.00 INCH OR MORE:   0

[HDD (BASE 65) ]
TOTAL THIS MO.  1095    CLEAR  (SCALE 0-3)  20
DPTR FM NORMAL    14    PTCLDY (SCALE 4-7)  11
TOTAL FM JUL 1  2050    CLOUDY (SCALE 8-10)  0
DPTR FM NORMAL  -151

[CDD (BASE 65) ]
TOTAL THIS MO.     0
DPTR FM NORMAL     0    [PRESSURE DATA]
TOTAL FM JAN 1  1607    HIGHEST SLP M ON M
DPTR FM NORMAL   405    LOWEST  SLP 29.10 ON M

[REMARKS]
#FINAL-12-10#
