000
CXUS53 KGLD 010800
CF6HLC
PRELIMINARY LOCAL CLIMATOLOGICAL DATA (WS FORM: F-6)

                                          STATION:   HILL CITY KS
                                          MONTH:     OCTOBER
                                          YEAR:      2010
                                          LATITUDE:   39 22 N
                                          LONGITUDE:  99 50 W

  TEMPERATURE IN F:       :PCPN:    SNOW:  WIND      :SUNSHINE: SKY     :PK WND
================================================================================
1   2   3   4   5  6A  6B    7    8   9   10  11  12  13   14  15   16   17  18
                                     12Z  AVG MX 2MIN
DY MAX MIN AVG DEP HDD CDD  WTR  SNW DPTH SPD SPD DIR MIN PSBL S-S WX    SPD DR
================================================================================

 1  82  42  62   0   3   0 0.00    M    M  4.5 20 350   M    M   1 8      25 360
 2  65  36  51 -11  14   0 0.00    M    M  8.9 21  20   M    M   0        26  20
 3  68  36  52  -9  13   0 0.00    M    M  8.6 20 170   M    M   1        25 140
 4  77  44  61   0   4   0 0.00    M    M 12.7 24 160   M    M   0        33 160
 5  83  53  68   8   0   3 0.00    M    M 11.6 23 170   M    M   0        31 190
 6  84  46  65   5   0   0 0.00    M    M  6.6 17  40   M    M   0 8      23  40
 7  86  47  67   7   0   2 0.00    M    M  6.0 18 150   M    M   0 8      23 150
 8  92  55  74  15   0   9    T    M    M 11.1 29 340   M    M   1 8      59 320
 9  78  46  62   3   3   0 0.01    M    M  7.4 23 330   M    M   1 8      29 330
10  72  47  60   2   5   0 0.06    M    M  5.7 22 290   M    M   6 18     28 290
11  67  49  58   0   7   0 0.10    M    M 10.4 21 350   M    M   7 1      25 350
12  73  45  59   2   6   0 0.04    M    M 12.7 30 360   M    M   1        36  10
13  70  39  55  -2  10   0 0.00    M    M  5.7 13 330   M    M   0        17 320
14  83  39  61   4   4   0 0.00    M    M  4.8 14 320   M    M   0        18 310
15  86  35  61   5   4   0 0.00    M    M  7.2 18 170   M    M   0        24 160
16  76  42  59   3   6   0 0.00    M    M 11.2 25  30   M    M   0        30  30
17  72  38  55   0  10   0 0.00    M    M  6.3 13 110   M    M   0        18  20
18  69  45  57   2   8   0 0.00    M    M  9.0 18 360   M    M   1        24  30
19  73  44  59   5   6   0    T    M    M  5.4 18 220   M    M   2        26 220
20  83  35  59   5   6   0 0.00    M    M  6.1 14 300   M    M   0 8      16 290
21  76  38  57   4   8   0 0.00    M    M  6.3 18  90   M    M   1        24 110
22  72  52  62   9   3   0 0.07    M    M  6.6 18 180   M    M   6 13     24 200
23  68  47  58   6   7   0 0.01    M    M  5.7 14 320   M    M   1 12     20 290
24  74  46  60   8   5   0 0.00    M    M  7.2 21 290   M    M   0         M  M
25  73  47  60   9   5   0    T    M    M 13.7 37 330   M    M   2        48 330
26  65  39  52   1  13   0 0.00    M    M 16.6 31 270   M    M   0        39 290
27  63  34  49  -1  16   0 0.00    M    M 15.6 38 320   M    M   0        51 310
28  65  32  49   0  16   0 0.00    M    M  5.6 12 230   M    M   0        20 300
29  74  37  56   7   9   0 0.00    M    M  6.9 20 220   M    M   0        25 230
30  76  31  54   6  11   0 0.00    M    M  5.8 14  70   M    M   0        18  20
31  60  35  48   0  17   0 0.00    M    M 10.6 21  40   M    M   3        26  30
================================================================================
SM 2305 1301       219  14  0.29    M    262.5          M       34
================================================================================
AV 74.4 42.0                               8.5 FASTST   M    M   1    MAX(MPH)
                                 MISC ---->  # 38 320               # 59  320
================================================================================
NOTES:
# LAST OF SEVERAL OCCURRENCES

COLUMN 17 PEAK WIND IN M.P.H.

PRELIMINARY LOCAL CLIMATOLOGICAL DATA (WS FORM: F-6) , PAGE 2

                                          STATION:  HILL CITY KS
                                          MONTH:    OCTOBER
                                          YEAR:     2010
                                          LATITUDE:   39 22 N
                                          LONGITUDE:  99 50 W

[TEMPERATURE DATA]      [PRECIPITATION DATA]       SYMBOLS USED IN COLUMN 16

AVERAGE MONTHLY: 58.2   TOTAL FOR MONTH:   0.29    1 = FOG OR MIST
DPTR FM NORMAL:   4.2   DPTR FM NORMAL:       M    2 = FOG REDUCING VISIBILITY
HIGHEST:    92 ON  8    GRTST 24HR  0.16 ON 10-11      TO 1/4 MILE OR LESS
LOWEST:     31 ON 30                               3 = THUNDER
                        SNOW, ICE PELLETS, HAIL    4 = ICE PELLETS
                        TOTAL MONTH:    M          5 = HAIL
                        GRTST 24HR    M  ON   M    6 = FREEZING RAIN OR DRIZZLE
                        GRTST DEPTH:  M  ON   M    7 = DUSTSTORM OR SANDSTORM:
                                                       VSBY 1/2 MILE OR LESS
                                                   8 = SMOKE OR HAZE
[NO. OF DAYS WITH]      [WEATHER - DAYS WITH]      9 = BLOWING SNOW
                                                   X = TORNADO
MAX 32 OR BELOW:   0    0.01 INCH OR MORE:   6
MAX 90 OR ABOVE:   1    0.10 INCH OR MORE:   1
MIN 32 OR BELOW:   2    0.50 INCH OR MORE:   0
MIN  0 OR BELOW:   0    1.00 INCH OR MORE:   0

[HDD (BASE 65) ]
TOTAL THIS MO.   219    CLEAR  (SCALE 0-3)  28
DPTR FM NORMAL   -86    PTCLDY (SCALE 4-7)   3
TOTAL FM JUL 1   243    CLOUDY (SCALE 8-10)  0
DPTR FM NORMAL  -146

[CDD (BASE 65) ]
TOTAL THIS MO.    14
DPTR FM NORMAL     8    [PRESSURE DATA]
TOTAL FM JAN 1  1607    HIGHEST SLP M ON M
DPTR FM NORMAL   405    LOWEST  SLP 29.06 ON 25

[REMARKS]
#FINAL-10-10#
