000
CXUS53 KGLD 010800
CF6HLC
PRELIMINARY LOCAL CLIMATOLOGICAL DATA (WS FORM: F-6)

                                          STATION:   HILL CITY KS
                                          MONTH:     FEBRUARY
                                          YEAR:      2011
                                          LATITUDE:   39 22 N
                                          LONGITUDE:  99 50 W

  TEMPERATURE IN F:       :PCPN:    SNOW:  WIND      :SUNSHINE: SKY     :PK WND
================================================================================
1   2   3   4   5  6A  6B    7    8   9   10  11  12  13   14  15   16   17  18
                                     12Z  AVG MX 2MIN
DY MAX MIN AVG DEP HDD CDD  WTR  SNW DPTH SPD SPD DIR MIN PSBL S-S WX    SPD DR
================================================================================

 1   7  -5   1 -28  64   0    T    M    M 26.3 38 350   M    M   9 89     45 340
 2  15  -6   5 -25  60   0 0.00    M    M 11.4 26 340   M    M   0        32 350
 3  33  -6  14 -16  51   0 0.00    M    M  7.5 17 220   M    M   0        23 220
 4  51   6  29  -1  36   0 0.00    M    M  6.6 13 330   M    M   2        17 330
 5  56  27  42  12  23   0    T    M    M 10.6 26 350   M    M   3        35 320
 6  46  21  34   3  31   0    T    M    M 13.4 31 350   M    M   5 1      38 350
 7  37  13  25  -6  40   0 0.00    M    M  9.9 28  80   M    M   5        33  80
 8  20  -1  10 -21  55   0 0.20    M    M 16.6 30  60   M    M  10 128    38  60
 9  16  -5   6 -25  59   0 0.00    M    M  7.8 15 320   M    M   3        21 320
10  32  -6  13 -19  52   0 0.00    M    M  9.8 15 260   M    M   0        18 250
11  42  16  29  -3  36   0 0.00    M    M 10.2 21 300   M    M   1        29 300
12  50  24  37   5  28   0 0.00    M    M  8.5 13 270   M    M   0        17 290
13  69  31  50  18  15   0 0.00    M    M  8.9 23 360   M    M   0        33 350
14  54  25  40   8  25   0 0.00    M    M  5.8 15 190   M    M   0        20 200
15  70  25  48  15  17   0 0.00    M    M  5.4 18  10   M    M   0        25  10
16  78  33  56  23   9   0 0.00    M    M  8.0 18 210   M    M   0        25 200
17  64  30  47  14  18   0 0.00    M    M 12.5 29 320   M    M   0        38 320
18  54  21  38   4  27   0 0.00    M    M  6.0 14 140   M    M   0        18 170
19  64  23  44  10  21   0 0.00    M    M  8.7 20  90   M    M   3 12     25  90
20  55  19  37   3  28   0 0.00    M    M 14.7 23 310   M    M   6 12     30 310
21  37  11  24 -10  41   0 0.00    M    M 10.5 23 330   M    M   0        28 340
22  49  11  30  -5  35   0 0.00    M    M  8.7 23 170   M    M   0 8      30 170
23  59  20  40   5  25   0 0.00    M    M  9.7 20  10   M    M   0        24  10
24  30  17  24 -11  41   0 0.06    M    M 15.5 26  10   M    M   9 128    39  10
25  17  11  14 -21  51   0    T    M    M  8.1 17  10   M    M  10 18     21  20
26  30  11  21 -15  44   0    T    M    M  6.9 14  80   M    M  10 128    16  80
27  35  23  29  -7  36   0 0.00    M    M  9.5 29  40   M    M   8 12     36  30
28  56  16  36   0  29   0 0.00    M    M  8.2 20 180   M    M   0        25 210
================================================================================
SM 1226  405       997   0  0.26    M    285.7          M       84
================================================================================
AV 43.8 14.5                              10.2 FASTST   M    M   3    MAX(MPH)
                                 MISC ---->  # 38 350               # 45  340
================================================================================
NOTES:
# LAST OF SEVERAL OCCURRENCES

COLUMN 17 PEAK WIND IN M.P.H.

PRELIMINARY LOCAL CLIMATOLOGICAL DATA (WS FORM: F-6) , PAGE 2

                                          STATION:  HILL CITY KS
                                          MONTH:    FEBRUARY
                                          YEAR:     2011
                                          LATITUDE:   39 22 N
                                          LONGITUDE:  99 50 W

[TEMPERATURE DATA]      [PRECIPITATION DATA]       SYMBOLS USED IN COLUMN 16

AVERAGE MONTHLY: 29.1   TOTAL FOR MONTH:   0.26    1 = FOG OR MIST
DPTR FM NORMAL:  -2.9   DPTR FM NORMAL:   -0.49    2 = FOG REDUCING VISIBILITY
HIGHEST:    78 ON 16    GRTST 24HR  0.20 ON  8- 8      TO 1/4 MILE OR LESS
LOWEST:     -6 ON 10, 3                            3 = THUNDER
                        SNOW, ICE PELLETS, HAIL    4 = ICE PELLETS
                        TOTAL MONTH:    M          5 = HAIL
                        GRTST 24HR    M  ON   M    6 = FREEZING RAIN OR DRIZZLE
                        GRTST DEPTH:  M  ON   M    7 = DUSTSTORM OR SANDSTORM:
                                                       VSBY 1/2 MILE OR LESS
                                                   8 = SMOKE OR HAZE
[NO. OF DAYS WITH]      [WEATHER - DAYS WITH]      9 = BLOWING SNOW
                                                   X = TORNADO
MAX 32 OR BELOW:   8    0.01 INCH OR MORE:   2
MAX 90 OR ABOVE:   0    0.10 INCH OR MORE:   1
MIN 32 OR BELOW:  27    0.50 INCH OR MORE:   0
MIN  0 OR BELOW:   6    1.00 INCH OR MORE:   0

[HDD (BASE 65) ]
TOTAL THIS MO.   997    CLEAR  (SCALE 0-3)  18
DPTR FM NORMAL    71    PTCLDY (SCALE 4-7)   5
TOTAL FM JUL 1  4220    CLOUDY (SCALE 8-10)  5
DPTR FM NORMAL   -44

[CDD (BASE 65) ]
TOTAL THIS MO.     0
DPTR FM NORMAL     0    [PRESSURE DATA]
TOTAL FM JAN 1     0    HIGHEST SLP M ON M
DPTR FM NORMAL     0    LOWEST  SLP 29.40 ON 17

[REMARKS]
#FINAL-02-11#
