000
CXUS53 KGLD 010800
CF6HLC
PRELIMINARY LOCAL CLIMATOLOGICAL DATA (WS FORM: F-6)

                                          STATION:   HILL CITY KS
                                          MONTH:     SEPTEMBER
                                          YEAR:      2010
                                          LATITUDE:   39 22 N
                                          LONGITUDE:  99 50 W

  TEMPERATURE IN F:       :PCPN:    SNOW:  WIND      :SUNSHINE: SKY     :PK WND
================================================================================
1   2   3   4   5  6A  6B    7    8   9   10  11  12  13   14  15   16   17  18
                                     12Z  AVG MX 2MIN
DY MAX MIN AVG DEP HDD CDD  WTR  SNW DPTH SPD SPD DIR MIN PSBL S-S WX    SPD DR
================================================================================

 1  86  63  75   3   0  10 0.00    M    M  8.2 23 100   M    M   5        31 130
 2  81  51  66  -6   0   1    T    M    M 13.6 33 360   M    M   2 1      45 360
 3  82  45  64  -8   1   0 0.00    M    M  6.5 14 360   M    M   0 8      21 300
 4  93  47  70  -1   0   5 0.00    M    M 11.3 26 180   M    M   0        35 170
 5 100  55  78   7   0  13 0.00    M    M 13.3 26 180   M    M   0        36 190
 6  85  47  66  -5   0   1 0.00    M    M 15.7 31 330   M    M   0        40 330
 7  81  46  64  -6   1   0 0.01    M    M  4.4 16 130   M    M   4        21 130
 8  84  61  73   3   0   8 0.00    M    M 11.8 24 160   M    M   8        33 170
 9  81  65  73   3   0   8 0.00    M    M 11.0 18 130   M    M   7 1      25 110
10  91  59  75   6   0  10 0.00    M    M 11.5 23 350   M    M   2 1      29 340
11  85  49  67  -2   0   2 0.01    M    M  5.4 21  80   M    M   0        23  80
12  91  61  76   7   0  11 0.00    M    M 11.3 21 180   M    M   0        28 190
13 100  64  82  14   0  17    T    M    M  7.4 22 150   M    M   3 1238   29 150
14  91  64  78  10   0  13 0.30    M    M 11.8 37 340   M    M   4 13     46 350
15  86  61  74   7   0   9 1.15    M    M 11.0 47 350   M    M   6 13     54 340
16  79  51  65  -2   0   0 0.00    M    M  5.1 14 150   M    M   0        31 330
17  93  58  76   9   0  11 0.00    M    M  7.3 18 170   M    M   0        24 160
18  72  48  60  -6   5   0    T    M    M 10.7 21  10   M    M   7 1      26  10
19  69  47  58  -8   7   0 0.00    M    M  5.0 13  80   M    M   6 1      16  80
20  93  54  74   8   0   9 0.00    M    M 18.5 33 200   M    M   0        47 200
21  89  68  79  14   0  14    T    M    M  8.1 22 200   M    M   1        31 190
22  93  64  79  14   0  14 0.00    M    M 15.7 33 180   M    M   1        46 190
23  84  52  68   3   0   3 0.21    M    M 12.6 26 300   M    M   4 1      36 190
24  83  46  65   1   0   0 0.00    M    M  5.8 15 180   M    M   0 1      20 210
25  80  46  63  -1   2   0 0.00    M    M 12.7 29  10   M    M   0        37  10
26  76  43  60  -4   5   0 0.00    M    M  4.4  9 170   M    M   0 18     13 170
27  89  48  69   6   0   4 0.00    M    M  7.1 15  20   M    M   0        23 230
28  83  50  67   4   0   2 0.00    M    M  4.2 16 340   M    M   0 8      24 340
29  94  48  71   8   0   6 0.00    M    M  8.3 28  30   M    M   0        35  30
30  77  47  62   0   3   0 0.00    M    M  5.7 14 340   M    M   0 8      15 350
================================================================================
SM 2571 1608        24 171  1.68    M    285.4          M       60
================================================================================
AV 85.7 53.6                               9.5 FASTST   M    M   2    MAX(MPH)
                                 MISC ---->  # 47 350               # 54  340
================================================================================
NOTES:
# LAST OF SEVERAL OCCURRENCES

COLUMN 17 PEAK WIND IN M.P.H.

PRELIMINARY LOCAL CLIMATOLOGICAL DATA (WS FORM: F-6) , PAGE 2

                                          STATION:  HILL CITY KS
                                          MONTH:    SEPTEMBER
                                          YEAR:     2010
                                          LATITUDE:   39 22 N
                                          LONGITUDE:  99 50 W

[TEMPERATURE DATA]      [PRECIPITATION DATA]       SYMBOLS USED IN COLUMN 16

AVERAGE MONTHLY: 69.6   TOTAL FOR MONTH:   1.68    1 = FOG OR MIST
DPTR FM NORMAL:   3.3   DPTR FM NORMAL:   -0.02    2 = FOG REDUCING VISIBILITY
HIGHEST:   100 ON 13, 5 GRTST 24HR  1.45 ON 14-15      TO 1/4 MILE OR LESS
LOWEST:     43 ON 26                               3 = THUNDER
                        SNOW, ICE PELLETS, HAIL    4 = ICE PELLETS
                        TOTAL MONTH:    M          5 = HAIL
                        GRTST 24HR    M  ON   M    6 = FREEZING RAIN OR DRIZZLE
                        GRTST DEPTH:  M  ON   M    7 = DUSTSTORM OR SANDSTORM:
                                                       VSBY 1/2 MILE OR LESS
                                                   8 = SMOKE OR HAZE
[NO. OF DAYS WITH]      [WEATHER - DAYS WITH]      9 = BLOWING SNOW
                                                   X = TORNADO
MAX 32 OR BELOW:   0    0.01 INCH OR MORE:   5
MAX 90 OR ABOVE:  10    0.10 INCH OR MORE:   3
MIN 32 OR BELOW:   0    0.50 INCH OR MORE:   1
MIN  0 OR BELOW:   0    1.00 INCH OR MORE:   1

[HDD (BASE 65) ]
TOTAL THIS MO.    24    CLEAR  (SCALE 0-3)  20
DPTR FM NORMAL   -48    PTCLDY (SCALE 4-7)  10
TOTAL FM JUL 1    24    CLOUDY (SCALE 8-10)  0
DPTR FM NORMAL   -55

[CDD (BASE 65) ]
TOTAL THIS MO.   171
DPTR FM NORMAL    59    [PRESSURE DATA]
TOTAL FM JAN 1  1593    HIGHEST SLP M ON M
DPTR FM NORMAL   448    LOWEST  SLP 29.33 ON M

[REMARKS]
#FINAL-09-10#
