000
CXUS53 KGLD 012133
CF6HLC
PRELIMINARY LOCAL CLIMATOLOGICAL DATA (WS FORM: F-6)

                                          STATION:   HILL CITY KS
                                          MONTH:     NOVEMBER
                                          YEAR:      2010
                                          LATITUDE:   39 22 N
                                          LONGITUDE:  99 50 W

  TEMPERATURE IN F:       :PCPN:    SNOW:  WIND      :SUNSHINE: SKY     :PK WND
================================================================================
1   2   3   4   5  6A  6B    7    8   9   10  11  12  13   14  15   16   17  18
                                     12Z  AVG MX 2MIN
DY MAX MIN AVG DEP HDD CDD  WTR  SNW DPTH SPD SPD DIR MIN PSBL S-S WX    SPD DR
================================================================================

 1  64  28  46  -1  19   0 0.00    M    M  4.6 10  10   M    M   1 1      15 150
 2  70  28  49   2  16   0 0.00    M    M  2.8 10  20   M    M   0 8      15  30
 3  68  38  53   7  12   0 0.00    M    M 14.4 32 360   M    M   1        40 360
 4  58  27  43  -2  22   0 0.00    M    M 11.3 24 340   M    M   0        30 340
 5  59  20  40  -5  25   0 0.00    M    M  6.9 17 190   M    M   0        22 200
 6  77  33  55  11  10   0 0.00    M    M  7.4 17 200   M    M   0        23 200
 7  83  44  64  20   1   0 0.00    M    M 13.1 30 180   M    M   0        41 180
 8  80  36  58  15   7   0 0.00    M    M  6.1 14 140   M    M   0        18 140
 9  79  43  61  18   4   0 0.00    M    M 11.5 25 340   M    M   0        32 350
10  56  25  41  -1  24   0 0.00    M    M  8.2 23 340   M    M   1        30 340
11  53  22  38  -4  27   0 0.40    M    M  9.0 20  10   M    M   6 13     24  30
12  41  35  38  -3  27   0 0.01    M    M 11.5 21  20   M    M   9 1      26  20
13  52  29  41   0  24   0 0.00    M    M  8.2 18 340   M    M   4        23 350
14  52  29  41   1  24   0 0.00    M    M  8.1 17 290   M    M   4        22 280
15  54  24  39  -1  26   0 0.00    M    M  6.2 14 340   M    M   3        18 310
16  57  27  42   2  23   0 0.00    M    M  7.7 17 200   M    M   3        21 190
17  44  25  35  -4  30   0 0.09    M    M 12.1 31  20   M    M   7 1      38  30
18  55  21  38  -1  27   0 0.00    M    M  9.2 25 190   M    M   0        33 190
19  51  27  39   1  26   0 0.00    M    M 10.4 25  40   M    M   3        31 200
20  36  29  33  -5  32   0 0.00    M    M  9.4 17  50   M    M  10 18     22  30
21  37  30  34  -4  31   0 0.00    M    M  6.8 18  30   M    M  10 1      22  30
22  45  24  35  -2  30   0 0.00    M    M  5.5 14 360   M    M   6 1      17 360
23  32  20  26 -11  39   0 0.01    M    M 10.4 20 140   M    M   9 12     24 120
24  54  18  36   0  29   0 0.00    M    M 12.7 33 330   M    M   1 1      44 320
25  39  12  26 -10  39   0 0.00    M    M  8.0 26 320   M    M   1        35 320
26  52  14  33  -3  32   0 0.00    M    M  8.7 17 300   M    M   0        23 300
27  61  18  40   5  25   0 0.00    M    M  9.7 24 180   M    M   0        29 170
28  61  34  48  13  17   0 0.00    M    M 17.6 30 190   M    M   0        41 190
29  46  28  37   2  28   0    T    M    M 22.2 37 340   M    M   8        48 320
30  41  16  29  -5  36   0 0.00    M    M 13.4 32 340   M    M   0        43 330
================================================================================
SM 1657  804       712   0  0.51    M    293.1          M       87
================================================================================
AV 55.2 26.8                               9.8 FASTST   M    M   3    MAX(MPH)
                                 MISC ---->  # 37 340               # 48  320
================================================================================
NOTES:
# LAST OF SEVERAL OCCURRENCES

COLUMN 17 PEAK WIND IN M.P.H.

PRELIMINARY LOCAL CLIMATOLOGICAL DATA (WS FORM: F-6) , PAGE 2

                                          STATION:  HILL CITY KS
                                          MONTH:    NOVEMBER
                                          YEAR:     2010
                                          LATITUDE:   39 22 N
                                          LONGITUDE:  99 50 W

[TEMPERATURE DATA]      [PRECIPITATION DATA]       SYMBOLS USED IN COLUMN 16

AVERAGE MONTHLY: 41.0   TOTAL FOR MONTH:   0.51    1 = FOG OR MIST
DPTR FM NORMAL:   1.6   DPTR FM NORMAL:   -0.65    2 = FOG REDUCING VISIBILITY
HIGHEST:    83 ON  7    GRTST 24HR  0.40 ON 11-11      TO 1/4 MILE OR LESS
LOWEST:     12 ON 25                               3 = THUNDER
                        SNOW, ICE PELLETS, HAIL    4 = ICE PELLETS
                        TOTAL MONTH:    M          5 = HAIL
                        GRTST 24HR    M  ON   M    6 = FREEZING RAIN OR DRIZZLE
                        GRTST DEPTH:  M  ON   M    7 = DUSTSTORM OR SANDSTORM:
                                                       VSBY 1/2 MILE OR LESS
                                                   8 = SMOKE OR HAZE
[NO. OF DAYS WITH]      [WEATHER - DAYS WITH]      9 = BLOWING SNOW
                                                   X = TORNADO
MAX 32 OR BELOW:   1    0.01 INCH OR MORE:   4
MAX 90 OR ABOVE:   0    0.10 INCH OR MORE:   1
MIN 32 OR BELOW:  23    0.50 INCH OR MORE:   0
MIN  0 OR BELOW:   0    1.00 INCH OR MORE:   0

[HDD (BASE 65) ]
TOTAL THIS MO.   712    CLEAR  (SCALE 0-3)  20
DPTR FM NORMAL   -58    PTCLDY (SCALE 4-7)   6
TOTAL FM JUL 1   955    CLOUDY (SCALE 8-10)  4
DPTR FM NORMAL  -182

[CDD (BASE 65) ]
TOTAL THIS MO.     0
DPTR FM NORMAL     0    [PRESSURE DATA]
TOTAL FM JAN 1  1607    HIGHEST SLP 30.44 ON  4
DPTR FM NORMAL   405    LOWEST  SLP 29.30 ON 28

[REMARKS]
#FINAL-11-10#
