000
CXUS53 KGLD 010800
CF6HLC
PRELIMINARY LOCAL CLIMATOLOGICAL DATA (WS FORM: F-6)
STATION: HILL CITY KS
MONTH: JUNE
YEAR: 2020
LATITUDE: 39 22 N
LONGITUDE: 99 50 W
TEMPERATURE IN F: :PCPN: SNOW: WIND :SUNSHINE: SKY :PK WND
================================================================================
1 2 3 4 5 6A 6B 7 8 9 10 11 12 13 14 15 16 17 18
12Z AVG MX 2MIN
DY MAX MIN AVG DEP HDD CDD WTR SNW DPTH SPD SPD DIR MIN PSBL S-S WX SPD DR
================================================================================
1 94 66 80 12 0 15 T M M 14.6 25 190 M M 0 42 200
2 94 66 80 12 0 15 0.00 M M 9.9 25 350 M M 0 36 340
3 92 62 77 8 0 12 0.15 M M 6.1 37 290 M M 0 38 54 290
4 96 58 77 8 0 12 0.06 M M 8.0 45 300 M M 1 38 67 310
5 93 61 77 8 0 12 0.00 M M 6.7 15 130 M M 0 23 110
6 97 69 83 13 0 18 0.00 M M 12.7 26 180 M M 0 39 160
7 94 74 84 14 0 19 0.00 M M 20.2 32 170 M M 0 51 150
8 96 72 84 14 0 19 0.00 M M 18.7 26 200 M M 0 43 180
9 78 52 65 -6 0 0 0.78 M M 22.0 49 340 M M 8 13 71 340
10 78 50 64 -7 1 0 0.00 M M 11.2 25 320 M M 0 38 330
11 90 52 71 -1 0 6 0.00 M M 6.5 24 210 M M 0 36 220
12 90 57 74 2 0 9 0.00 M M 6.1 12 140 M M 0 8 18 140
13 99 60 80 8 0 15 0.00 M M 10.3 20 180 M M 0 29 190
14 96 68 82 10 0 17 0.00 M M 17.9 28 170 M M 0 45 200
15 95 70 83 10 0 18 0.00 M M 17.2 29 190 M M 0 44 180
16 95 69 82 9 0 17 0.00 M M 15.0 29 180 M M 0 45 180
17 96 72 84 10 0 19 0.00 M M 19.7 32 180 M M 0 48 170
18 85 67 76 2 0 11 0.00 M M 14.1 23 360 M M 3 32 10
19 75 60 68 -6 0 3 0.50 M M 7.0 23 80 M M 9 13 30 80
20 89 60 75 1 0 10 0.00 M M 8.3 20 170 M M 3 1 32 180
21 91 64 78 3 0 13 0.57 M M 9.4 30 140 M M 1 13 39 130
22 86 59 73 -2 0 8 0.00 M M 7.9 26 30 M M 1 40 30
23 87 55 71 -4 0 6 0.00 M M 3.5 9 80 M M 1 8 14 360
24 94 60 77 1 0 12 0.00 M M 7.1 18 150 M M 1 138 28 120
25 100 63 82 6 0 17 0.00 M M 10.4 26 190 M M 0 41 190
26 96 68 82 6 0 17 0.00 M M 7.4 18 50 M M 0 3 26 50
27 94 63 79 2 0 14 1.38 M M 10.5 43 290 M M 1 13 65 290
28 98 64 81 4 0 16 0.01 M M 9.8 30 220 M M 0 8 45 220
29 101 73 87 10 0 22 0.00 M M 13.2 22 160 M M 2 37 180
30 98 73 86 9 0 21 0.00 M M 10.6 29 350 M M 0 1 43 350
================================================================================
SM 2767 1907 1 393 3.45 M 342.0 M 31
================================================================================
AV 92.2 63.6 11.4 FASTST M M 1 MAX(MPH)
MISC ----> 49 340 71 340
================================================================================
NOTES:
# LAST OF SEVERAL OCCURRENCES
COLUMN 17 PEAK WIND IN M.P.H.
PRELIMINARY LOCAL CLIMATOLOGICAL DATA (WS FORM: F-6) , PAGE 2
STATION: HILL CITY KS
MONTH: JUNE
YEAR: 2020
LATITUDE: 39 22 N
LONGITUDE: 99 50 W
[TEMPERATURE DATA] [PRECIPITATION DATA] SYMBOLS USED IN COLUMN 16
AVERAGE MONTHLY: 77.9 TOTAL FOR MONTH: 3.45 1 = FOG OR MIST
DPTR FM NORMAL: 5.0 DPTR FM NORMAL: 0.69 2 = FOG REDUCING VISIBILITY
HIGHEST: 101 ON 29 GRTST 24HR 1.38 ON 27-27 TO 1/4 MILE OR LESS
LOWEST: 50 ON 10 3 = THUNDER
SNOW, ICE PELLETS, HAIL 4 = ICE PELLETS
TOTAL MONTH: M 5 = HAIL
GRTST 24HR M ON M 6 = FREEZING RAIN OR DRIZZLE
GRTST DEPTH: M ON M 7 = DUSTSTORM OR SANDSTORM:
VSBY 1/2 MILE OR LESS
8 = SMOKE OR HAZE
[NO. OF DAYS WITH] [WEATHER - DAYS WITH] 9 = BLOWING SNOW
X = TORNADO
MAX 32 OR BELOW: 0 0.01 INCH OR MORE: 7
MAX 90 OR ABOVE: 23 0.10 INCH OR MORE: 5
MIN 32 OR BELOW: 0 0.50 INCH OR MORE: 4
MIN 0 OR BELOW: 0 1.00 INCH OR MORE: 1
[HDD (BASE 65) ]
TOTAL THIS MO. 1 CLEAR (SCALE 0-3) 28
DPTR FM NORMAL -18 PTCLDY (SCALE 4-7) 1
TOTAL FM JUL 1 5201 CLOUDY (SCALE 8-10) 1
DPTR FM NORMAL -341
[CDD (BASE 65) ]
TOTAL THIS MO. 393
DPTR FM NORMAL 137 [PRESSURE DATA]
TOTAL FM JAN 1 435 HIGHEST SLP M ON M
DPTR FM NORMAL 101 LOWEST SLP 29.38 ON 9
[REMARKS]
#FINAL-06-20#