000
CXUS53 KGLD 050333
CF6HLC
PRELIMINARY LOCAL CLIMATOLOGICAL DATA (WS FORM: F-6)

                                          STATION:   HILL CITY KS
                                          MONTH:     MAY
                                          YEAR:      2010
                                          LATITUDE:   39 22 N
                                          LONGITUDE:  99 50 W

  TEMPERATURE IN F:       :PCPN:    SNOW:  WIND      :SUNSHINE: SKY     :PK WND
================================================================================
1   2   3   4   5  6A  6B    7    8   9   10  11  12  13   14  15   16   17  18
                                     12Z  AVG MX 2MIN
DY MAX MIN AVG DEP HDD CDD  WTR  SNW DPTH SPD SPD DIR MIN PSBL S-S WX    SPD DR
================================================================================

 1  68  35  52  -4  13   0    T    M    M  5.9 16 310   M    M   2        21 260
 2  73  36  55  -2  10   0    T    M    M  6.8 22  10   M    M   3        28 350
 3  74  38  56  -1   9   0 0.00    M    M  8.4 24 230   M    M   2        30 220
 4  86  40  63   6   2   0 0.00    M    M  7.0 33  10   M    M   0        40  10
 5  70  41  56  -2   9   0 0.00    M    M  9.2 28 350   M    M   0        33 350
 6  77  40  59   1   6   0 0.27    M    M 15.6 37  10   M    M   4 13     46 360
 7  62  35  49  -9  16   0 0.04    M    M 17.9 32 330   M    M   2 13     41 330
 8  63  36  50  -9  15   0 0.00    M    M  7.9 16 130   M    M   4        22 130
 9  71  47  59   0   6   0 0.00    M    M 19.4 32 150   M    M   5 1      43 150
10  57  46  52  -7  13   0 0.19    M    M 11.0 20 130   M    M   9 13     25 130
11  62  42  52  -8  13   0 0.01    M    M 11.5 28  70   M    M   7 13     33  80
12  49  44  47 -13  18   0 0.59    M    M 14.6 25  60   M    M   7 13     32  60
13  64  37  51  -9  14   0 0.08    M    M  8.6 17 320   M    M   1 1      23 320
14  70  36  53  -8  12   0 0.00    M    M  6.9 20 140   M    M   0        25 140
15  69  42  56  -5   9   0 0.02    M    M  6.5 15 100   M    M   5 1      21 130
16  66  49  58  -3   7   0 0.99    M    M  6.2 17  30   M    M   8 13     22  30
17  73  50  62   0   3   0 0.00    M    M  4.8 12  60   M    M   5 1      15  40
18  74  47  61  -1   4   0    T    M    M 10.4 20 140   M    M   3 1      26 140
19  62  52  57  -5   8   0 1.13    M    M 11.5 21 110   M    M  10 1      26  80
20  62  49  56  -7   9   0 0.03    M    M  8.7 16  10   M    M  10 1      21 360
21  79  44  62  -1   3   0 0.00    M    M  7.8 18 150   M    M   2 1      28 130
22  90  66  78  15   0  13 0.00    M    M 21.8 36 180   M    M   2        46 180
23  90  59  75  11   0  10 0.00    M    M 12.2 26 190   M    M   0        38 190
24  84  65  75  11   0  10 0.00    M    M 19.9 39 180   M    M   4 3      49 180
25  78  58  68   4   0   3 0.36    M    M  8.1 29  90   M    M   6 13     35  90
26  82  53  68   3   0   3 0.00    M    M  5.0 13 130   M    M   2        18 160
27  88  58  73   8   0   8 0.00    M    M  9.6 22 140   M    M   0 12     28 150
28  92  65  79  13   0  14 0.00    M    M 11.7 22 150   M    M   0 18     29 180
29  94  68  81  15   0  16 0.00    M    M 15.8 26 150   M    M   0        36 150
30  77  53  65  -1   0   0 0.40    M    M 15.4 37 360   M    M   3 13     45  10
31  82  48  65  -2   0   0 0.00    M    M  5.3 13 170   M    M   1        18 170
================================================================================
SM 2288 1479       199  77  4.11    M    331.4          M      107
================================================================================
AV 73.8 47.7                              10.7 FASTST   M    M   3    MAX(MPH)
                                 MISC ---->  # 39 180               # 49  180
================================================================================
NOTES:
# LAST OF SEVERAL OCCURRENCES

COLUMN 17 PEAK WIND IN M.P.H.

PRELIMINARY LOCAL CLIMATOLOGICAL DATA (WS FORM: F-6) , PAGE 2

                                          STATION:  HILL CITY KS
                                          MONTH:    MAY
                                          YEAR:     2010
                                          LATITUDE:   39 22 N
                                          LONGITUDE:  99 50 W

[TEMPERATURE DATA]      [PRECIPITATION DATA]       SYMBOLS USED IN COLUMN 16

AVERAGE MONTHLY: 60.8   TOTAL FOR MONTH:   4.11    1 = FOG OR MIST
DPTR FM NORMAL:  -0.1   DPTR FM NORMAL:    0.48    2 = FOG REDUCING VISIBILITY
HIGHEST:    94 ON 29    GRTST 24HR  1.13 ON 19-19      TO 1/4 MILE OR LESS
LOWEST:     35 ON  7, 1                            3 = THUNDER
                        SNOW, ICE PELLETS, HAIL    4 = ICE PELLETS
                        TOTAL MONTH:    M          5 = HAIL
                        GRTST 24HR    M  ON   M    6 = FREEZING RAIN OR DRIZZLE
                        GRTST DEPTH:  M  ON   M    7 = DUSTSTORM OR SANDSTORM:
                                                       VSBY 1/2 MILE OR LESS
                                                   8 = SMOKE OR HAZE
[NO. OF DAYS WITH]      [WEATHER - DAYS WITH]      9 = BLOWING SNOW
                                                   X = TORNADO
MAX 32 OR BELOW:   0    0.01 INCH OR MORE:  12
MAX 90 OR ABOVE:   4    0.10 INCH OR MORE:   7
MIN 32 OR BELOW:   0    0.50 INCH OR MORE:   3
MIN  0 OR BELOW:   0    1.00 INCH OR MORE:   1

[HDD (BASE 65) ]
TOTAL THIS MO.   199    CLEAR  (SCALE 0-3)  17
DPTR FM NORMAL    19    PTCLDY (SCALE 4-7)  11
TOTAL FM JUL 1  5778    CLOUDY (SCALE 8-10)  3
DPTR FM NORMAL   199

[CDD (BASE 65) ]
TOTAL THIS MO.    77
DPTR FM NORMAL    24    [PRESSURE DATA]
TOTAL FM JAN 1    85    HIGHEST SLP M ON M
DPTR FM NORMAL    28    LOWEST  SLP 29.39 ON 22

[REMARKS]
#FINAL-05-10#
