000
CXUS53 KGLD 010800
CF6HLC
PRELIMINARY LOCAL CLIMATOLOGICAL DATA (WS FORM: F-6)

                                          STATION:   HILL CITY KS
                                          MONTH:     AUGUST
                                          YEAR:      2010
                                          LATITUDE:   39 22 N
                                          LONGITUDE:  99 50 W

  TEMPERATURE IN F:       :PCPN:    SNOW:  WIND      :SUNSHINE: SKY     :PK WND
================================================================================
1   2   3   4   5  6A  6B    7    8   9   10  11  12  13   14  15   16   17  18
                                     12Z  AVG MX 2MIN
DY MAX MIN AVG DEP HDD CDD  WTR  SNW DPTH SPD SPD DIR MIN PSBL S-S WX    SPD DR
================================================================================

 1 102  70  86   7   0  21 0.02    M    M  8.9 22 200   M    M   1        29 200
 2 103  71  87   9   0  22 0.00    M    M  9.7 20 250   M    M   0        25 250
 3  95  69  82   4   0  17 0.02    M    M  6.1 32 300   M    M   3 138    43 300
 4  88  68  78   0   0  13 0.18    M    M  8.9 25 350   M    M   3 13     35 350
 5  90  65  78   0   0  13 0.00    M    M  4.9 25  20   M    M   1 1      33  20
 6  91  67  79   1   0  14    T    M    M  5.5 17 180   M    M   2        21 180
 7 100  68  84   6   0  19 0.00    M    M  7.2 16 190   M    M   1        22 160
 8 104  71  88  10   0  23 0.00    M    M  5.5 18 250   M    M   0        25 240
 9  99  71  85   7   0  20 1.02    M    M  8.5 49 250   M    M   1 238    63 220
10  95  67  81   3   0  16 0.00    M    M  3.8 17 350   M    M   0        21 350
11  98  68  83   6   0  18 0.00    M    M  6.3 17  70   M    M   0        23  70
12 104  69  87  10   0  22    T    M    M  8.5 22 150   M    M   1 3      30 180
13  95  65  80   3   0  15 0.00    M    M  7.8 24 340   M    M   0        31 340
14  92  60  76  -1   0  11    T    M    M  7.4 25  30   M    M   0        31  30
15  83  61  72  -5   0   7 0.03    M    M  5.1 20 330   M    M   1 8      23 340
16  86  58  72  -5   0   7    T    M    M  7.5 20 340   M    M   3        29 160
17  83  65  74  -2   0   9    T    M    M  5.2 14 100   M    M   7 1      20  60
18  95  64  80   4   0  15 0.00    M    M  7.6 18 200   M    M   4 12     28 170
19 103  69  86  10   0  21 0.00    M    M 13.6 29 180   M    M   0 3      41 180
20  94  65  80   4   0  15 0.03    M    M  6.7 21 230   M    M   1 3      28 220
21 100  59  80   5   0  15 0.00    M    M  4.3 14 130   M    M   0 8      17 130
22  97  56  77   2   0  12 0.00    M    M  8.5 25 140   M    M   0        32 130
23 101  67  84   9   0  19 0.04    M    M 12.0 25  10   M    M   2 3      31  10
24  83  52  68  -7   0   3 0.00    M    M  8.8 21  70   M    M   1        28  80
25  86  48  67  -7   0   2 0.00    M    M  5.5 13 160   M    M   0        16 170
26  88  54  71  -3   0   6 0.00    M    M 10.1 22 180   M    M   0        30 180
27  92  57  75   1   0  10 0.00    M    M 12.2 25 170   M    M   0        33 170
28  94  65  80   6   0  15 0.00    M    M 16.9 30 180   M    M   0        43 180
29  95  73  84  11   0  19 0.00    M    M 21.4 35 180   M    M   0        48 170
30  94  73  84  11   0  19 0.00    M    M 18.3 33 170   M    M   0        46 160
31  94  66  80   7   0  15 0.00    M    M 10.8 24 360   M    M   0        28  10
================================================================================
SM 2924 2001         0 453  1.34    M    273.5          M       32
================================================================================
AV 94.3 64.5                               8.8 FASTST   M    M   1    MAX(MPH)
                                 MISC ---->  # 49 250               # 63  220
================================================================================
NOTES:
# LAST OF SEVERAL OCCURRENCES

COLUMN 17 PEAK WIND IN M.P.H.

PRELIMINARY LOCAL CLIMATOLOGICAL DATA (WS FORM: F-6) , PAGE 2

                                          STATION:  HILL CITY KS
                                          MONTH:    AUGUST
                                          YEAR:     2010
                                          LATITUDE:   39 22 N
                                          LONGITUDE:  99 50 W

[TEMPERATURE DATA]      [PRECIPITATION DATA]       SYMBOLS USED IN COLUMN 16

AVERAGE MONTHLY: 79.4   TOTAL FOR MONTH:   1.34    1 = FOG OR MIST
DPTR FM NORMAL:   3.7   DPTR FM NORMAL:   -1.35    2 = FOG REDUCING VISIBILITY
HIGHEST:   104 ON 12, 8 GRTST 24HR  1.02 ON  9- 9      TO 1/4 MILE OR LESS
LOWEST:     48 ON 25                               3 = THUNDER
                        SNOW, ICE PELLETS, HAIL    4 = ICE PELLETS
                        TOTAL MONTH:    M          5 = HAIL
                        GRTST 24HR    M  ON   M    6 = FREEZING RAIN OR DRIZZLE
                        GRTST DEPTH:  M  ON   M    7 = DUSTSTORM OR SANDSTORM:
                                                       VSBY 1/2 MILE OR LESS
                                                   8 = SMOKE OR HAZE
[NO. OF DAYS WITH]      [WEATHER - DAYS WITH]      9 = BLOWING SNOW
                                                   X = TORNADO
MAX 32 OR BELOW:   0    0.01 INCH OR MORE:   7
MAX 90 OR ABOVE:  24    0.10 INCH OR MORE:   2
MIN 32 OR BELOW:   0    0.50 INCH OR MORE:   1
MIN  0 OR BELOW:   0    1.00 INCH OR MORE:   1

[HDD (BASE 65) ]
TOTAL THIS MO.     0    CLEAR  (SCALE 0-3)  28
DPTR FM NORMAL    -7    PTCLDY (SCALE 4-7)   3
TOTAL FM JUL 1     0    CLOUDY (SCALE 8-10)  0
DPTR FM NORMAL    -7

[CDD (BASE 65) ]
TOTAL THIS MO.   453
DPTR FM NORMAL   116    [PRESSURE DATA]
TOTAL FM JAN 1  1422    HIGHEST SLP M ON M
DPTR FM NORMAL   389    LOWEST  SLP 29.56 ON 28

[REMARKS]
#FINAL-08-10#
