000
CXUS53 KGLD 042053
CF6HLC
PRELIMINARY LOCAL CLIMATOLOGICAL DATA (WS FORM: F-6)

                                          STATION:   HILL CITY KS
                                          MONTH:     APRIL
                                          YEAR:      2010
                                          LATITUDE:   39 22 N
                                          LONGITUDE:  99 50 W

  TEMPERATURE IN F:       :PCPN:    SNOW:  WIND      :SUNSHINE: SKY     :PK WND
================================================================================
1   2   3   4   5  6A  6B    7    8   9   10  11  12  13   14  15   16   17  18
                                     12Z  AVG MX 2MIN
DY MAX MIN AVG DEP HDD CDD  WTR  SNW DPTH SPD SPD DIR MIN PSBL S-S WX    SPD DR
================================================================================

 1  82  37  60  14   5   0 0.00    M    M 12.9 30 180   M    M   0 3      40 190
 2  62  33  48   1  17   0 0.00    M    M 15.1 29 300   M    M   1        38 280
 3  71  26  49   2  16   0 0.00    M    M 10.5 29 190   M    M   0        39 180
 4  70  31  51   3  14   0 0.00    M    M  4.6 17 350   M    M   0 8      21 350
 5  81  36  59  11   6   0 0.00    M    M  7.5 21 170   M    M   3        29 170
 6  65  36  51   3  14   0    T    M    M 13.5 33 340   M    M   5 1      41 340
 7  55  31  43  -6  22   0 0.10    M    M 19.5 38 350   M    M   5 1      47 340
 8  62  30  46  -3  19   0 0.00    M    M  6.3 18 320   M    M   2        25 350
 9  71  37  54   5  11   0 0.00    M    M  7.5 17  40   M    M   0        23  30
10  68  38  53   3  12   0 0.00    M    M 11.5 21  50   M    M   0        28  50
11  76  39  58   8   7   0 0.00    M    M  8.3 20 140   M    M   1 8      25 140
12  84  53  69  19   0   4 0.00    M    M 15.2 26 170   M    M   2 1      53 100
13  79  57  68  17   0   3 0.00    M    M 22.9 38 170   M    M   2 3      51 180
14  77  52  65  14   0   0 0.76    M    M  8.7 22 170   M    M   9 13     29 170
15  75  56  66  15   0   1 0.51    M    M 10.5 25 200   M    M   6 13     32 270
16  60  37  49  -3  16   0 0.13    M    M 11.4 22  60   M    M   4 1      28  50
17  63  33  48  -4  17   0 0.00    M    M  5.1 15  80   M    M   0        20 100
18  66  38  52   0  13   0 0.00    M    M  7.9 20 140   M    M   1        28 150
19  62  39  51  -2  14   0    T    M    M  6.1 17 180   M    M   4 12     23 180
20  60  39  50  -3  15   0 0.05    M    M  4.3 17 180   M    M   4 1      22 160
21  70  41  56   3   9   0 0.01    M    M  5.4 13 140   M    M   5 12     17 140
22  63  54  59   5   6   0 1.47    M    M 11.0 31  50   M    M  10 13     40  50
23  72  47  60   6   5   0 0.14    M    M 13.3 30 170   M    M   4 13     41 170
24  67  46  57   3   8   0    T    M    M 18.3 36 340   M    M   7 3      45 330
25  71  46  59   5   6   0 0.00    M    M 15.7 29 340   M    M   2        36 340
26  61  39  50  -5  15   0 0.00    M    M 18.5 35 320   M    M   2        47 330
27  65  36  51  -4  14   0 0.00    M    M  8.7 18 320   M    M   0        23 330
28  82  46  64   9   1   0 0.00    M    M 15.9 29 180   M    M   0        39 180
29  77  47  62   6   3   0 0.08    M    M 11.4 33 340   M    M   1 1      46 320
30  66  42  54  -2  11   0 0.09    M    M  6.0 35 250   M    M   4 13     40 260
================================================================================
SM 2083 1222       296   8  3.34    M    333.5          M       84
================================================================================
AV 69.4 40.7                              11.1 FASTST   M    M   3    MAX(MPH)
                                 MISC ---->  # 38 350               # 53  100
================================================================================
NOTES:
# LAST OF SEVERAL OCCURRENCES

COLUMN 17 PEAK WIND IN M.P.H.

PRELIMINARY LOCAL CLIMATOLOGICAL DATA (WS FORM: F-6) , PAGE 2

                                          STATION:  HILL CITY KS
                                          MONTH:    APRIL
                                          YEAR:     2010
                                          LATITUDE:   39 22 N
                                          LONGITUDE:  99 50 W

[TEMPERATURE DATA]      [PRECIPITATION DATA]       SYMBOLS USED IN COLUMN 16

AVERAGE MONTHLY: 55.1   TOTAL FOR MONTH:   3.34    1 = FOG OR MIST
DPTR FM NORMAL:   4.0   DPTR FM NORMAL:    1.23    2 = FOG REDUCING VISIBILITY
HIGHEST:    84 ON 12    GRTST 24HR  1.57 ON 22-23      TO 1/4 MILE OR LESS
LOWEST:     26 ON  3                               3 = THUNDER
                        SNOW, ICE PELLETS, HAIL    4 = ICE PELLETS
                        TOTAL MONTH:    M          5 = HAIL
                        GRTST 24HR    M  ON   M    6 = FREEZING RAIN OR DRIZZLE
                        GRTST DEPTH:  M  ON   M    7 = DUSTSTORM OR SANDSTORM:
                                                       VSBY 1/2 MILE OR LESS
                                                   8 = SMOKE OR HAZE
[NO. OF DAYS WITH]      [WEATHER - DAYS WITH]      9 = BLOWING SNOW
                                                   X = TORNADO
MAX 32 OR BELOW:   0    0.01 INCH OR MORE:  10
MAX 90 OR ABOVE:   0    0.10 INCH OR MORE:   6
MIN 32 OR BELOW:   4    0.50 INCH OR MORE:   3
MIN  0 OR BELOW:   0    1.00 INCH OR MORE:   1

[HDD (BASE 65) ]
TOTAL THIS MO.   296    CLEAR  (SCALE 0-3)  17
DPTR FM NORMAL  -126    PTCLDY (SCALE 4-7)  11
TOTAL FM JUL 1  5579    CLOUDY (SCALE 8-10)  2
DPTR FM NORMAL   165

[CDD (BASE 65) ]
TOTAL THIS MO.     8
DPTR FM NORMAL     4    [PRESSURE DATA]
TOTAL FM JAN 1     8    HIGHEST SLP M ON M
DPTR FM NORMAL     4    LOWEST  SLP 29.13 ON M

[REMARKS]
#FINAL-04-10#
