000
CXUS53 KGLD 010800
CF6HLC
PRELIMINARY LOCAL CLIMATOLOGICAL DATA (WS FORM: F-6)
STATION: HILL CITY KS
MONTH: MARCH
YEAR: 2020
LATITUDE: 39 22 N
LONGITUDE: 99 50 W
TEMPERATURE IN F: :PCPN: SNOW: WIND :SUNSHINE: SKY :PK WND
================================================================================
1 2 3 4 5 6A 6B 7 8 9 10 11 12 13 14 15 16 17 18
12Z AVG MX 2MIN
DY MAX MIN AVG DEP HDD CDD WTR SNW DPTH SPD SPD DIR MIN PSBL S-S WX SPD DR
================================================================================
1 59 30 45 8 20 0 0.00 M M 12.7 25 30 M M 0 39 350
2 54 29 42 5 23 0 0.00 M M 7.7 23 40 M M 4 28 30
3 63 28 46 8 19 0 0.00 M M 10.1 21 360 M M 0 28 360
4 66 26 46 8 19 0 0.00 M M 13.4 26 220 M M 0 41 200
5 59 25 42 4 23 0 0.00 M M 13.4 28 350 M M 0 37 360
6 68 18 43 4 22 0 0.00 M M 12.0 26 160 M M 0 37 160
7 74 45 60 21 5 0 0.00 M M 20.2 31 200 M M 0 48 190
8 76 49 63 24 2 0 0.00 M M 16.2 26 180 M M 1 42 180
9 56 30 43 3 22 0 0.05 M M 12.2 31 350 M M 7 1 40 350
10 67 28 48 8 17 0 0.00 M M 6.2 20 200 M M 3 1 28 190
11 73 30 52 12 13 0 0.00 M M 8.4 22 220 M M 0 1 31 220
12 59 34 47 6 18 0 0.00 M M 14.0 33 360 M M 0 42 360
13 42 27 35 -6 30 0 0.12 M M 8.9 21 90 M M 9 1 27 80
14 35 31 33 -8 32 0 0.06 M 0 11.5 16 70 M M 10 1 21 80
15 37 31 34 -8 31 0 0.01 M M 9.0 15 150 M M 10 1 19 150
16 47 36 42 0 23 0 T M M 7.2 16 30 M M 10 18 20 30
17 43 36 40 -2 25 0 0.00 M M 8.4 14 90 M M 10 12 17 70
18 59 43 51 9 14 0 0.00 M M 7.0 14 100 M M 8 12 18 90
19 74 29 52 9 13 0 T M M 19.1 47 10 M M 7 12 63 10
20 39 20 30 -13 35 0 0.00 0.0 0 14.3 40 350 M M 3 53 340
21 54 17 36 -7 29 0 0.00 M M 10.6 23 190 M M 1 31 170
22 53 35 44 0 21 0 0.02 M M 4.9 12 210 M M 6 1 17 200
23 67 35 51 7 14 0 0.00 M M 7.2 18 150 M M 2 1 25 150
24 75 47 61 17 4 0 0.00 M M 5.5 17 290 M M 6 128 24 280
25 80 43 62 17 3 0 0.00 M M 10.4 24 40 M M 0 18 32 50
26 47 41 44 -1 21 0 T M M 8.8 20 50 M M 10 1 28 20
27 49 44 47 2 18 0 0.00 M M 8.1 18 350 M M 10 1 21 350
28 47 38 43 -3 22 0 0.19 M M 15.0 39 330 M M 8 1 53 320
29 66 34 50 4 15 0 0.00 M M 8.9 20 280 M M 1 34 270
30 68 38 53 7 12 0 0.01 M M 10.0 29 180 M M 6 3 42 190
31 72 40 56 10 9 0 0.00 M M 10.5 18 200 M M 2 29 200
================================================================================
SM 1828 1037 574 0 0.46 0.0 331.8 M 134
================================================================================
AV 59.0 33.5 10.7 FASTST M M 4 MAX(MPH)
MISC ----> # 47 10 # 63 10
================================================================================
NOTES:
# LAST OF SEVERAL OCCURRENCES
COLUMN 17 PEAK WIND IN M.P.H.
PRELIMINARY LOCAL CLIMATOLOGICAL DATA (WS FORM: F-6) , PAGE 2
STATION: HILL CITY KS
MONTH: MARCH
YEAR: 2020
LATITUDE: 39 22 N
LONGITUDE: 99 50 W
[TEMPERATURE DATA] [PRECIPITATION DATA] SYMBOLS USED IN COLUMN 16
AVERAGE MONTHLY: 46.2 TOTAL FOR MONTH: 0.46 1 = FOG OR MIST
DPTR FM NORMAL: 4.4 DPTR FM NORMAL: -1.17 2 = FOG REDUCING VISIBILITY
HIGHEST: 80 ON 25 GRTST 24HR 0.19 ON 28-28 TO 1/4 MILE OR LESS
LOWEST: 17 ON 21 3 = THUNDER
SNOW, ICE PELLETS, HAIL 4 = ICE PELLETS
TOTAL MONTH: 0.0 INCH 5 = HAIL
GRTST 24HR 0.0 6 = FREEZING RAIN OR DRIZZLE
GRTST DEPTH: 0 7 = DUSTSTORM OR SANDSTORM:
VSBY 1/2 MILE OR LESS
8 = SMOKE OR HAZE
[NO. OF DAYS WITH] [WEATHER - DAYS WITH] 9 = BLOWING SNOW
X = TORNADO
MAX 32 OR BELOW: 0 0.01 INCH OR MORE: 7
MAX 90 OR ABOVE: 0 0.10 INCH OR MORE: 2
MIN 32 OR BELOW: 15 0.50 INCH OR MORE: 0
MIN 0 OR BELOW: 0 1.00 INCH OR MORE: 0
[HDD (BASE 65) ]
TOTAL THIS MO. 574 CLEAR (SCALE 0-3) 16
DPTR FM NORMAL -145 PTCLDY (SCALE 4-7) 8
TOTAL FM JUL 1 4606 CLOUDY (SCALE 8-10) 7
DPTR FM NORMAL -363
[CDD (BASE 65) ]
TOTAL THIS MO. 0
DPTR FM NORMAL 0 [PRESSURE DATA]
TOTAL FM JAN 1 0 HIGHEST SLP M ON M
DPTR FM NORMAL 0 LOWEST SLP 29.43 ON 19
[REMARKS]
#FINAL-03-20#