000
CXUS53 KGLD 010800
CF6HLC
PRELIMINARY LOCAL CLIMATOLOGICAL DATA (WS FORM: F-6)

                                          STATION:   HILL CITY KS
                                          MONTH:     JULY
                                          YEAR:      2010
                                          LATITUDE:   39 22 N
                                          LONGITUDE:  99 50 W

  TEMPERATURE IN F:       :PCPN:    SNOW:  WIND      :SUNSHINE: SKY     :PK WND
================================================================================
1   2   3   4   5  6A  6B    7    8   9   10  11  12  13   14  15   16   17  18
                                     12Z  AVG MX 2MIN
DY MAX MIN AVG DEP HDD CDD  WTR  SNW DPTH SPD SPD DIR MIN PSBL S-S WX    SPD DR
================================================================================

 1  93  62  78   2   0  13 0.00    M    M 13.0 25 150   M    M   1        33 150
 2  93  70  82   6   0  17 0.00    M    M 16.6 30 180   M    M   4        40 180
 3  95  71  83   6   0  18 0.00    M    M 17.3 29 170   M    M   5        39 170
 4  83  67  75  -2   0  10 0.00    M    M 11.7 23  10   M    M   9        28  10
 5  86  64  75  -2   0  10 0.24    M    M  6.5 23  60   M    M   4 18     28  50
 6  92  59  76  -1   0  11 0.00    M    M  6.6 17  80   M    M   0        22 180
 7  77  62  70  -7   0   5 0.90    M    M  9.5 33  20   M    M   4 13     43  20
 8  79  62  71  -6   0   6    T    M    M  5.8 12  30   M    M   5        14  30
 9  87  57  72  -6   0   7 0.00    M    M  2.3 10 130   M    M   1        15 130
10  95  66  81   3   0  16 0.00    M    M  9.3 21 200   M    M   1        29 200
11  96  63  80   2   0  15 0.00    M    M  8.0 16 360   M    M   0        21 360
12  90  68  79   1   0  14 0.01    M    M  7.2 18 130   M    M   3 1      25 150
13 108  65  87   9   0  22 0.00    M    M  8.8 20 200   M    M   1 12     28 200
14 105  76  91  13   0  26 0.00    M    M 13.7 23 360   M    M   1 3      29 360
15  91  72  82   4   0  17 0.00    M    M  9.1 14  90   M    M   3        21 120
16 101  69  85   7   0  20 0.00    M    M  5.7 17 140   M    M   2 128    21 150
17 108  69  89  11   0  24 0.00    M    M  8.6 16  50   M    M   0        22 220
18 100  70  85   7   0  20 0.00    M    M  9.1 23  80   M    M   0        30  80
19 103  72  88  10   0  23 0.04    M    M  6.7 31 310   M    M   0 38     40 300
20  87  69  78  -1   0  13 0.08    M    M  9.8 22  50   M    M   1 3      28  50
21  99  67  83   4   0  18 0.03    M    M 13.0 23 200   M    M   3 13     32 190
22 104  75  90  11   0  25    T    M    M 12.7 23 220   M    M   1        32 200
23 101  72  87   8   0  22 0.00    M    M  6.5 28  50   M    M   1 3      36  50
24  86  66  76  -3   0  11    T    M    M 10.7 25  20   M    M   1 3      31  20
25  92  62  77  -2   0  12 0.01    M    M  5.0 15  80   M    M   4 3      18 270
26  99  70  85   6   0  20 0.00    M    M 11.1 30 170   M    M   0         M  M
27  98  70  84   5   0  19 0.00    M    M 11.6 22 190   M    M   0 8      31 180
28  98  66  82   3   0  17 0.00    M    M  7.0 17  80   M    M   1 8      24  80
29  97  70  84   5   0  19    T    M    M  8.5 21 190   M    M   4 12     28 190
30  99  71  85   6   0  20 0.00    M    M  6.9 21  40   M    M   1        24  50
31  95  67  81   3   0  16 0.00    M    M  7.3 18  80   M    M   0        29 110
================================================================================
SM 2937 2089         0 506  1.31    M    285.6          M       61
================================================================================
AV 94.7 67.4                               9.2 FASTST   M    M   2    MAX(MPH)
                                 MISC ---->  # 33  20               # 43   20
================================================================================
NOTES:
# LAST OF SEVERAL OCCURRENCES

COLUMN 17 PEAK WIND IN M.P.H.

PRELIMINARY LOCAL CLIMATOLOGICAL DATA (WS FORM: F-6) , PAGE 2

                                          STATION:  HILL CITY KS
                                          MONTH:    JULY
                                          YEAR:     2010
                                          LATITUDE:   39 22 N
                                          LONGITUDE:  99 50 W

[TEMPERATURE DATA]      [PRECIPITATION DATA]       SYMBOLS USED IN COLUMN 16

AVERAGE MONTHLY: 81.1   TOTAL FOR MONTH:   1.31    1 = FOG OR MIST
DPTR FM NORMAL:   3.1   DPTR FM NORMAL:   -1.98    2 = FOG REDUCING VISIBILITY
HIGHEST:   108 ON 17,13 GRTST 24HR  0.90 ON  7- 7      TO 1/4 MILE OR LESS
LOWEST:     57 ON  9                               3 = THUNDER
                        SNOW, ICE PELLETS, HAIL    4 = ICE PELLETS
                        TOTAL MONTH:    M          5 = HAIL
                        GRTST 24HR    M  ON   M    6 = FREEZING RAIN OR DRIZZLE
                        GRTST DEPTH:  M  ON   M    7 = DUSTSTORM OR SANDSTORM:
                                                       VSBY 1/2 MILE OR LESS
                                                   8 = SMOKE OR HAZE
[NO. OF DAYS WITH]      [WEATHER - DAYS WITH]      9 = BLOWING SNOW
                                                   X = TORNADO
MAX 32 OR BELOW:   0    0.01 INCH OR MORE:   7
MAX 90 OR ABOVE:  24    0.10 INCH OR MORE:   2
MIN 32 OR BELOW:   0    0.50 INCH OR MORE:   1
MIN  0 OR BELOW:   0    1.00 INCH OR MORE:   0

[HDD (BASE 65) ]
TOTAL THIS MO.     0    CLEAR  (SCALE 0-3)  22
DPTR FM NORMAL     0    PTCLDY (SCALE 4-7)   8
TOTAL FM JUL 1     0    CLOUDY (SCALE 8-10)  1
DPTR FM NORMAL     0

[CDD (BASE 65) ]
TOTAL THIS MO.   506
DPTR FM NORMAL   103    [PRESSURE DATA]
TOTAL FM JAN 1   969    HIGHEST SLP M ON M
DPTR FM NORMAL   273    LOWEST  SLP 29.51 ON  3

[REMARKS]
#FINAL-07-10#
