000
CXUS53 KGLD 010800
CF6HLC
PRELIMINARY LOCAL CLIMATOLOGICAL DATA (WS FORM: F-6)

                                          STATION:   HILL CITY KS
                                          MONTH:     JANUARY
                                          YEAR:      2016
                                          LATITUDE:   39 22 N
                                          LONGITUDE:  99 50 W

  TEMPERATURE IN F:       :PCPN:    SNOW:  WIND      :SUNSHINE: SKY     :PK WND
================================================================================
1   2   3   4   5  6A  6B    7    8   9   10  11  12  13   14  15   16   17  18
                                     12Z  AVG MX 2MIN
DY MAX MIN AVG DEP HDD CDD  WTR  SNW DPTH SPD SPD DIR MIN PSBL S-S WX    SPD DR
================================================================================

 1  46  15  31   2  34   0 0.00    M    M  9.4 22 270   M    M   0        29 260
 2  46  16  31   2  34   0 0.00    M    M  8.2 18 320   M    M   0        24 320
 3  47  16  32   3  33   0 0.00    M    M  6.7 14 310   M    M   0        17  20
 4  43   9  26  -3  39   0 0.00    M    M  6.2 17 160   M    M   0 18     22 170
 5  48  23  36   7  29   0 0.00    M    M 13.3 24 190   M    M   2 1      33 180
 6  39  33  36   7  29   0 0.00    M    M  6.6 14 170   M    M  10 12     20 170
 7  37  33  35   6  30   0 0.16    M    M  6.9 14 360   M    M  10 12     20  40
 8  33  26  30   1  35   0    T    M    M 14.6 21 340   M    M  10 1      26 340
 9  28   5  17 -12  48   0    T    M    M 10.8 23 360   M    M   5 18     29 350
10  43   2  23  -6  42   0 0.00    M    M  4.4 16 220   M    M   2        20 220
11  49  21  35   6  30   0 0.00    M    M 10.2 22 330   M    M   1        30 320
12  46  19  33   4  32   0 0.00    M    M  6.5 18 350   M    M   0        25 350
13  59  24  42  13  23   0 0.00    M    M  9.0 16 230   M    M   0 8      23 240
14  62  28  45  16  20   0 0.00    M    M 13.5 30 320   M    M   0        38 310
15  45  23  34   5  31   0 0.00    M    M  6.9 14 330   M    M   4        17 330
16  46  21  34   5  31   0 0.00    M    M  7.0 18  50   M    M   7 1      22  50
17  21  12  17 -12  48   0    T    M    M  8.0 18  40   M    M   9 8      23  40
18  32  15  24  -5  41   0 0.00    M    M  9.6 16 170   M    M   8        22 170
19  33  23  28  -1  37   0    T    M    M  6.7 15 110   M    M  10 18     18 120
20  33  17  25  -4  40   0 0.11    M    M  6.5 18 140   M    M   6 128    23 130
21  31  19  25  -4  40   0 0.01    M    M  9.6 23 350   M    M   9 18     27 350
22  30  25  28  -2  37   0 0.00    M    M  5.8 13 210   M    M  10 18     17  20
23  46  25  36   6  29   0 0.00    M    M  8.5 16 220   M    M   6 1      23 200
24  42  25  34   4  31   0 0.00    M    M  3.9 12 100   M    M   0 18     14 110
25  43  23  33   3  32   0    T    M    M 13.7 28 340   M    M   6 1      37 350
26  49  20  35   5  30   0 0.00    M    M  6.6 15 310   M    M   0        19 280
27  59  21  40  10  25   0 0.00    M    M  8.8 22 330   M    M   0        28 340
28  65  30  48  18  17   0 0.00  0.0    0  9.0 22 320   M    M   0        28 310
29  65  27  46  16  19   0 0.00    M    M  9.5 33 340   M    M   0        41 330
30  60  29  45  15  20   0 0.00    M    M 10.4 28 360   M    M   0        36 360
31  52  33  43  13  22   0 0.00    M    M  9.9 26 360   M    M   5        35 360
================================================================================
SM 1378  658       988   0  0.28     0.0 266.7          M      120
================================================================================
AV 44.5 21.2                               8.6 FASTST   M    M   4    MAX(MPH)
                                 MISC ---->  # 33 340               # 41  330
================================================================================
NOTES:
# LAST OF SEVERAL OCCURRENCES

COLUMN 17 PEAK WIND IN M.P.H.

PRELIMINARY LOCAL CLIMATOLOGICAL DATA (WS FORM: F-6) , PAGE 2

                                          STATION:  HILL CITY KS
                                          MONTH:    JANUARY
                                          YEAR:     2016
                                          LATITUDE:   39 22 N
                                          LONGITUDE:  99 50 W

[TEMPERATURE DATA]      [PRECIPITATION DATA]       SYMBOLS USED IN COLUMN 16

AVERAGE MONTHLY: 32.8   TOTAL FOR MONTH:   0.28    1 = FOG OR MIST
DPTR FM NORMAL:   3.5   DPTR FM NORMAL:   -0.17    2 = FOG REDUCING VISIBILITY
HIGHEST:    65 ON 29,28 GRTST 24HR  0.16 ON  6- 7      TO 1/4 MILE OR LESS
LOWEST:      2 ON 10                               3 = THUNDER
                        SNOW, ICE PELLETS, HAIL    4 = ICE PELLETS
                        TOTAL MONTH:   0.0 INCH    5 = HAIL
                        GRTST 24HR     0.0         6 = FREEZING RAIN OR DRIZZLE
                        GRTST DEPTH:   0           7 = DUSTSTORM OR SANDSTORM:
                                                       VSBY 1/2 MILE OR LESS
                                                   8 = SMOKE OR HAZE
[NO. OF DAYS WITH]      [WEATHER - DAYS WITH]      9 = BLOWING SNOW
                                                   X = TORNADO
MAX 32 OR BELOW:   5    0.01 INCH OR MORE:   3
MAX 90 OR ABOVE:   0    0.10 INCH OR MORE:   2
MIN 32 OR BELOW:  28    0.50 INCH OR MORE:   0
MIN  0 OR BELOW:   0    1.00 INCH OR MORE:   0

[HDD (BASE 65) ]
TOTAL THIS MO.   988    CLEAR  (SCALE 0-3)  16
DPTR FM NORMAL  -119    PTCLDY (SCALE 4-7)   8
TOTAL FM JUL 1  2736    CLOUDY (SCALE 8-10)  7
DPTR FM NORMAL  -615

[CDD (BASE 65) ]
TOTAL THIS MO.     0
DPTR FM NORMAL     0    [PRESSURE DATA]
TOTAL FM JAN 1     0    HIGHEST SLP M ON M
DPTR FM NORMAL     0    LOWEST  SLP 29.40 ON 30

[REMARKS]
#FINAL-01-16#
