309
CXUS53 KGLD 021413
CF6HLC
PRELIMINARY LOCAL CLIMATOLOGICAL DATA (WS FORM: F-6)

                                          STATION:   HILL CITY KS
                                          MONTH:     OCTOBER
                                          YEAR:      2015
                                          LATITUDE:   39 22 N
                                          LONGITUDE:  99 50 W

  TEMPERATURE IN F:       :PCPN:    SNOW:  WIND      :SUNSHINE: SKY     :PK WND
================================================================================
1   2   3   4   5  6A  6B    7    8   9   10  11  12  13   14  15   16   17  18
                                     12Z  AVG MX 2MIN
DY MAX MIN AVG DEP HDD CDD  WTR  SNW DPTH SPD SPD DIR MIN PSBL S-S WX    SPD DR
================================================================================

 1  74  57  66   6   0   1 0.00    M    M  9.3 17 110   M    M   7        23 120
 2  69  45  57  -3   8   0 0.02    M    M  9.8 15 130   M    M   5 3      20 140
 3  57  48  53  -7  12   0 0.02    M    M  9.6 16 140   M    M   9 3      21 120
 4  69  51  60   1   5   0 0.00    M    M  8.9 16 140   M    M   6        22 170
 5  75  55  65   6   0   0 0.00    M    M  8.1 18 170   M    M   8        26 140
 6  79  48  64   6   1   0 0.00    M    M  4.6 15 170   M    M   5 1      25 160
 7  79  54  67   9   0   2 0.00    M    M  8.0 21 180   M    M   5        29 190
 8  87  54  71  14   0   6 0.12    M    M  9.2 31  20   M    M   1 138    42  30
 9  72  49  61   4   4   0    T    M    M  5.7 13 340   M    M   1 13     19  70
10  82  50  66  10   0   1 0.00    M    M  7.9 17 200   M    M   0        24 210
11  97  47  72  16   0   7 0.00    M    M  5.7 17  20   M    M   0        24  20
12  80  47  64   8   1   0 0.00    M    M 11.4 23 310   M    M   0        32 330
13  88  37  63   8   2   0 0.00    M    M  3.8 13 360   M    M   0 8      20  10
14  81  38  60   5   5   0 0.00    M    M  4.7 16 160   M    M   0 8      20 140
15  78  44  61   7   4   0 0.00    M    M 11.2 26  30   M    M   0        34  30
16  68  33  51  -3  14   0 0.00    M    M  6.1 16 150   M    M   0        20 170
17  66  45  56   2   9   0 0.00    M    M 11.1 22 130   M    M   6        29 140
18  86  45  66  13   0   1 0.00    M    M 14.9 33 200   M    M   0        44 190
19  86  59  73  20   0   8 0.00    M    M 14.9 24 210   M    M   0        33 180
20  91  51  71  19   0   6 0.00    M    M  7.4 33 220   M    M   0 8      41 210
21  66  54  60   8   5   0 0.08    M    M  7.9 20  30   M    M   7 1      25  30
22  67  53  60   8   5   0 0.98    M    M 11.3 21 170   M    M   8 1      29 180
23  67  47  57   6   8   0 0.00    M    M 13.2 25 320   M    M   7        34 330
24  66  36  51   0  14   0 0.00    M    M  5.5 14 310   M    M   0        19 320
25  70  37  54   4  11   0 0.00    M    M  6.9 18 180   M    M   0        23 170
26  67  40  54   4  11   0 0.00    M    M  7.4 20 140   M    M   0        24 160
27  66  45  56   6   9   0 0.25    M    M  6.2 31 340   M    M   5 1      39 340
28  65  39  52   3  13   0 0.00    M    M 10.9 29 350   M    M   1        38 350
29  55  28  42  -7  23   0 0.00    M    M  4.2  9 360   M    M   0        11 350
30  42  37  40  -8  25   0 0.61    M    M  4.2 12  80   M    M   7 1      34 190
31  71  37  54   6  11   0 0.01    M    M  7.6 21 330   M    M   3 12     27 330
================================================================================
SM 2266 1410       200  32  2.09    M    257.6          M       91
================================================================================
AV 73.1 45.5                               8.3 FASTST   M    M   3    MAX(MPH)
                                 MISC ---->  # 33 200               # 44  190
================================================================================
NOTES:
# LAST OF SEVERAL OCCURRENCES

COLUMN 17 PEAK WIND IN M.P.H.

PRELIMINARY LOCAL CLIMATOLOGICAL DATA (WS FORM: F-6) , PAGE 2

                                          STATION:  HILL CITY KS
                                          MONTH:    OCTOBER
                                          YEAR:     2015
                                          LATITUDE:   39 22 N
                                          LONGITUDE:  99 50 W

[TEMPERATURE DATA]      [PRECIPITATION DATA]       SYMBOLS USED IN COLUMN 16

AVERAGE MONTHLY: 59.3   TOTAL FOR MONTH:   2.09    1 = FOG OR MIST
DPTR FM NORMAL:   5.3   DPTR FM NORMAL:    0.57    2 = FOG REDUCING VISIBILITY
HIGHEST:    97 ON 11    GRTST 24HR  0.99 ON 21-22      TO 1/4 MILE OR LESS
LOWEST:     28 ON 29                               3 = THUNDER
                        SNOW, ICE PELLETS, HAIL    4 = ICE PELLETS
                        TOTAL MONTH:    M          5 = HAIL
                        GRTST 24HR    M  ON   M    6 = FREEZING RAIN OR DRIZZLE
                        GRTST DEPTH:  M  ON   M    7 = DUSTSTORM OR SANDSTORM:
                                                       VSBY 1/2 MILE OR LESS
                                                   8 = SMOKE OR HAZE
[NO. OF DAYS WITH]      [WEATHER - DAYS WITH]      9 = BLOWING SNOW
                                                   X = TORNADO
MAX 32 OR BELOW:   0    0.01 INCH OR MORE:   8
MAX 90 OR ABOVE:   2    0.10 INCH OR MORE:   4
MIN 32 OR BELOW:   1    0.50 INCH OR MORE:   2
MIN  0 OR BELOW:   0    1.00 INCH OR MORE:   0

[HDD (BASE 65) ]
TOTAL THIS MO.   200    CLEAR  (SCALE 0-3)  18
DPTR FM NORMAL  -159    PTCLDY (SCALE 4-7)  11
TOTAL FM JUL 1   216    CLOUDY (SCALE 8-10)  2
DPTR FM NORMAL  -220

[CDD (BASE 65) ]
TOTAL THIS MO.    32
DPTR FM NORMAL    14    [PRESSURE DATA]
TOTAL FM JAN 1  1593    HIGHEST SLP 30.58 ON 16
DPTR FM NORMAL   293    LOWEST  SLP 29.56 ON 11

[REMARKS]
#FINAL-10-15#
