000
CXUS53 KGLD 010800
CF6HLC
PRELIMINARY LOCAL CLIMATOLOGICAL DATA (WS FORM: F-6)
STATION: HILL CITY KS
MONTH: NOVEMBER
YEAR: 2023
LATITUDE: 39 22 N
LONGITUDE: 99 50 W
TEMPERATURE IN F: :PCPN: SNOW: WIND :SUNSHINE: SKY :PK WND
================================================================================
1 2 3 4 5 6A 6B 7 8 9 10 11 12 13 14 15 16 17 18
12Z AVG MX 2MIN
DY MAX MIN AVG DEP HDD CDD WTR SNW DPTH SPD SPD DIR MIN PSBL S-S WX SPD DR
================================================================================
1 64 23 44 -3 21 0 0.00 M M 6.5 12 50 M M 0 16 160
2 73 23 48 1 17 0 0.00 M M 4.7 14 210 M M 0 19 200
3 71 43 57 11 8 0 0.00 M M 8.5 22 20 M M 0 28 340
4 68 39 54 8 11 0 0.00 M M 6.8 18 130 M M 1 26 130
5 73 38 56 10 9 0 0.00 M M 9.0 22 180 M M 1 12 31 180
6 73 40 57 12 8 0 0.00 M M 4.0 9 110 M M 0 13 110
7 78 34 56 11 9 0 0.00 M M 5.4 14 360 M M 2 128 19 200
8 69 43 56 12 9 0 0.00 M M 15.4 28 360 M M 3 1 35 350
9 63 27 45 1 20 0 0.00 M M 7.7 18 340 M M 0 23 350
10 63 20 42 -1 23 0 0.00 M M 7.3 17 180 M M 0 23 180
11 65 41 53 10 12 0 0.00 M M 11.1 25 210 M M 1 35 190
12 71 32 52 10 13 0 0.00 M M 7.4 17 330 M M 0 26 310
13 72 25 49 7 16 0 0.00 M M 7.6 18 170 M M 0 25 150
14 70 34 52 10 13 0 0.00 M M 9.9 22 190 M M 0 8 31 190
15 74 27 51 10 14 0 0.00 M M 5.2 13 160 M M 0 17 170
16 68 41 55 14 10 0 0.00 M M 9.1 23 10 M M 1 18 30 10
17 62 27 45 5 20 0 0.00 M M 5.2 15 220 M M 0 8 21 230
18 72 29 51 11 14 0 0.00 M M 6.8 17 150 M M 0 24 150
19 56 49 53 13 12 0 0.33 M M 7.8 15 20 M M 10 123 21 150
20 50 43 47 8 18 0 0.02 M M 14.1 25 360 M M 10 1 33 10
21 54 28 41 2 24 0 0.00 M M 14.3 31 340 M M 1 39 330
22 72 23 48 10 17 0 0.00 M M 7.5 16 240 M M 0 25 230
23 44 28 36 -2 29 0 0.00 M M 16.3 28 50 M M 0 38 50
24 28 23 26 -12 39 0 T M M 13.3 24 40 M M 9 8 30 40
25 26 21 24 -13 41 0 0.03 M M 6.0 14 290 M M 10 18 20 300
26 41 17 29 -8 36 0 0.00 M M 11.7 25 340 M M 0 33 340
27 49 22 36 0 29 0 0.00 M M 8.9 21 300 M M 0 29 290
28 58 20 39 3 26 0 0.00 M M 7.2 17 310 M M 0 25 300
29 62 23 43 7 22 0 0.00 M M 7.8 16 220 M M 0 22 170
30 47 27 37 2 28 0 0.00 M M 16.2 26 30 M M 0 34 40
================================================================================
SM 1836 910 568 0 0.38 M 268.7 M 49
================================================================================
AV 61.2 30.3 9.0 FASTST M M 2 MAX(MPH)
MISC ----> 31 340 39 330
================================================================================
NOTES:
# LAST OF SEVERAL OCCURRENCES
COLUMN 17 PEAK WIND IN M.P.H.
PRELIMINARY LOCAL CLIMATOLOGICAL DATA (WS FORM: F-6) , PAGE 2
STATION: HILL CITY KS
MONTH: NOVEMBER
YEAR: 2023
LATITUDE: 39 22 N
LONGITUDE: 99 50 W
[TEMPERATURE DATA] [PRECIPITATION DATA] SYMBOLS USED IN COLUMN 16
AVERAGE MONTHLY: 45.8 TOTAL FOR MONTH: 0.38 1 = FOG OR MIST
DPTR FM NORMAL: 4.7 DPTR FM NORMAL: -0.28 2 = FOG REDUCING VISIBILITY
HIGHEST: 78 ON 7 GRTST 24HR 0.33 ON 19-19 TO 1/4 MILE OR LESS
LOWEST: 17 ON 26 3 = THUNDER
SNOW, ICE PELLETS, HAIL 4 = ICE PELLETS
TOTAL MONTH: M 5 = HAIL
GRTST 24HR M ON M 6 = FREEZING RAIN OR DRIZZLE
GRTST DEPTH: M ON M 7 = DUSTSTORM OR SANDSTORM:
VSBY 1/2 MILE OR LESS
8 = SMOKE OR HAZE
[NO. OF DAYS WITH] [WEATHER - DAYS WITH] 9 = BLOWING SNOW
X = TORNADO
MAX 32 OR BELOW: 2 0.01 INCH OR MORE: 3
MAX 90 OR ABOVE: 0 0.10 INCH OR MORE: 1
MIN 32 OR BELOW: 19 0.50 INCH OR MORE: 0
MIN 0 OR BELOW: 0 1.00 INCH OR MORE: 0
[HDD (BASE 65) ]
TOTAL THIS MO. 568 CLEAR (SCALE 0-3) 25
DPTR FM NORMAL -149 PTCLDY (SCALE 4-7) 1
TOTAL FM JUL 1 896 CLOUDY (SCALE 8-10) 4
DPTR FM NORMAL -237
[CDD (BASE 65) ]
TOTAL THIS MO. 0
DPTR FM NORMAL 0 [PRESSURE DATA]
TOTAL FM JAN 1 1573 HIGHEST SLP M ON M
DPTR FM NORMAL 180 LOWEST SLP 29.60 ON 7
[REMARKS]
#FINAL-11-23#