000
CXUS53 KGLD 010800
CF6HLC
PRELIMINARY LOCAL CLIMATOLOGICAL DATA (WS FORM: F-6)

                                          STATION:   HILL CITY KS
                                          MONTH:     JUNE
                                          YEAR:      2010
                                          LATITUDE:   39 22 N
                                          LONGITUDE:  99 50 W

  TEMPERATURE IN F:       :PCPN:    SNOW:  WIND      :SUNSHINE: SKY     :PK WND
================================================================================
1   2   3   4   5  6A  6B    7    8   9   10  11  12  13   14  15   16   17  18
                                     12Z  AVG MX 2MIN
DY MAX MIN AVG DEP HDD CDD  WTR  SNW DPTH SPD SPD DIR MIN PSBL S-S WX    SPD DR
================================================================================

 1  96  63  80  13   0  15 0.09    M    M  9.6 35  30   M    M   0 13     45  40
 2  81  58  70   2   0   5 0.00    M    M 10.4 26  10   M    M   1        35 360
 3  90  54  72   4   0   7 0.00    M    M  8.7 22 200   M    M   0 1      29 190
 4  98  63  81  13   0  16 0.00    M    M  5.8 15 200   M    M   0        22 200
 5  96  65  81  12   0  16 0.00    M    M  9.3 21 350   M    M   0        29 330
 6  87  63  75   6   0  10 0.24    M    M  6.8 24 350   M    M   1 13     30 350
 7  83  62  73   4   0   8 0.40    M    M 14.4 31 140   M    M   6 13     41 160
 8  85  64  75   5   0  10 0.06    M    M 10.4 39  20   M    M   5 1      47  20
 9  83  57  70   0   0   5 0.01    M    M  8.0 18 150   M    M   4        24 140
10  97  72  85  15   0  20 0.00    M    M 18.3 38 160   M    M   5        52 160
11  94  69  82  11   0  17 0.00    M    M  9.9 25  40   M    M   3 13     31  40
12  75  64  70  -1   0   5 0.13    M    M 10.1 22 350   M    M   9 13     29 350
13  81  64  73   2   0   8 0.26    M    M  7.2 18 170   M    M   7 13     25 150
14  78  58  68  -4   0   3 0.00    M    M 10.9 20 340   M    M   6 1      25 350
15  88  55  72   0   0   7 0.00    M    M  4.3 13 180   M    M   0        17 180
16  94  65  80   8   0  15 0.00    M    M 12.5 26 170   M    M   1        33 170
17  97  71  84  11   0  19 0.00    M    M  9.7 24 200   M    M   0 3      33 210
18  90  68  79   6   0  14 0.00    M    M  9.7 21  10   M    M   0        24  20
19  98  64  81   8   0  16 0.28    M    M 12.1 35 360   M    M   2 13     41 360
20  98  66  82   8   0  17 0.14    M    M 12.6 31 160   M    M   4 3      40 160
21  94  64  79   5   0  14 0.05    M    M 12.5 39 350   M    M   0 3      47 350
22 103  66  85  11   0  20 0.10    M    M  9.5 35 200   M    M   1 3      45 240
23  86  61  74   0   0   9 0.00    M    M 11.7 25 350   M    M   0        33 340
24  89  56  73  -2   0   8 0.00    M    M  7.1 20 170   M    M   0        25 180
25 103  68  86  11   0  21 0.00    M    M 10.9 24 190   M    M   0        31 190
26 106  73  90  15   0  25 0.02    M    M  9.7 32 320   M    M   0 3      40 320
27  90  60  75   0   0  10 0.00    M    M  9.2 29 310   M    M   1        40 320
28  95  57  76   0   0  11 0.00    M    M  5.5 17 250   M    M   1        22 250
29  96  58  77   1   0  12 0.00    M    M  5.7 17  90   M    M   0        21  90
30  95  64  80   4   0  15 0.00    M    M  8.4 20 140   M    M   0        28 140
================================================================================
SM 2746 1892         0 378  1.78    M    290.9          M       57
================================================================================
AV 91.5 63.1                               9.7 FASTST   M    M   2    MAX(MPH)
                                 MISC ---->  # 39  20               # 52  160
================================================================================
NOTES:
# LAST OF SEVERAL OCCURRENCES

COLUMN 17 PEAK WIND IN M.P.H.

PRELIMINARY LOCAL CLIMATOLOGICAL DATA (WS FORM: F-6) , PAGE 2

                                          STATION:  HILL CITY KS
                                          MONTH:    JUNE
                                          YEAR:     2010
                                          LATITUDE:   39 22 N
                                          LONGITUDE:  99 50 W

[TEMPERATURE DATA]      [PRECIPITATION DATA]       SYMBOLS USED IN COLUMN 16

AVERAGE MONTHLY: 77.3   TOTAL FOR MONTH:   1.78    1 = FOG OR MIST
DPTR FM NORMAL:   5.3   DPTR FM NORMAL:   -0.67    2 = FOG REDUCING VISIBILITY
HIGHEST:   106 ON 26    GRTST 24HR  0.64 ON  6- 7      TO 1/4 MILE OR LESS
LOWEST:     54 ON  3                               3 = THUNDER
                        SNOW, ICE PELLETS, HAIL    4 = ICE PELLETS
                        TOTAL MONTH:    M          5 = HAIL
                        GRTST 24HR    M  ON   M    6 = FREEZING RAIN OR DRIZZLE
                        GRTST DEPTH:  M  ON   M    7 = DUSTSTORM OR SANDSTORM:
                                                       VSBY 1/2 MILE OR LESS
                                                   8 = SMOKE OR HAZE
[NO. OF DAYS WITH]      [WEATHER - DAYS WITH]      9 = BLOWING SNOW
                                                   X = TORNADO
MAX 32 OR BELOW:   0    0.01 INCH OR MORE:  12
MAX 90 OR ABOVE:  19    0.10 INCH OR MORE:   7
MIN 32 OR BELOW:   0    0.50 INCH OR MORE:   0
MIN  0 OR BELOW:   0    1.00 INCH OR MORE:   0

[HDD (BASE 65) ]
TOTAL THIS MO.     0    CLEAR  (SCALE 0-3)  22
DPTR FM NORMAL   -28    PTCLDY (SCALE 4-7)   7
TOTAL FM JUL 1  5778    CLOUDY (SCALE 8-10)  1
DPTR FM NORMAL   170

[CDD (BASE 65) ]
TOTAL THIS MO.   378
DPTR FM NORMAL   142    [PRESSURE DATA]
TOTAL FM JAN 1   463    HIGHEST SLP M ON M
DPTR FM NORMAL   170    LOWEST  SLP 29.42 ON 10

[REMARKS]
#FINAL-06-10#
