000
CXUS53 KGLD 010800
CF6HLC
PRELIMINARY LOCAL CLIMATOLOGICAL DATA (WS FORM: F-6)

                                          STATION:   HILL CITY KS
                                          MONTH:     SEPTEMBER
                                          YEAR:      2015
                                          LATITUDE:   39 22 N
                                          LONGITUDE:  99 50 W

  TEMPERATURE IN F:       :PCPN:    SNOW:  WIND      :SUNSHINE: SKY     :PK WND
================================================================================
1   2   3   4   5  6A  6B    7    8   9   10  11  12  13   14  15   16   17  18
                                     12Z  AVG MX 2MIN
DY MAX MIN AVG DEP HDD CDD  WTR  SNW DPTH SPD SPD DIR MIN PSBL S-S WX    SPD DR
================================================================================

 1 100  70  85  12   0  20    T    M    M  7.1 16 180   M    M   1        23 180
 2 102  70  86  13   0  21 0.00    M    M 10.2 17 170   M    M   0        26 150
 3 102  72  87  15   0  22 0.00    M    M 12.5 25 190   M    M   0        36 200
 4 100  72  86  14   0  21 0.00    M    M 12.0 21 180   M    M   0        31 230
 5 102  74  88  16   0  23 0.00    M    M 15.3 28 180   M    M   1        37 200
 6  99  71  85  13   0  20 0.00    M    M 11.2 21 360   M    M   0        25 360
 7  89  67  78   7   0  13 0.00    M    M  9.1 17 320   M    M   3 18     21 320
 8  88  65  77   6   0  12 0.00    M    M  8.0 18  90   M    M   3 13     23  90
 9  91  62  77   7   0  12    T    M    M  9.3 30 190   M    M   3 1      39 190
10  94  57  76   6   0  11 0.00    M    M  8.8 29  40   M    M   1        39  30
11  78  55  67  -3   0   2 0.00    M    M  7.7 16  20   M    M   3 8      21  20
12  89  50  70   1   0   5 0.00    M    M  7.5 20 110   M    M   3        27  80
13  95  54  75   6   0  10 0.00    M    M  8.8 20 170   M    M   0 18     27 190
14  93  66  80  12   0  15 0.00    M    M 11.6 22 170   M    M   0 8      30 160
15 103  72  88  20   0  23 0.00    M    M 19.4 33 180   M    M   0 8      46 180
16  99  70  85  18   0  20 0.00    M    M 17.8 28 200   M    M   0        38 190
17  92  65  79  12   0  14 0.00    M    M 15.1 28 190   M    M   0        37 190
18  78  52  65  -1   0   0    T    M    M 14.4 28  30   M    M   4 8      35  20
19  75  47  61  -5   4   0 0.00    M    M  6.9 15 350   M    M   4        19 350
20  86  52  69   3   0   4 0.00    M    M  8.1 20 170   M    M   0        24 160
21  90  56  73   8   0   8 0.00    M    M  8.9 18 170   M    M   3 12     23 170
22  97  67  82  17   0  17    T    M    M  9.9 25 220   M    M   1 8      34 200
23  81  66  74  10   0   9 0.28    M    M 13.8 25 180   M    M   6 18     36 180
24  84  61  73   9   0   8 0.00    M    M  9.0 17 320   M    M   2 1      22 310
25  75  59  67   4   0   2 0.01    M    M  9.2 18 360   M    M   9 1      23 350
26  79  60  70   7   0   5 0.04    M    M  6.3 13 150   M    M   6 18     17 190
27  88  55  72  10   0   7 0.00    M    M  7.7 18 200   M    M   0 18     25 180
28  92  58  75  13   0  10 0.00    M    M  6.5 16 170   M    M   0        23 180
29  69  50  60  -1   5   0 0.03    M    M  7.9 21  40   M    M   5 1      26  30
30  71  47  59  -2   6   0 0.00    M    M  4.8 14 140   M    M   8 12     22 150
================================================================================
SM 2681 1842        15 334  0.36    M    304.8          M       66
================================================================================
AV 89.4 61.4                              10.2 FASTST   M    M   2    MAX(MPH)
                                 MISC ---->  # 33 180               # 46  180
================================================================================
NOTES:
# LAST OF SEVERAL OCCURRENCES

COLUMN 17 PEAK WIND IN M.P.H.

PRELIMINARY LOCAL CLIMATOLOGICAL DATA (WS FORM: F-6) , PAGE 2

                                          STATION:  HILL CITY KS
                                          MONTH:    SEPTEMBER
                                          YEAR:     2015
                                          LATITUDE:   39 22 N
                                          LONGITUDE:  99 50 W

[TEMPERATURE DATA]      [PRECIPITATION DATA]       SYMBOLS USED IN COLUMN 16

AVERAGE MONTHLY: 75.4   TOTAL FOR MONTH:   0.36    1 = FOG OR MIST
DPTR FM NORMAL:   8.0   DPTR FM NORMAL:   -1.52    2 = FOG REDUCING VISIBILITY
HIGHEST:   103 ON 15    GRTST 24HR  0.28 ON 23-23      TO 1/4 MILE OR LESS
LOWEST:     47 ON 30,19                            3 = THUNDER
                        SNOW, ICE PELLETS, HAIL    4 = ICE PELLETS
                        TOTAL MONTH:    M          5 = HAIL
                        GRTST 24HR    M  ON   M    6 = FREEZING RAIN OR DRIZZLE
                        GRTST DEPTH:  M  ON   M    7 = DUSTSTORM OR SANDSTORM:
                                                       VSBY 1/2 MILE OR LESS
                                                   8 = SMOKE OR HAZE
[NO. OF DAYS WITH]      [WEATHER - DAYS WITH]      9 = BLOWING SNOW
                                                   X = TORNADO
MAX 32 OR BELOW:   0    0.01 INCH OR MORE:   4
MAX 90 OR ABOVE:  16    0.10 INCH OR MORE:   1
MIN 32 OR BELOW:   0    0.50 INCH OR MORE:   0
MIN  0 OR BELOW:   0    1.00 INCH OR MORE:   0

[HDD (BASE 65) ]
TOTAL THIS MO.    15    CLEAR  (SCALE 0-3)  20
DPTR FM NORMAL   -59    PTCLDY (SCALE 4-7)   9
TOTAL FM JUL 1    16    CLOUDY (SCALE 8-10)  1
DPTR FM NORMAL   -61

[CDD (BASE 65) ]
TOTAL THIS MO.   334
DPTR FM NORMAL   188    [PRESSURE DATA]
TOTAL FM JAN 1  1561    HIGHEST SLP M ON M
DPTR FM NORMAL   279    LOWEST  SLP 29.59 ON 15

[REMARKS]
#FINAL-09-15#
