000
CXUS53 KGLD 021420
CF6HLC
PRELIMINARY LOCAL CLIMATOLOGICAL DATA (WS FORM: F-6)
STATION: HILL CITY KS
MONTH: OCTOBER
YEAR: 2023
LATITUDE: 39 22 N
LONGITUDE: 99 50 W
TEMPERATURE IN F: :PCPN: SNOW: WIND :SUNSHINE: SKY :PK WND
================================================================================
1 2 3 4 5 6A 6B 7 8 9 10 11 12 13 14 15 16 17 18
12Z AVG MX 2MIN
DY MAX MIN AVG DEP HDD CDD WTR SNW DPTH SPD SPD DIR MIN PSBL S-S WX SPD DR
================================================================================
1 90 71 81 19 0 16 0.00 M M 16.7 30 180 M M 1 45 150
2 91 61 76 15 0 11 0.00 M M 14.1 25 160 M M 1 37 170
3 83 50 67 6 0 2 0.25 M M 10.4 31 270 M M 3 13 44 280
4 75 47 61 1 4 0 0.00 M M 7.8 21 350 M M 0 24 350
5 75 47 61 1 4 0 0.00 M M 10.3 27 360 M M 1 33 360
6 62 32 47 -12 18 0 T M M 12.9 32 360 M M 5 8 40 350
7 74 27 51 -8 14 0 0.00 M M 5.1 15 250 M M 0 21 240
8 84 42 63 5 2 0 0.00 M M 5.7 14 360 M M 0 19 20
9 74 39 57 -1 8 0 0.00 M M 3.7 10 110 M M 0 16 70
10 81 45 63 6 2 0 T M M 7.4 20 140 M M 0 29 130
11 87 44 66 9 0 1 0.00 M M 10.3 26 150 M M 0 8 37 150
12 75 49 62 6 3 0 0.00 M M 14.6 30 270 M M 5 8 43 300
13 57 44 51 -5 14 0 0.00 M M 24.5 44 330 M M 8 8 60 320
14 54 39 47 -8 18 0 0.00 M M 12.9 23 340 M M 8 31 330
15 55 29 42 -13 23 0 0.00 M M 8.5 18 10 M M 7 25 340
16 69 28 49 -5 16 0 0.00 M M 4.3 9 280 M M 0 12 180
17 85 36 61 7 4 0 0.00 M M 6.7 14 200 M M 0 21 200
18 78 49 64 10 1 0 0.00 M M 12.9 32 10 M M 0 46 360
19 86 42 64 11 1 0 0.00 M M 10.1 22 320 M M 0 36 320
20 93 42 68 16 0 3 0.00 M M 6.9 17 300 M M 0 8 30 260
21 81 42 62 10 3 0 0.00 M M 8.0 17 80 M M 0 24 100
22 83 42 63 11 2 0 0.00 M M 8.0 20 130 M M 0 30 130
23 87 42 65 14 0 0 0.00 M M 10.4 23 190 M M 0 35 190
24 73 56 65 14 0 0 0.00 M M 12.5 24 200 M M 6 36 210
25 66 51 59 9 6 0 0.27 M M 8.0 17 10 M M 9 123 20 10
26 75 39 57 7 8 0 0.01 M M 11.4 40 350 M M 9 1 53 350
27 46 30 38 -11 27 0 0.00 M M 14.0 28 360 M M 3 35 360
28 35 26 31 -18 34 0 0.00 M M 13.0 23 10 M M 8 28 360
29 36 20 28 -20 37 0 T M M 13.3 24 360 M M 7 8 30 340
30 52 13 33 -15 32 0 0.00 M M 7.5 21 340 M M 0 27 340
31 41 19 30 -18 35 0 0.00 M M 7.7 20 360 M M 0 26 360
================================================================================
SM 2203 1243 316 33 0.53 M 319.6 M 81
================================================================================
AV 71.1 40.1 10.3 FASTST M M 3 MAX(MPH)
MISC ----> 44 330 60 320
================================================================================
NOTES:
# LAST OF SEVERAL OCCURRENCES
COLUMN 17 PEAK WIND IN M.P.H.
PRELIMINARY LOCAL CLIMATOLOGICAL DATA (WS FORM: F-6) , PAGE 2
STATION: HILL CITY KS
MONTH: OCTOBER
YEAR: 2023
LATITUDE: 39 22 N
LONGITUDE: 99 50 W
[TEMPERATURE DATA] [PRECIPITATION DATA] SYMBOLS USED IN COLUMN 16
AVERAGE MONTHLY: 55.6 TOTAL FOR MONTH: 0.53 1 = FOG OR MIST
DPTR FM NORMAL: 1.1 DPTR FM NORMAL: -1.07 2 = FOG REDUCING VISIBILITY
HIGHEST: 93 ON 20 GRTST 24HR 0.27 ON 25-25 TO 1/4 MILE OR LESS
LOWEST: 13 ON 30 3 = THUNDER
SNOW, ICE PELLETS, HAIL 4 = ICE PELLETS
TOTAL MONTH: M 5 = HAIL
GRTST 24HR M ON M 6 = FREEZING RAIN OR DRIZZLE
GRTST DEPTH: M ON M 7 = DUSTSTORM OR SANDSTORM:
VSBY 1/2 MILE OR LESS
8 = SMOKE OR HAZE
[NO. OF DAYS WITH] [WEATHER - DAYS WITH] 9 = BLOWING SNOW
X = TORNADO
MAX 32 OR BELOW: 0 0.01 INCH OR MORE: 3
MAX 90 OR ABOVE: 3 0.10 INCH OR MORE: 2
MIN 32 OR BELOW: 9 0.50 INCH OR MORE: 0
MIN 0 OR BELOW: 0 1.00 INCH OR MORE: 0
[HDD (BASE 65) ]
TOTAL THIS MO. 316 CLEAR (SCALE 0-3) 20
DPTR FM NORMAL -31 PTCLDY (SCALE 4-7) 6
TOTAL FM JUL 1 328 CLOUDY (SCALE 8-10) 5
DPTR FM NORMAL -89
[CDD (BASE 65) ]
TOTAL THIS MO. 33
DPTR FM NORMAL 11 [PRESSURE DATA]
TOTAL FM JAN 1 1573 HIGHEST SLP 30.63 ON 31
DPTR FM NORMAL 180 LOWEST SLP 29.24 ON 12
[REMARKS]
#FINAL-10-23#