000
CXUS53 KGLD 010800
CF6HLC
PRELIMINARY LOCAL CLIMATOLOGICAL DATA (WS FORM: F-6)

                                          STATION:   HILL CITY KS
                                          MONTH:     NOVEMBER
                                          YEAR:      2013
                                          LATITUDE:   39 22 N
                                          LONGITUDE:  99 50 W

  TEMPERATURE IN F:       :PCPN:    SNOW:  WIND      :SUNSHINE: SKY     :PK WND
================================================================================
1   2   3   4   5  6A  6B    7    8   9   10  11  12  13   14  15   16   17  18
                                     12Z  AVG MX 2MIN
DY MAX MIN AVG DEP HDD CDD  WTR  SNW DPTH SPD SPD DIR MIN PSBL S-S WX    SPD DR
================================================================================

 1  61  33  47   0  18   0    T    M    M 12.6 25 340   M    M   2        33 320
 2  63  29  46  -1  19   0 0.00    M    M  7.3 16 160   M    M   0        23 160
 3  73  45  59  13   6   0    T    M    M 16.9 37 200   M    M   1 8      51 200
 4  58  33  46   0  19   0 0.00    M    M 11.2 30 340   M    M   0        39 340
 5  44  32  38  -8  27   0 0.69    M    M 11.6 25 340   M    M   8 13     32 340
 6  54  28  41  -4  24   0 0.00    M    M  5.9 17 290   M    M   2        23 290
 7  57  27  42  -3  23   0 0.00    M    M  4.6  9 290   M    M   0        12 170
 8  71  38  55  11  10   0 0.00    M    M  6.3 18 210   M    M   0        24 210
 9  63  33  48   4  17   0 0.00    M    M  5.9 13 100   M    M   0        16 110
10  58  30  44   1  21   0 0.00    M    M  5.2 15 220   M    M   4        20 220
11  48  25  37  -6  28   0 0.00    M    M 12.9 24  20   M    M   7 1      29  20
12  42  13  28 -14  37   0 0.00    M    M  4.8 17 260   M    M   1        38 330
13  64  27  46   4  19   0 0.00    M    M  9.7 24 210   M    M   0        30 210
14  60  29  45   4  20   0 0.00    M    M  9.5 29  30   M    M   0        36  30
15  64  26  45   4  20   0 0.00    M    M  7.1 21 180   M    M   0        28 180
16  64  40  52  12  13   0 0.00    M    M  6.0 15 190   M    M   2        18 130
17  57  24  41   1  24   0 0.00    M    M 14.6 40 300   M    M   1        56 300
18  61  23  42   3  23   0 0.00    M    M  8.8 20 220   M    M   0        26 200
19  62  28  45   6  20   0 0.00    M    M  9.0 24 190   M    M   0        33 180
20  69  37  53  15  12   0 0.00    M    M  4.4 16 290   M    M   0        21 310
21  45  20  33  -5  32   0    T    M    M 20.7 28 350   M    M   9        36 360
22  34  17  26 -12  39   0 0.00    M    M  7.6 26 350   M    M   2        33 350
23  32  16  24 -13  41   0 0.00    M    M  5.8 14  20   M    M   0        17  10
24  39  16  28  -9  37   0    T    M    M 11.1 21 170   M    M   6        26 170
25  43  26  35  -1  30   0 0.00    M    M  6.4 14 330   M    M   8        18 340
26  39  10  25 -11  40   0 0.00    M    M  9.4 22 360   M    M   0        30 360
27  53   9  31  -4  34   0 0.00    M    M  8.3 18 200   M    M   0        24 210
28  41  20  31  -4  34   0 0.00    M    M  4.7 14  20   M    M   0        18  40
29  55  16  36   2  29   0 0.00    M    M  4.1 14 170   M    M   0 1      18 190
30  66  21  44  10  21   0 0.00    M    M  5.6 13 300   M    M   0        15 290
================================================================================
SM 1640  771       737   0  0.69    M    258.0          M       53
================================================================================
AV 54.7 25.7                               8.6 FASTST   M    M   2    MAX(MPH)
                                 MISC ---->  # 40 300               # 56  300
================================================================================
NOTES:
# LAST OF SEVERAL OCCURRENCES

COLUMN 17 PEAK WIND IN M.P.H.

PRELIMINARY LOCAL CLIMATOLOGICAL DATA (WS FORM: F-6) , PAGE 2

                                          STATION:  HILL CITY KS
                                          MONTH:    NOVEMBER
                                          YEAR:     2013
                                          LATITUDE:   39 22 N
                                          LONGITUDE:  99 50 W

[TEMPERATURE DATA]      [PRECIPITATION DATA]       SYMBOLS USED IN COLUMN 16

AVERAGE MONTHLY: 40.2   TOTAL FOR MONTH:   0.69    1 = FOG OR MIST
DPTR FM NORMAL:  -0.5   DPTR FM NORMAL:   -0.26    2 = FOG REDUCING VISIBILITY
HIGHEST:    73 ON  3    GRTST 24HR  0.69 ON  5- 5      TO 1/4 MILE OR LESS
LOWEST:      9 ON 27                               3 = THUNDER
                        SNOW, ICE PELLETS, HAIL    4 = ICE PELLETS
                        TOTAL MONTH:    M          5 = HAIL
                        GRTST 24HR    M  ON   M    6 = FREEZING RAIN OR DRIZZLE
                        GRTST DEPTH:  M  ON   M    7 = DUSTSTORM OR SANDSTORM:
                                                       VSBY 1/2 MILE OR LESS
                                                   8 = SMOKE OR HAZE
[NO. OF DAYS WITH]      [WEATHER - DAYS WITH]      9 = BLOWING SNOW
                                                   X = TORNADO
MAX 32 OR BELOW:   1    0.01 INCH OR MORE:   1
MAX 90 OR ABOVE:   0    0.10 INCH OR MORE:   1
MIN 32 OR BELOW:  23    0.50 INCH OR MORE:   1
MIN  0 OR BELOW:   0    1.00 INCH OR MORE:   0

[HDD (BASE 65) ]
TOTAL THIS MO.   737    CLEAR  (SCALE 0-3)  24
DPTR FM NORMAL     6    PTCLDY (SCALE 4-7)   4
TOTAL FM JUL 1  1143    CLOUDY (SCALE 8-10)  2
DPTR FM NORMAL   -24

[CDD (BASE 65) ]
TOTAL THIS MO.     0
DPTR FM NORMAL     0    [PRESSURE DATA]
TOTAL FM JAN 1  1582    HIGHEST SLP M ON M
DPTR FM NORMAL   282    LOWEST  SLP 29.30 ON 16

[REMARKS]
#FINAL-11-13#
