000
CXUS53 KGLD 041527
CF6HLC
PRELIMINARY LOCAL CLIMATOLOGICAL DATA (WS FORM: F-6)

                                          STATION:   HILL CITY KS
                                          MONTH:     DECEMBER
                                          YEAR:      2016
                                          LATITUDE:   39 22 N
                                          LONGITUDE:  99 50 W

  TEMPERATURE IN F:       :PCPN:    SNOW:  WIND      :SUNSHINE: SKY     :PK WND
================================================================================
1   2   3   4   5  6A  6B    7    8   9   10  11  12  13   14  15   16   17  18
                                     12Z  AVG MX 2MIN
DY MAX MIN AVG DEP HDD CDD  WTR  SNW DPTH SPD SPD DIR MIN PSBL S-S WX    SPD DR
================================================================================

 1  50  15  33  -1  32   0 0.00    M    M  5.1 12 320   M    M   0 8      13 330
 2  47  16  32  -1  33   0 0.00    M    M  4.5  9  20   M    M   2        12  30
 3  34  27  31  -2  34   0 0.03    M    M  2.7  8 260   M    M  10 1      11 280
 4  53  23  38   5  27   0 0.00    M    M  7.5 15 310   M    M   1 1      24 300
 5  54  30  42  10  23   0 0.00    M    M 10.8 31 360   M    M   2        40 350
 6  38  20  29  -3  36   0 0.00    M    M  7.3 18 350   M    M   2        23 350
 7  26   9  18 -14  47   0    T    M    M  9.9 16  30   M    M   8 18     21  40
 8  24   0  12 -19  53   0 0.00    M    M  7.4 17 330   M    M   0        20 330
 9  34   1  18 -13  47   0 0.00    M    M  8.2 21 170   M    M   5        25 170
10  39  16  28  -3  37   0 0.00    M    M  7.0 17 180   M    M   0        21 160
11  39  15  27  -4  38   0    T    M    M  9.2 25 360   M    M   2 8      32 350
12  43  14  29  -1  36   0 0.00    M    M  7.8 20  40   M    M   3        24  50
13  27   8  18 -12  47   0 0.00    M    M  6.5 15  10   M    M   0        19  10
14  27  12  20 -10  45   0 0.00    M    M  6.9 20  30   M    M   5        28  20
15  31  17  24  -6  41   0 0.00    M    M 12.1 26 170   M    M   3        36 180
16  30  17  24  -6  41   0    T    M    M 12.0 28 360   M    M   9 126    35 350
17  16 -12   2 -28  63   0    T    M    M 16.7 30  10   M    M   8 1      36  10
18  22 -16   3 -26  62   0 0.00    M    M  6.9 16 200   M    M   0        21 220
19  38   0  19 -10  46   0 0.03    M    M  9.2 23 220   M    M   0        29 230
20  51  15  33   4  32   0 0.00    M    M  6.1 14 350   M    M   0        20 350
21  53  25  39  10  26   0 0.00    M    M  9.9 29  20   M    M   0        35  20
22  45  20  33   4  32   0    T    M    M  7.7 22 220   M    M   5 1      29 210
23  53  20  37   8  28   0    T    M    M  9.8 18 330   M    M   4        27 150
24  52  10  31   2  34   0 0.00    M    M  7.2 16 170   M    M   0 1      21 160
25  60  26  43  14  22   0 0.36    M    M 14.5 39 220   M    M   6 123    53 220
26  46  19  33   4  32   0 0.00    M    M  8.4 20 300   M    M   0        26 300
27  49  16  33   4  32   0 0.00    M    M  6.5 20 220   M    M   0        26 210
28  53  22  38   9  27   0    T    M    M  8.9 30 310   M    M   3        40 350
29  48  19  34   5  31   0 0.00    M    M  8.6 21 320   M    M   0        27 330
30  61  19  40  11  25   0 0.00    M    M  7.3 26  20   M    M   0        33  20
31  44  21  33   4  32   0 0.00    M    M  6.6 21  30   M    M   0        28  30
================================================================================
SM 1287  444      1141   0  0.42    M    259.2          M       78
================================================================================
AV 41.5 14.3                               8.4 FASTST   M    M   3    MAX(MPH)
                                 MISC ---->  # 39 220               # 53  220
================================================================================
NOTES:
# LAST OF SEVERAL OCCURRENCES

COLUMN 17 PEAK WIND IN M.P.H.

PRELIMINARY LOCAL CLIMATOLOGICAL DATA (WS FORM: F-6) , PAGE 2

                                          STATION:  HILL CITY KS
                                          MONTH:    DECEMBER
                                          YEAR:     2016
                                          LATITUDE:   39 22 N
                                          LONGITUDE:  99 50 W

[TEMPERATURE DATA]      [PRECIPITATION DATA]       SYMBOLS USED IN COLUMN 16

AVERAGE MONTHLY: 27.9   TOTAL FOR MONTH:   0.42    1 = FOG OR MIST
DPTR FM NORMAL:  -2.4   DPTR FM NORMAL:   -0.27    2 = FOG REDUCING VISIBILITY
HIGHEST:    61 ON 30    GRTST 24HR  0.36 ON 25-25      TO 1/4 MILE OR LESS
LOWEST:    -16 ON 18                               3 = THUNDER
                        SNOW, ICE PELLETS, HAIL    4 = ICE PELLETS
                        TOTAL MONTH:    M          5 = HAIL
                        GRTST 24HR    M  ON   M    6 = FREEZING RAIN OR DRIZZLE
                        GRTST DEPTH:  M  ON   M    7 = DUSTSTORM OR SANDSTORM:
                                                       VSBY 1/2 MILE OR LESS
                                                   8 = SMOKE OR HAZE
[NO. OF DAYS WITH]      [WEATHER - DAYS WITH]      9 = BLOWING SNOW
                                                   X = TORNADO
MAX 32 OR BELOW:   8    0.01 INCH OR MORE:   3
MAX 90 OR ABOVE:   0    0.10 INCH OR MORE:   1
MIN 32 OR BELOW:  31    0.50 INCH OR MORE:   0
MIN  0 OR BELOW:   4    1.00 INCH OR MORE:   0

[HDD (BASE 65) ]
TOTAL THIS MO.  1141    CLEAR  (SCALE 0-3)  22
DPTR FM NORMAL    64    PTCLDY (SCALE 4-7)   7
TOTAL FM JUL 1  1903    CLOUDY (SCALE 8-10)  2
DPTR FM NORMAL  -341

[CDD (BASE 65) ]
TOTAL THIS MO.     0
DPTR FM NORMAL     0    [PRESSURE DATA]
TOTAL FM JAN 1  1448    HIGHEST SLP 30.84 ON  8
DPTR FM NORMAL   148    LOWEST  SLP 29.31 ON 25

[REMARKS]
#FINAL-12-16#
