000
CXUS53 KGLD 011634
CF6HLC
PRELIMINARY LOCAL CLIMATOLOGICAL DATA (WS FORM: F-6)

                                          STATION:   HILL CITY KS
                                          MONTH:     FEBRUARY
                                          YEAR:      2014
                                          LATITUDE:   39 22 N
                                          LONGITUDE:  99 50 W

  TEMPERATURE IN F:       :PCPN:    SNOW:  WIND      :SUNSHINE: SKY     :PK WND
================================================================================
1   2   3   4   5  6A  6B    7    8   9   10  11  12  13   14  15   16   17  18
                                     12Z  AVG MX 2MIN
DY MAX MIN AVG DEP HDD CDD  WTR  SNW DPTH SPD SPD DIR MIN PSBL S-S WX    SPD DR
================================================================================

 1  23   8  16 -14  49   0 0.00    M    M  9.8 22  20   M    M   7        27  20
 2  32  -2  15 -15  50   0 0.00    M    M  7.3 13 190   M    M   0        18 180
 3  33   6  20 -10  45   0 0.00    M    M  7.8 23 150   M    M   6        30 150
 4  25   5  15 -16  50   0 0.13    M    M 18.3 33  20   M    M  10 1289   39  20
 5   8  -4   2 -29  63   0    T    M    M 11.0 24 360   M    M   4 8      31 360
 6   8  -6   1 -30  64   0 0.00    M    M  3.8 10 170   M    M   9        12 180
 7  16   4  10 -21  55   0 0.00    M    M  7.4 16 310   M    M  10 18     21 190
 8  32  15  24  -7  41   0 0.00    M    M  6.8 16 230   M    M   5 18     24 310
 9  21  11  16 -15  49   0 0.07    M    M 11.0 18  30   M    M  10 18     22  50
10  15   6  11 -21  54   0 0.02    M    M  5.6 12 140   M    M   8 18     14 100
11  31   7  19 -13  46   0 0.00    M    M 10.0 18 210   M    M   5        24 250
12  37  25  31  -1  34   0 0.00    M    M 11.6 24 290   M    M   1         M  M
13  55  29  42  10  23   0    T    M    M  9.3 20 250   M    M   0        25 260
14  53  31  42  10  23   0 0.00    M    M 14.3 26 350   M    M   2        32 350
15  60  33  47  14  18   0 0.00    M    M 10.7 25 360   M    M   3        31 350
16  59  23  41   8  24   0 0.00    M    M  9.7 30 320   M    M   0        35 180
17  63  37  50  17  15   0 0.00    M    M 16.2 37 340   M    M   0        49 340
18  70  33  52  18  13   0 0.00    M    M 13.1 31 340   M    M   0        44 290
19  58  28  43   9  22   0 0.00    M    M  8.2 23 160   M    M   0        30 190
20  45  26  36   2  29   0 0.11    M    M 19.3 41 360   M    M   4 1      52 360
21  54  25  40   6  25   0 0.00    M    M  9.6 22 300   M    M   0        28 300
22  52  22  37   2  28   0 0.00    M    M 10.2 20  50   M    M   0        25  90
23  30  23  27  -8  38   0 0.00    M    M 10.7 21  50   M    M  10        27  50
24  45  22  34  -1  31   0 0.00    M    M 11.2 28  10   M    M   5        32  10
25  22   9  16 -20  49   0 0.03    M    M 11.3 23 350   M    M   5 18     29 350
26  40  -5  18 -18  47   0 0.00    M    M  9.0 22 220   M    M   0        27 250
27  46  10  28  -8  37   0 0.00    M    M 10.8 21 150   M    M   0        29 140
28  49  19  34  -3  31   0 0.00    M    M 10.4 26  20   M    M   3        32  20
================================================================================
SM 1082  440      1053   0  0.36    M    294.4          M      107
================================================================================
AV 38.6 15.7                              10.5 FASTST   M    M   4    MAX(MPH)
                                 MISC ---->  # 41 360               # 52  360
================================================================================
NOTES:
# LAST OF SEVERAL OCCURRENCES

COLUMN 17 PEAK WIND IN M.P.H.

PRELIMINARY LOCAL CLIMATOLOGICAL DATA (WS FORM: F-6) , PAGE 2

                                          STATION:  HILL CITY KS
                                          MONTH:    FEBRUARY
                                          YEAR:     2014
                                          LATITUDE:   39 22 N
                                          LONGITUDE:  99 50 W

[TEMPERATURE DATA]      [PRECIPITATION DATA]       SYMBOLS USED IN COLUMN 16

AVERAGE MONTHLY: 27.2   TOTAL FOR MONTH:   0.36    1 = FOG OR MIST
DPTR FM NORMAL:  -5.7   DPTR FM NORMAL:   -0.16    2 = FOG REDUCING VISIBILITY
HIGHEST:    70 ON 18    GRTST 24HR  0.13 ON  4- 4      TO 1/4 MILE OR LESS
LOWEST:     -6 ON  6                               3 = THUNDER
                        SNOW, ICE PELLETS, HAIL    4 = ICE PELLETS
                        TOTAL MONTH:    M          5 = HAIL
                        GRTST 24HR    M  ON   M    6 = FREEZING RAIN OR DRIZZLE
                        GRTST DEPTH:  M  ON   M    7 = DUSTSTORM OR SANDSTORM:
                                                       VSBY 1/2 MILE OR LESS
                                                   8 = SMOKE OR HAZE
[NO. OF DAYS WITH]      [WEATHER - DAYS WITH]      9 = BLOWING SNOW
                                                   X = TORNADO
MAX 32 OR BELOW:  12    0.01 INCH OR MORE:   5
MAX 90 OR ABOVE:   0    0.10 INCH OR MORE:   2
MIN 32 OR BELOW:  25    0.50 INCH OR MORE:   0
MIN  0 OR BELOW:   4    1.00 INCH OR MORE:   0

[HDD (BASE 65) ]
TOTAL THIS MO.  1053    CLEAR  (SCALE 0-3)  12
DPTR FM NORMAL   154    PTCLDY (SCALE 4-7)  10
TOTAL FM JUL 1  4342    CLOUDY (SCALE 8-10)  6
DPTR FM NORMAL    92

[CDD (BASE 65) ]
TOTAL THIS MO.     0
DPTR FM NORMAL     0    [PRESSURE DATA]
TOTAL FM JAN 1     0    HIGHEST SLP 30.81 ON  5
DPTR FM NORMAL     0    LOWEST  SLP 29.45 ON 20

[REMARKS]
#FINAL-02-14#
