000
CXUS53 KGLD 010800
CF6HLC
PRELIMINARY LOCAL CLIMATOLOGICAL DATA (WS FORM: F-6)

                                          STATION:   HILL CITY KS
                                          MONTH:     OCTOBER
                                          YEAR:      2013
                                          LATITUDE:   39 22 N
                                          LONGITUDE:  99 50 W

  TEMPERATURE IN F:       :PCPN:    SNOW:  WIND      :SUNSHINE: SKY     :PK WND
================================================================================
1   2   3   4   5  6A  6B    7    8   9   10  11  12  13   14  15   16   17  18
                                     12Z  AVG MX 2MIN
DY MAX MIN AVG DEP HDD CDD  WTR  SNW DPTH SPD SPD DIR MIN PSBL S-S WX    SPD DR
================================================================================

 1  79  48  64   4   1   0 0.00    M    M  7.2 21  50   M    M   0        26  30
 2  84  58  71  11   0   6 0.00    M    M  6.6 18 150   M    M   3        25 170
 3  85  55  70  10   0   5 0.00    M    M  7.2 18 110   M    M   3 12     23 130
 4  69  43  56  -3   9   0 0.01    M    M 13.8 29 310   M    M   4 12     40 320
 5  57  38  48 -11  17   0 0.00    M    M 17.9 31 310   M    M   2        43 300
 6  71  41  56  -2   9   0 0.00    M    M 14.2 28 330   M    M   0        36 330
 7  81  37  59   1   6   0 0.00    M    M  7.7 14 200   M    M   0        20 190
 8  84  52  68  11   0   3 0.00    M    M 14.4 28 170   M    M   0        36 170
 9  84  55  70  13   0   5 0.00    M    M 13.3 22 170   M    M   0        30 180
10  86  51  69  13   0   4 0.34    M    M 13.7 32 160   M    M   0 13     44 160
11  73  46  60   4   5   0 0.00    M    M 11.1 24 290   M    M   1        31 300
12  67  40  54  -2  11   0 0.00    M    M  4.0 13  30   M    M   1        16  30
13  70  35  53  -2  12   0    T    M    M  9.0 23 140   M    M   4 1      30 130
14  73  44  59   4   6   0 0.30    M    M 16.3 26 310   M    M   7 13     40 300
15  56  34  45  -9  20   0 0.00    M    M 13.6 26 330   M    M   2        36 340
16  58  31  45  -9  20   0 0.00    M    M  7.1 15 220   M    M   0        21 230
17  61  34  48  -6  17   0 0.00    M    M  8.9 18 340   M    M   0        24 340
18  52  32  42 -11  23   0 0.26    M    M  6.1 22 330   M    M   7 1      28 330
19  68  32  50  -3  15   0 0.00    M    M  7.5 18 270   M    M   0        26 280
20  66  34  50  -2  15   0 0.00    M    M  8.1 18 340   M    M   2        25 350
21  64  29  47  -5  18   0 0.00    M    M  6.8 20 300   M    M   2        25 320
22  69  40  55   3  10   0 0.00    M    M  8.5 21 350   M    M   3        28 360
23  73  33  53   2  12   0 0.00    M    M  6.6 18 350   M    M   0        28 360
24  52  30  41 -10  24   0 0.00    M    M  4.2 10  90   M    M   4        15  90
25  61  33  47  -3  18   0 0.00    M    M  7.7 20 200   M    M   0        28 180
26  62  32  47  -3  18   0 0.00    M    M  7.0 17  20   M    M   0        23 360
27  78  31  55   5  10   0 0.00    M    M  7.9 18 230   M    M   0 8      25 220
28  56  39  48  -1  17   0 0.05    M    M  9.8 18  80   M    M   5 1      22  30
29  47  41  44  -5  21   0 0.10    M    M  8.3 16 330   M    M  10 1      22 330
30  51  34  43  -5  22   0 0.00    M    M  4.4 12 330   M    M   7 1      15 350
31  64  34  49   1  16   0 0.00    M    M 11.2 28 300   M    M   2 1      38 300
================================================================================
SM 2101 1216       372  23  1.06    M    290.1          M       69
================================================================================
AV 67.8 39.2                               9.4 FASTST   M    M   2    MAX(MPH)
                                 MISC ---->  # 32 160               # 44  160
================================================================================
NOTES:
# LAST OF SEVERAL OCCURRENCES

COLUMN 17 PEAK WIND IN M.P.H.

PRELIMINARY LOCAL CLIMATOLOGICAL DATA (WS FORM: F-6) , PAGE 2

                                          STATION:  HILL CITY KS
                                          MONTH:    OCTOBER
                                          YEAR:     2013
                                          LATITUDE:   39 22 N
                                          LONGITUDE:  99 50 W

[TEMPERATURE DATA]      [PRECIPITATION DATA]       SYMBOLS USED IN COLUMN 16

AVERAGE MONTHLY: 53.5   TOTAL FOR MONTH:   1.06    1 = FOG OR MIST
DPTR FM NORMAL:  -0.5   DPTR FM NORMAL:   -0.46    2 = FOG REDUCING VISIBILITY
HIGHEST:    86 ON 10    GRTST 24HR  0.34 ON 10-10      TO 1/4 MILE OR LESS
LOWEST:     29 ON 21                               3 = THUNDER
                        SNOW, ICE PELLETS, HAIL    4 = ICE PELLETS
                        TOTAL MONTH:    M          5 = HAIL
                        GRTST 24HR    M  ON   M    6 = FREEZING RAIN OR DRIZZLE
                        GRTST DEPTH:  M  ON   M    7 = DUSTSTORM OR SANDSTORM:
                                                       VSBY 1/2 MILE OR LESS
                                                   8 = SMOKE OR HAZE
[NO. OF DAYS WITH]      [WEATHER - DAYS WITH]      9 = BLOWING SNOW
                                                   X = TORNADO
MAX 32 OR BELOW:   0    0.01 INCH OR MORE:   6
MAX 90 OR ABOVE:   0    0.10 INCH OR MORE:   4
MIN 32 OR BELOW:   7    0.50 INCH OR MORE:   0
MIN  0 OR BELOW:   0    1.00 INCH OR MORE:   0

[HDD (BASE 65) ]
TOTAL THIS MO.   372    CLEAR  (SCALE 0-3)  23
DPTR FM NORMAL    13    PTCLDY (SCALE 4-7)   7
TOTAL FM JUL 1   406    CLOUDY (SCALE 8-10)  1
DPTR FM NORMAL   -30

[CDD (BASE 65) ]
TOTAL THIS MO.    23
DPTR FM NORMAL     5    [PRESSURE DATA]
TOTAL FM JAN 1  1582    HIGHEST SLP M ON M
DPTR FM NORMAL   282    LOWEST  SLP 29.45 ON 10

[REMARKS]
#FINAL-10-13#
