000
CXUS53 KGLD 010800
CF6HLC
PRELIMINARY LOCAL CLIMATOLOGICAL DATA (WS FORM: F-6)

                                          STATION:   HILL CITY KS
                                          MONTH:     SEPTEMBER
                                          YEAR:      2013
                                          LATITUDE:   39 22 N
                                          LONGITUDE:  99 50 W

  TEMPERATURE IN F:       :PCPN:    SNOW:  WIND      :SUNSHINE: SKY     :PK WND
================================================================================
1   2   3   4   5  6A  6B    7    8   9   10  11  12  13   14  15   16   17  18
                                     12Z  AVG MX 2MIN
DY MAX MIN AVG DEP HDD CDD  WTR  SNW DPTH SPD SPD DIR MIN PSBL S-S WX    SPD DR
================================================================================

 1  89  59  74   1   0   9 0.00    M    M  9.6 24  50   M    M   1        33  50
 2  90  52  71  -2   0   6 0.00    M    M  3.5 12 150   M    M   0 18     15 140
 3  95  59  77   5   0  12 0.00    M    M  8.2 20 170   M    M   0        25 160
 4  98  64  81   9   0  16 0.00    M    M  8.5 21 160   M    M   0        28 140
 5  99  61  80   8   0  15 0.00    M    M  6.6 18 140   M    M   0        23 140
 6 103  64  84  12   0  19 0.00    M    M  8.9 18 200   M    M   0 8      25 200
 7 105  69  87  16   0  22 0.00    M    M  6.8 13 200   M    M   0        18 190
 8 103  68  86  15   0  21 0.00    M    M  7.8 20 180   M    M   0        26 170
 9  97  73  85  15   0  20 0.00    M    M 13.3 24 200   M    M   0        35 170
10  96  71  84  14   0  19    T    M    M  8.5 31 290   M    M   1 3      45 270
11  92  66  79   9   0  14 0.49    M    M  5.6 24 230   M    M   3 13     30 230
12  73  68  71   2   0   6 0.35    M    M  3.3 14 100   M    M   8 1      17 110
13  72  58  65  -4   0   0 0.21    M    M  6.6 16 130   M    M   5 1      21 130
14  79  59  69   1   0   4    T    M    M  8.4 17 180   M    M   4        24 180
15  72  61  67  -1   0   2 0.01    M    M  9.9 22  30   M    M   7 1      29  30
16  61  56  59  -8   6   0 0.12    M    M  6.2 16  60   M    M  10 1      22  60
17  87  58  73   6   0   8 0.01    M    M  9.5 20 180   M    M   6 1      28 190
18  93  68  81  15   0  16 0.00    M    M 12.7 21 220   M    M   0        28 200
19  77  53  65  -1   0   0 0.31    M    M  9.2 25  10   M    M   2 1      33  10
20  75  47  61  -5   4   0 0.00    M    M  3.7 12  10   M    M   0        14 330
21  84  50  67   2   0   2 0.00    M    M  9.1 18 190   M    M   0        24 190
22  85  58  72   7   0   7 0.00    M    M 14.6 29 170   M    M   0        39 170
23  80  58  69   5   0   4    T    M    M 16.2 33 190   M    M   2        46 180
24  80  47  64   0   1   0 0.00    M    M  9.5 24 350   M    M   0 18     32 340
25  88  46  67   4   0   2 0.00    M    M 12.9 29 170   M    M   0        37 170
26  96  64  80  17   0  15 0.00    M    M 14.9 25 170   M    M   0        36 180
27  91  52  72  10   0   7 1.18    M    M 15.9 28 250   M    M   2 13     38 170
28  70  45  58  -4   7   0 0.19    M    M  8.4 23 330   M    M   0 13     31 330
29  79  43  61   0   4   0 0.00    M    M  8.4 22 180   M    M   0        30 160
30  82  44  63   2   2   0 0.00    M    M  5.3 14 170   M    M   0        18 160
================================================================================
SM 2591 1741        24 246  2.87    M    272.0          M       51
================================================================================
AV 86.4 58.0                               9.1 FASTST   M    M   2    MAX(MPH)
                                 MISC ---->  # 33 190               # 46  180
================================================================================
NOTES:
# LAST OF SEVERAL OCCURRENCES

COLUMN 17 PEAK WIND IN M.P.H.

PRELIMINARY LOCAL CLIMATOLOGICAL DATA (WS FORM: F-6) , PAGE 2

                                          STATION:  HILL CITY KS
                                          MONTH:    SEPTEMBER
                                          YEAR:     2013
                                          LATITUDE:   39 22 N
                                          LONGITUDE:  99 50 W

[TEMPERATURE DATA]      [PRECIPITATION DATA]       SYMBOLS USED IN COLUMN 16

AVERAGE MONTHLY: 72.2   TOTAL FOR MONTH:   2.87    1 = FOG OR MIST
DPTR FM NORMAL:   4.8   DPTR FM NORMAL:    0.99    2 = FOG REDUCING VISIBILITY
HIGHEST:   105 ON  7    GRTST 24HR  1.37 ON 27-28      TO 1/4 MILE OR LESS
LOWEST:     43 ON 29                               3 = THUNDER
                        SNOW, ICE PELLETS, HAIL    4 = ICE PELLETS
                        TOTAL MONTH:    M          5 = HAIL
                        GRTST 24HR    M  ON   M    6 = FREEZING RAIN OR DRIZZLE
                        GRTST DEPTH:  M  ON   M    7 = DUSTSTORM OR SANDSTORM:
                                                       VSBY 1/2 MILE OR LESS
                                                   8 = SMOKE OR HAZE
[NO. OF DAYS WITH]      [WEATHER - DAYS WITH]      9 = BLOWING SNOW
                                                   X = TORNADO
MAX 32 OR BELOW:   0    0.01 INCH OR MORE:   9
MAX 90 OR ABOVE:  13    0.10 INCH OR MORE:   7
MIN 32 OR BELOW:   0    0.50 INCH OR MORE:   1
MIN  0 OR BELOW:   0    1.00 INCH OR MORE:   1

[HDD (BASE 65) ]
TOTAL THIS MO.    24    CLEAR  (SCALE 0-3)  24
DPTR FM NORMAL   -50    PTCLDY (SCALE 4-7)   5
TOTAL FM JUL 1    34    CLOUDY (SCALE 8-10)  1
DPTR FM NORMAL   -43

[CDD (BASE 65) ]
TOTAL THIS MO.   246
DPTR FM NORMAL   100    [PRESSURE DATA]
TOTAL FM JAN 1  1559    HIGHEST SLP M ON M
DPTR FM NORMAL   277    LOWEST  SLP 29.40 ON 23

[REMARKS]
#FINAL-09-13#
