000
CXUS53 KGLD 010800
CF6HLC
PRELIMINARY LOCAL CLIMATOLOGICAL DATA (WS FORM: F-6)

                                          STATION:   HILL CITY KS
                                          MONTH:     APRIL
                                          YEAR:      2014
                                          LATITUDE:   39 22 N
                                          LONGITUDE:  99 50 W

  TEMPERATURE IN F:       :PCPN:    SNOW:  WIND      :SUNSHINE: SKY     :PK WND
================================================================================
1   2   3   4   5  6A  6B    7    8   9   10  11  12  13   14  15   16   17  18
                                     12Z  AVG MX 2MIN
DY MAX MIN AVG DEP HDD CDD  WTR  SNW DPTH SPD SPD DIR MIN PSBL S-S WX    SPD DR
================================================================================

 1  53  24  39  -8  26   0 0.00    M    M  8.9 20 140   M    M   1        27 120
 2  56  36  46  -1  19   0 0.00    M    M 13.2 21  30   M    M   6 1      26  80
 3  39  32  36 -11  29   0 0.08    M    M 14.3 24 350   M    M   9 1      31 360
 4  57  27  42  -6  23   0 0.00    M    M  8.9 20 350   M    M   0        22 350
 5  67  34  51   3  14   0    T    M    M 14.3 29 210   M    M   5        38 210
 6  67  41  54   6  11   0 0.19    M    M  7.7 24 160   M    M   5 1      36 140
 7  61  38  50   1  15   0    T    M    M 15.2 33  20   M    M   4        43 330
 8  66  33  50   1  15   0 0.00    M    M  7.4 22 340   M    M   2        27  10
 9  89  44  67  18   0   2 0.00    M    M 12.3 26 300   M    M   0        39 300
10  69  50  60  10   5   0 0.00    M    M 11.1 26 330   M    M   0        35 340
11  80  39  60  10   5   0 0.00    M    M  9.6 21 190   M    M   0        27 170
12  85  55  70  20   0   5 0.00    M    M  8.3 25  40   M    M   0        35  40
13  63  32  48  -3  17   0 0.08    M    M 24.1 36  10   M    M   8 138    45  10
14  49  27  38 -13  27   0 0.00    M    M 16.6 29 350   M    M   5        39 350
15  68  19  44  -7  21   0 0.00    M    M 12.6 25 200   M    M   0        34 220
16  67  38  53   1  12   0 0.00    M    M 16.8 32 330   M    M   0        41 340
17  58  32  45  -7  20   0 0.00    M    M  7.0 16  20   M    M   3        19  20
18  75  36  56   4   9   0 0.00    M    M 13.6 30 170   M    M   0        41 180
19  85  55  70  17   0   5    T    M    M 13.3 25 190   M    M   1 3      36 190
20  80  53  67  14   0   2 1.65    M    M  7.4 26 280   M    M   5 13     36 280
21  73  46  60   6   5   0 0.00    M    M 10.7 26  20   M    M   2 1      33  20
22  78  39  59   5   6   0 0.02    M    M 11.9 38 180   M    M   2        48 180
23  86  52  69  15   0   4 1.28    M    M 19.8 35 200   M    M   1 13     45 190
24  71  45  58   3   7   0 0.01    M    M 11.0 23 330   M    M   4        29 330
25  78  44  61   6   4   0 0.00    M    M  7.7 20 190   M    M   0        26 220
26  92  50  71  16   0   6 0.00    M    M 15.2 33 160   M    M   1        47 160
27  73  47  60   4   5   0    T    M    M 17.2 32 180   M    M   2        41 180
28  51  41  46 -10  19   0 0.05    M    M 28.6 45 310   M    M   9        61 300
29  48  38  43 -13  22   0 0.02    M    M 26.7 39 330   M    M   9        49 340
30  57  38  48  -9  17   0    T    M    M 18.7 33 340   M    M   6        42 340
================================================================================
SM 2041 1185       353  24  3.38    M    410.1          M       90
================================================================================
AV 68.0 39.5                              13.7 FASTST   M    M   3    MAX(MPH)
                                 MISC ---->  # 45 310               # 61  300
================================================================================
NOTES:
# LAST OF SEVERAL OCCURRENCES

COLUMN 17 PEAK WIND IN M.P.H.

PRELIMINARY LOCAL CLIMATOLOGICAL DATA (WS FORM: F-6) , PAGE 2

                                          STATION:  HILL CITY KS
                                          MONTH:    APRIL
                                          YEAR:     2014
                                          LATITUDE:   39 22 N
                                          LONGITUDE:  99 50 W

[TEMPERATURE DATA]      [PRECIPITATION DATA]       SYMBOLS USED IN COLUMN 16

AVERAGE MONTHLY: 53.8   TOTAL FOR MONTH:   3.38    1 = FOG OR MIST
DPTR FM NORMAL:   2.2   DPTR FM NORMAL:    1.26    2 = FOG REDUCING VISIBILITY
HIGHEST:    92 ON 26    GRTST 24HR  1.65 ON 20-20      TO 1/4 MILE OR LESS
LOWEST:     19 ON 15                               3 = THUNDER
                        SNOW, ICE PELLETS, HAIL    4 = ICE PELLETS
                        TOTAL MONTH:    M          5 = HAIL
                        GRTST 24HR    M  ON   M    6 = FREEZING RAIN OR DRIZZLE
                        GRTST DEPTH:  M  ON   M    7 = DUSTSTORM OR SANDSTORM:
                                                       VSBY 1/2 MILE OR LESS
                                                   8 = SMOKE OR HAZE
[NO. OF DAYS WITH]      [WEATHER - DAYS WITH]      9 = BLOWING SNOW
                                                   X = TORNADO
MAX 32 OR BELOW:   0    0.01 INCH OR MORE:   9
MAX 90 OR ABOVE:   1    0.10 INCH OR MORE:   3
MIN 32 OR BELOW:   7    0.50 INCH OR MORE:   2
MIN  0 OR BELOW:   0    1.00 INCH OR MORE:   2

[HDD (BASE 65) ]
TOTAL THIS MO.   353    CLEAR  (SCALE 0-3)  18
DPTR FM NORMAL   -55    PTCLDY (SCALE 4-7)   8
TOTAL FM JUL 1  5444    CLOUDY (SCALE 8-10)  4
DPTR FM NORMAL    67

[CDD (BASE 65) ]
TOTAL THIS MO.    24
DPTR FM NORMAL    17    [PRESSURE DATA]
TOTAL FM JAN 1    24    HIGHEST SLP M ON M
DPTR FM NORMAL    17    LOWEST  SLP 29.03 ON 27

[REMARKS]
#FINAL-04-14#
