000
CXUS53 KGLD 310800
CF6HLC
PRELIMINARY LOCAL CLIMATOLOGICAL DATA (WS FORM: F-6)

                                          STATION:   HILL CITY KS
                                          MONTH:     DECEMBER
                                          YEAR:      2013
                                          LATITUDE:   39 22 N
                                          LONGITUDE:  99 50 W

  TEMPERATURE IN F:       :PCPN:    SNOW:  WIND      :SUNSHINE: SKY     :PK WND
================================================================================
1   2   3   4   5  6A  6B    7    8   9   10  11  12  13   14  15   16   17  18
                                     12Z  AVG MX 2MIN
DY MAX MIN AVG DEP HDD CDD  WTR  SNW DPTH SPD SPD DIR MIN PSBL S-S WX    SPD DR
================================================================================

 1  59  23  41   7  24   0 0.00    M    M  3.3  9 310   M    M   0 8      12 310
 2  70  36  53  20  12   0 0.00    M    M  7.5 20 320   M    M   2        24 300
 3  60  28  44  11  21   0 0.00    M    M  9.7 23  20   M    M   2        28  30
 4  28  15  22 -11  43   0    T    M    M 19.2 30 350   M    M   7 16     40 330
 5  16   6  11 -21  54   0 0.00    M    M  9.6 20 330   M    M   4        25 340
 6  16  -2   7 -25  58   0 0.00    M    M  8.2 15  10   M    M   6        18 360
 7  13  -3   5 -27  60   0    T    M    M  7.8 15 150   M    M   7 1       M  M
 8  18  -2   8 -23  57   0    T    M    M  6.8  M   M   M    M   8 1       M  M
 9  20  -4   8 -23  57   0 0.00    M    M  8.7 17 250   M    M   2        23 240
10  42   M   M   M   M   M 0.00    M    M   M  16 180   M    M   0         M  M
11  30   8  19 -12  46   0 0.00    M    M  7.9 18 360   M    M   1        24  10
12  51  14  33   3  32   0 0.00    M    M  5.5 14 250   M    M   0        18 250
13  42  11  27  -3  38   0 0.00    M    M  6.1 18  20   M    M   1 18     25  30
14  49  17  33   3  32   0 0.00    M    M 10.1 22 340   M    M   2 18     26 310
15  62  27  45  15  20   0 0.00    M    M 10.9 25 300   M    M   1        33 290
16  63  28  46  16  19   0 0.00    M    M  7.3 21 330   M    M   0        29 330
17  53  22  38   8  27   0 0.00    M    M  7.7 17 230   M    M   0        23 230
18  66  28  47  18  18   0 0.00    M    M  6.5 18 220   M    M   0        24 220
19  46  16  31   2  34   0    T    M    M 13.5 31  10   M    M   3        36  10
20  25  15  20  -9  45   0    T    M    M  9.1 25 350   M    M   7 8      31 350
21  30  12  21  -8  44   0 0.00    M    M  5.7 17  20   M    M   2        20  30
22  35   9  22  -7  43   0 0.00    M    M  7.5 16 360   M    M   3        21  40
23  22  11  17 -12  48   0    T    M    M  7.7 18  60   M    M   8 1      22  50
24  46  17  32   3  33   0 0.00    M    M 10.9 20 190   M    M   7 18     27 190
25  47  20  34   5  31   0 0.00    M    M  8.8 22 330   M    M   0        29 330
26  58  22  40  11  25   0 0.00    M    M  8.5 26 340   M    M   0        31 340
27  65  20  43  14  22   0 0.00    M    M  9.2 18 240   M    M   0        24 220
28  63  20  42  13  23   0 0.00    M    M 13.0 32 360   M    M   1        43 360
29  24  10  17 -12  48   0 0.00    M    M 13.5 28 350   M    M   3        36 350
30  53  15  34   5  31   0 0.00    M    M  8.8 23 340   M    M   2        29 330
================================================================================
SM 1272  439      1045   0    T     M    259.0          M       79
================================================================================
AV 42.4 15.1                               8.9 FASTST   M    M   3    MAX(MPH)
                                 MISC ---->  # 32 360               # 43  360
================================================================================
NOTES:
# LAST OF SEVERAL OCCURRENCES

COLUMN 17 PEAK WIND IN M.P.H.

PRELIMINARY LOCAL CLIMATOLOGICAL DATA (WS FORM: F-6) , PAGE 2

                                          STATION:  HILL CITY KS
                                          MONTH:    DECEMBER
                                          YEAR:     2013
                                          LATITUDE:   39 22 N
                                          LONGITUDE:  99 50 W

[TEMPERATURE DATA]      [PRECIPITATION DATA]       SYMBOLS USED IN COLUMN 16

AVERAGE MONTHLY: 28.8   TOTAL FOR MONTH:      T    1 = FOG OR MIST
DPTR FM NORMAL:  -1.6   DPTR FM NORMAL:   -0.67    2 = FOG REDUCING VISIBILITY
HIGHEST:    70 ON  2    GRTST 24HR    T  ON 23-23      TO 1/4 MILE OR LESS
LOWEST:     -4 ON  9                               3 = THUNDER
                        SNOW, ICE PELLETS, HAIL    4 = ICE PELLETS
                        TOTAL MONTH:    M          5 = HAIL
                        GRTST 24HR    M  ON   M    6 = FREEZING RAIN OR DRIZZLE
                        GRTST DEPTH:  M  ON   M    7 = DUSTSTORM OR SANDSTORM:
                                                       VSBY 1/2 MILE OR LESS
                                                   8 = SMOKE OR HAZE
[NO. OF DAYS WITH]      [WEATHER - DAYS WITH]      9 = BLOWING SNOW
                                                   X = TORNADO
MAX 32 OR BELOW:  11    0.01 INCH OR MORE:   0
MAX 90 OR ABOVE:   0    0.10 INCH OR MORE:   0
MIN 32 OR BELOW:  28    0.50 INCH OR MORE:   0
MIN  0 OR BELOW:   4    1.00 INCH OR MORE:   0

[HDD (BASE 65) ]
TOTAL THIS MO.  1045    CLEAR  (SCALE 0-3)  22
DPTR FM NORMAL     5    PTCLDY (SCALE 4-7)   8
TOTAL FM JUL 1  2188    CLOUDY (SCALE 8-10)  0
DPTR FM NORMAL   -19

[CDD (BASE 65) ]
TOTAL THIS MO.     0
DPTR FM NORMAL     0    [PRESSURE DATA]
TOTAL FM JAN 1  1582    HIGHEST SLP M ON M
DPTR FM NORMAL   282    LOWEST  SLP 29.52 ON  2

[REMARKS]
