000
CXUS53 KGLD 010800
CF6HLC
PRELIMINARY LOCAL CLIMATOLOGICAL DATA (WS FORM: F-6)

                                          STATION:   HILL CITY KS
                                          MONTH:     FEBRUARY
                                          YEAR:      2012
                                          LATITUDE:   39 22 N
                                          LONGITUDE:  99 50 W

  TEMPERATURE IN F:       :PCPN:    SNOW:  WIND      :SUNSHINE: SKY     :PK WND
================================================================================
1   2   3   4   5  6A  6B    7    8   9   10  11  12  13   14  15   16   17  18
                                     12Z  AVG MX 2MIN
DY MAX MIN AVG DEP HDD CDD  WTR  SNW DPTH SPD SPD DIR MIN PSBL S-S WX    SPD DR
================================================================================

 1  62  25  44  14  21   0 0.00    M    M  6.0 17 270   M    M   2        24 270
 2  59  24  42  12  23   0 0.08    M    M  6.9 22 140   M    M   2 18     28 160
 3  42  33  38   8  27   0 0.58    M    M 15.0 25 360   M    M  10 1      31 360
 4  33  20  27  -4  38   0    T    M    M 18.1 29 350   M    M   9 18     33 350
 5  36  13  25  -6  40   0 0.00    M    M  5.5 12 310   M    M   0 1      14 300
 6  41  11  26  -5  39   0 0.00    M    M  3.7 13 350   M    M   2 18     15 360
 7  33  23  28  -3  37   0    T    M    M 16.3 28  10   M    M  10 1      33  10
 8  28  21  25  -6  40   0 0.00    M    M  4.5 13 170   M    M  10 1      17 170
 9  39  26  33   2  32   0 0.00    M    M  7.5 29  10   M    M   5 1      35  10
10  34  13  24  -8  41   0 0.00    M    M 13.3 26  10   M    M   7        31  10
11  15   4  10 -22  55   0 0.00    M    M  6.6 21  40   M    M   4        24  40
12  28   3  16 -16  49   0 0.00    M    M 13.8 25 170   M    M   6        32 170
13  35  22  29  -3  36   0 0.00    M    M  6.9 18 170   M    M   6        24 170
14  49  21  35   3  30   0 0.00    M    M  4.5 10 280   M    M   1        13 280
15  39  24  32  -1  33   0 0.01    M    M  9.6 25 360   M    M   5 12     31 360
16  48  20  34   1  31   0 0.00    M    M  7.8 17 190   M    M   0        22 190
17  50  24  37   4  28   0 0.00    M    M  8.1 18  30   M    M   0        23  30
18  42  20  31  -3  34   0 0.00    M    M  2.9 10  30   M    M   0        12  20
19  43  25  34   0  31   0 0.00    M    M 10.3 25 170   M    M   7 1      33 150
20  48  32  40   6  25   0    T    M    M 18.6 33 320   M    M   7 1      45 310
21  56  25  41   7  24   0 0.00    M    M  9.5 18 280   M    M   1        24 280
22  63  36  50  15  15   0 0.00    M    M  9.1 23 310   M    M   2        29 300
23  64  30  47  12  18   0    T    M    M 20.2 40 340   M    M   1        48 340
24  50  24  37   2  28   0 0.00    M    M 12.6 29 300   M    M   1        40 300
25  64  17  41   5  24   0 0.00    M    M 15.3 32 180   M    M   2        43 170
26  53  22  38   2  27   0 0.00    M    M 11.8 30 320   M    M   1        40 320
27  45  17  31  -5  34   0 0.00    M    M  8.7 20 140   M    M   5        25 150
28  71  38  55  18  10   0    T    M    M 18.0 43 330   M    M   9 8      54 340
29  58  28  43   6  22   0 0.00    M    M 13.1 33 300   M    M   0        44 300
================================================================================
SM 1328  641       892   0  0.67    M    304.2          M      115
================================================================================
AV 45.8 22.1                              10.5 FASTST   M    M   4    MAX(MPH)
                                 MISC ---->  # 43 330               # 54  340
================================================================================
NOTES:
# LAST OF SEVERAL OCCURRENCES

COLUMN 17 PEAK WIND IN M.P.H.

PRELIMINARY LOCAL CLIMATOLOGICAL DATA (WS FORM: F-6) , PAGE 2

                                          STATION:  HILL CITY KS
                                          MONTH:    FEBRUARY
                                          YEAR:     2012
                                          LATITUDE:   39 22 N
                                          LONGITUDE:  99 50 W

[TEMPERATURE DATA]      [PRECIPITATION DATA]       SYMBOLS USED IN COLUMN 16

AVERAGE MONTHLY: 33.9   TOTAL FOR MONTH:   0.67    1 = FOG OR MIST
DPTR FM NORMAL:   1.0   DPTR FM NORMAL:    0.15    2 = FOG REDUCING VISIBILITY
HIGHEST:    71 ON 28    GRTST 24HR  0.66 ON  2- 3      TO 1/4 MILE OR LESS
LOWEST:      3 ON 12                               3 = THUNDER
                        SNOW, ICE PELLETS, HAIL    4 = ICE PELLETS
                        TOTAL MONTH:    M          5 = HAIL
                        GRTST 24HR    M  ON   M    6 = FREEZING RAIN OR DRIZZLE
                        GRTST DEPTH:  M  ON   M    7 = DUSTSTORM OR SANDSTORM:
                                                       VSBY 1/2 MILE OR LESS
                                                   8 = SMOKE OR HAZE
[NO. OF DAYS WITH]      [WEATHER - DAYS WITH]      9 = BLOWING SNOW
                                                   X = TORNADO
MAX 32 OR BELOW:   3    0.01 INCH OR MORE:   3
MAX 90 OR ABOVE:   0    0.10 INCH OR MORE:   1
MIN 32 OR BELOW:  26    0.50 INCH OR MORE:   1
MIN  0 OR BELOW:   0    1.00 INCH OR MORE:   0

[HDD (BASE 65) ]
TOTAL THIS MO.   892    CLEAR  (SCALE 0-3)  15
DPTR FM NORMAL    -7    PTCLDY (SCALE 4-7)   9
TOTAL FM JUL 1  3950    CLOUDY (SCALE 8-10)  5
DPTR FM NORMAL  -328

[CDD (BASE 65) ]
TOTAL THIS MO.     0
DPTR FM NORMAL     0    [PRESSURE DATA]
TOTAL FM JAN 1     0    HIGHEST SLP M ON M
DPTR FM NORMAL     0    LOWEST  SLP 29.29 ON M

[REMARKS]
#FINAL-02-12#
