000
CXUS53 KGLD 010800
CF6HLC
PRELIMINARY LOCAL CLIMATOLOGICAL DATA (WS FORM: F-6)

                                          STATION:   HILL CITY KS
                                          MONTH:     OCTOBER
                                          YEAR:      2011
                                          LATITUDE:   39 22 N
                                          LONGITUDE:  99 50 W

  TEMPERATURE IN F:       :PCPN:    SNOW:  WIND      :SUNSHINE: SKY     :PK WND
================================================================================
1   2   3   4   5  6A  6B    7    8   9   10  11  12  13   14  15   16   17  18
                                     12Z  AVG MX 2MIN
DY MAX MIN AVG DEP HDD CDD  WTR  SNW DPTH SPD SPD DIR MIN PSBL S-S WX    SPD DR
================================================================================

 1  82  40  61   1   4   0 0.00    M    M  7.8 21 140   M    M   0        28 140
 2  85  45  65   5   0   0 0.00    M    M  9.2 21 140   M    M   0        25 140
 3  96  48  72  12   0   7 0.00    M    M  7.8 20 200   M    M   0        28 200
 4  93  64  79  20   0  14 0.00    M    M 15.1 31 190   M    M   0        44 190
 5  83  56  70  11   0   5 0.00    M    M 18.5 35 170   M    M   0        46 170
 6  84  60  72  14   0   7 0.00    M    M 25.7 43 170   M    M   1 138    58 170
 7  82  55  69  11   0   4 0.55    M    M 11.2 38 170   M    M   5 13     47 160
 8  72  56  64   7   1   0 1.28    M    M 12.5 33 100   M    M   7 13     46 170
 9  56  47  52  -5  13   0 0.19    M    M  3.6  9 260   M    M   6 1      12 210
10  70  40  55  -1  10   0 0.00    M    M  6.0 18 200   M    M   1 1      24 170
11  66  48  57   1   8   0 0.00    M    M  3.8 13 310   M    M   4 12     17 180
12  71  44  58   2   7   0 0.00    M    M 15.1 31 340   M    M   1        38 340
13  75  40  58   3   7   0 0.00    M    M  7.4 16 260   M    M   0        23 290
14  68  39  54  -1  11   0 0.00    M    M  4.3 16  20   M    M   0 8      18  20
15  79  38  59   5   6   0 0.00    M    M 10.6 24 220   M    M   0 1      32 220
16  66  41  54   0  11   0 0.00    M    M  9.6 24  10   M    M   0        30  20
17  61  41  51  -3  14   0 0.22    M    M  5.0 24 360   M    M   4 1      32 350
18  58  36  47  -6  18   0 0.00    M    M 14.4 32 350   M    M   0        43  20
19  59  33  46  -7  19   0 0.00    M    M  9.3 20 350   M    M   2        26  10
20  60  27  44  -8  21   0 0.00    M    M  3.9 13 200   M    M   0        16 200
21  76  33  55   3  10   0 0.00    M    M  3.2  9 150   M    M   0        14 150
22  72  40  56   4   9   0 0.00    M    M  3.6 13  10   M    M   2        15  10
23  78  39  59   8   6   0 0.00    M    M  6.7 20 330   M    M   0        26 340
24  86  38  62  11   3   0 0.00    M    M  9.4 29 200   M    M   0        39 200
25  69  47  58   8   7   0 0.00    M    M 14.8 25 330   M    M   0        33 330
26  50  37  44  -6  21   0 0.02    M    M 10.9 25  30   M    M   9        31  30
27  53  29  41  -9  24   0 0.00    M    M  4.7 12 280   M    M   0        16 280
28  61  26  44  -5  21   0 0.00    M    M  5.9 14 270   M    M   0        18 290
29  69  27  48  -1  17   0 0.00    M    M  8.7 23 350   M    M   0 8      28 340
30  62  33  48   0  17   0 0.00    M    M  9.4 26 350   M    M   0        31 350
31  79  30  55   7  10   0 0.00    M    M  7.3 21 200   M    M   0        28 190
================================================================================
SM 2221 1277       295  37  2.26    M    285.4          M       42
================================================================================
AV 71.6 41.2                               9.2 FASTST   M    M   1    MAX(MPH)
                                 MISC ---->  # 43 170               # 58  170
================================================================================
NOTES:
# LAST OF SEVERAL OCCURRENCES

COLUMN 17 PEAK WIND IN M.P.H.

PRELIMINARY LOCAL CLIMATOLOGICAL DATA (WS FORM: F-6) , PAGE 2

                                          STATION:  HILL CITY KS
                                          MONTH:    OCTOBER
                                          YEAR:     2011
                                          LATITUDE:   39 22 N
                                          LONGITUDE:  99 50 W

[TEMPERATURE DATA]      [PRECIPITATION DATA]       SYMBOLS USED IN COLUMN 16

AVERAGE MONTHLY: 56.4   TOTAL FOR MONTH:   2.26    1 = FOG OR MIST
DPTR FM NORMAL:   2.4   DPTR FM NORMAL:    0.74    2 = FOG REDUCING VISIBILITY
HIGHEST:    96 ON  3    GRTST 24HR  1.28 ON  8- 8      TO 1/4 MILE OR LESS
LOWEST:     26 ON 28                               3 = THUNDER
                        SNOW, ICE PELLETS, HAIL    4 = ICE PELLETS
                        TOTAL MONTH:    M          5 = HAIL
                        GRTST 24HR    M  ON   M    6 = FREEZING RAIN OR DRIZZLE
                        GRTST DEPTH:  M  ON   M    7 = DUSTSTORM OR SANDSTORM:
                                                       VSBY 1/2 MILE OR LESS
                                                   8 = SMOKE OR HAZE
[NO. OF DAYS WITH]      [WEATHER - DAYS WITH]      9 = BLOWING SNOW
                                                   X = TORNADO
MAX 32 OR BELOW:   0    0.01 INCH OR MORE:   5
MAX 90 OR ABOVE:   2    0.10 INCH OR MORE:   4
MIN 32 OR BELOW:   5    0.50 INCH OR MORE:   2
MIN  0 OR BELOW:   0    1.00 INCH OR MORE:   1

[HDD (BASE 65) ]
TOTAL THIS MO.   295    CLEAR  (SCALE 0-3)  25
DPTR FM NORMAL   -64    PTCLDY (SCALE 4-7)   5
TOTAL FM JUL 1   397    CLOUDY (SCALE 8-10)  1
DPTR FM NORMAL   -39

[CDD (BASE 65) ]
TOTAL THIS MO.    37
DPTR FM NORMAL    19    [PRESSURE DATA]
TOTAL FM JAN 1  1621    HIGHEST SLP M ON M
DPTR FM NORMAL   321    LOWEST  SLP 29.41 ON  6

[REMARKS]
#FINAL-10-11#
