000
CXUS53 KGLD 010800
CF6HLC
PRELIMINARY LOCAL CLIMATOLOGICAL DATA (WS FORM: F-6)

                                          STATION:   HILL CITY KS
                                          MONTH:     NOVEMBER
                                          YEAR:      2011
                                          LATITUDE:   39 22 N
                                          LONGITUDE:  99 50 W

  TEMPERATURE IN F:       :PCPN:    SNOW:  WIND      :SUNSHINE: SKY     :PK WND
================================================================================
1   2   3   4   5  6A  6B    7    8   9   10  11  12  13   14  15   16   17  18
                                     12Z  AVG MX 2MIN
DY MAX MIN AVG DEP HDD CDD  WTR  SNW DPTH SPD SPD DIR MIN PSBL S-S WX    SPD DR
================================================================================

 1  65  36  51   4  14   0 0.00    M    M 11.6 26  20   M    M   0        32  10
 2  46  30  38  -9  27   0 0.22    M    M 20.3 40  30   M    M   8 13     53  20
 3  48  24  36 -10  29   0 0.00    M    M  7.1 15 310   M    M   0        21 310
 4  59  27  43  -3  22   0 0.00    M    M 12.7 26 170   M    M   0        36 190
 5  62  41  52   6  13   0 0.00    M    M 19.8 36 180   M    M   1        48 170
 6  57  26  42  -3  23   0 0.00    M    M  3.3 23 290   M    M   0        33 290
 7  45  25  35 -10  30   0 0.01    M    M  9.0 21  90   M    M   7 1      26  80
 8  41  31  36  -8  29   0 0.31    M    M 13.0 24  10   M    M   7 1      31  10
 9  53  28  41  -3  24   0 0.00    M    M 10.6 22 330   M    M   1        29 340
10  57  23  40  -3  25   0 0.00    M    M  5.8 20 220   M    M   0        33 240
11  68  29  49   6  16   0 0.00    M    M  7.0 21 320   M    M   0        25 320
12  70  29  50   8  15   0 0.00    M    M  6.7 17 240   M    M   0        24 230
13  60  36  48   6  17   0 0.00    M    M  6.8 26 330   M    M   0        36 330
14  62  35  49   8  16   0 0.00    M    M 10.1 20 210   M    M   0        29 210
15  61  30  46   5  19   0 0.00    M    M 10.4 26 340   M    M   0        32 330
16  37  20  29 -11  36   0 0.01    M    M  7.7 22  10   M    M   7 1      24  10
17  53  18  36  -4  29   0 0.00    M    M 11.2 29 210   M    M   0        37 220
18  66  28  47   8  18   0 0.00    M    M  6.9 18 200   M    M   0        23 200
19  45  21  33  -6  32   0 0.00    M    M 11.5 26 350   M    M   4 18     35 340
20  37  17  27 -11  38   0 0.00    M    M  4.6 12  10   M    M   2        22 200
21  38  15  27 -11  38   0 0.00    M    M  1.9 10 200   M    M   0        14 190
22  61  20  41   3  24   0 0.00    M    M  7.2 25 330   M    M   0        30 330
23  68  27  48  11  17   0 0.00    M    M  5.2 10 210   M    M   0        15 290
24  72  39  56  19   9   0 0.00    M    M  8.9 23 210   M    M   0        30 220
25  62  35  49  13  16   0 0.00    M    M  7.0 21 310   M    M   3        28 310
26  52  29  41   5  24   0 0.00    M    M 24.8 43 340   M    M   2        53 350
27  47  22  35   0  30   0 0.00    M    M  6.3 20 320   M    M   0        26 340
28  65  20  43   8  22   0 0.00    M    M  7.4 20  10   M    M   0        23  10
29  49  29  39   5  26   0 0.00    M    M  6.5 16 350   M    M   1 8      21  10
30  59  28  44  10  21   0 0.00    M    M  8.3 18 170   M    M   0        23 160
================================================================================
SM 1665  818       699   0  0.55    M    279.6          M       43
================================================================================
AV 55.5 27.3                               9.3 FASTST   M    M   1    MAX(MPH)
                                 MISC ---->  # 43 340               # 53   20
================================================================================
NOTES:
# LAST OF SEVERAL OCCURRENCES

COLUMN 17 PEAK WIND IN M.P.H.

PRELIMINARY LOCAL CLIMATOLOGICAL DATA (WS FORM: F-6) , PAGE 2

                                          STATION:  HILL CITY KS
                                          MONTH:    NOVEMBER
                                          YEAR:     2011
                                          LATITUDE:   39 22 N
                                          LONGITUDE:  99 50 W

[TEMPERATURE DATA]      [PRECIPITATION DATA]       SYMBOLS USED IN COLUMN 16

AVERAGE MONTHLY: 41.4   TOTAL FOR MONTH:   0.55    1 = FOG OR MIST
DPTR FM NORMAL:   0.7   DPTR FM NORMAL:   -0.40    2 = FOG REDUCING VISIBILITY
HIGHEST:    72 ON 24    GRTST 24HR  0.31 ON  7- 8      TO 1/4 MILE OR LESS
LOWEST:     15 ON 21                               3 = THUNDER
                        SNOW, ICE PELLETS, HAIL    4 = ICE PELLETS
                        TOTAL MONTH:    M          5 = HAIL
                        GRTST 24HR    M  ON   M    6 = FREEZING RAIN OR DRIZZLE
                        GRTST DEPTH:  M  ON   M    7 = DUSTSTORM OR SANDSTORM:
                                                       VSBY 1/2 MILE OR LESS
                                                   8 = SMOKE OR HAZE
[NO. OF DAYS WITH]      [WEATHER - DAYS WITH]      9 = BLOWING SNOW
                                                   X = TORNADO
MAX 32 OR BELOW:   0    0.01 INCH OR MORE:   4
MAX 90 OR ABOVE:   0    0.10 INCH OR MORE:   2
MIN 32 OR BELOW:  24    0.50 INCH OR MORE:   0
MIN  0 OR BELOW:   0    1.00 INCH OR MORE:   0

[HDD (BASE 65) ]
TOTAL THIS MO.   699    CLEAR  (SCALE 0-3)  25
DPTR FM NORMAL   -32    PTCLDY (SCALE 4-7)   5
TOTAL FM JUL 1  1096    CLOUDY (SCALE 8-10)  0
DPTR FM NORMAL   -71

[CDD (BASE 65) ]
TOTAL THIS MO.     0
DPTR FM NORMAL     0    [PRESSURE DATA]
TOTAL FM JAN 1  1621    HIGHEST SLP M ON M
DPTR FM NORMAL   321    LOWEST  SLP 29.24 ON  5

[REMARKS]
#FINAL-11-11#
