000
CXUS53 KGLD 010824
CF6HLC
PRELIMINARY LOCAL CLIMATOLOGICAL DATA (WS FORM: F-6)

                                          STATION:   HILL CITY KS
                                          MONTH:     JANUARY
                                          YEAR:      2012
                                          LATITUDE:   39 22 N
                                          LONGITUDE:  99 50 W

  TEMPERATURE IN F:       :PCPN:    SNOW:  WIND      :SUNSHINE: SKY     :PK WND
================================================================================
1   2   3   4   5  6A  6B    7    8   9   10  11  12  13   14  15   16   17  18
                                     12Z  AVG MX 2MIN
DY MAX MIN AVG DEP HDD CDD  WTR  SNW DPTH SPD SPD DIR MIN PSBL S-S WX    SPD DR
================================================================================

 1  45  25  35   6  30   0 0.00    M    M 11.6 25 320   M    M   0        33 310
 2  44  16  30   1  35   0 0.00    M    M  5.3 12 340   M    M   0        13 240
 3  66  20  43  14  22   0 0.00    M    M  7.5 22 340   M    M   0        28 330
 4  60  32  46  17  19   0 0.00    M    M 10.3 17 240   M    M   0        22 240
 5  73  32  53  24  12   0 0.00    M    M  9.3 17 230   M    M   0        23 230
 6  54  24  39  10  26   0 0.00    M    M 13.6 32  20   M    M   0        38  20
 7  43  17  30   1  35   0 0.00    M    M  4.1 13  90   M    M   2        15  90
 8  42  22  32   3  33   0    T    M    M  3.2 14  30   M    M   7 1      17  30
 9  53  22  38   9  27   0 0.00    M    M  5.6 13 310   M    M   0        17 270
10  60  26  43  14  22   0 0.00    M    M  6.1 13 320   M    M   0        15 330
11  40  17  29   0  36   0    T    M    M 19.0 40 360   M    M   4        49 360
12  33  11  22  -7  43   0 0.00    M    M 15.2 35 330   M    M   1        43 330
13  47  14  31   2  34   0 0.00    M    M  7.2 16 290   M    M   2        21 290
14  49  24  37   8  28   0 0.00    M    M  8.3 18 210   M    M   0        25 220
15  61  24  43  14  22   0 0.00    M    M  5.7 18 210   M    M   0        24 210
16  37  17  27  -2  38   0    T    M    M 12.8 26 350   M    M   2 1      30 350
17  27   8  18 -11  47   0    T    M    M 11.4 26 340   M    M   1 1      32 360
18  55  16  36   7  29   0 0.00    M    M  8.4 20 300   M    M   1        26 300
19  31   8  20  -9  45   0 0.00    M    M  8.8 17  30   M    M   0        21  40
20  35   8  22  -7  43   0 0.00    M    M  7.7 21  10   M    M   1        25  10
21  40   7  24  -5  41   0 0.00    M    M 10.7 23 150   M    M   0        31 160
22  49  29  39   9  26   0 0.01    M    M 17.2 40 340   M    M   5        51 330
23  54  20  37   7  28   0 0.00    M    M  7.1 17 210   M    M   0        22 210
24  50  21  36   6  29   0 0.00    M    M  7.8 17 340   M    M   1        22 340
25  53  20  37   7  28   0 0.00    M    M  6.1 16 310   M    M   0        22 310
26  54  24  39   9  26   0 0.00    M    M 10.8 26 330   M    M   0        35 330
27  49  23  36   6  29   0 0.00    M    M 13.8 36 360   M    M   1        46 350
28  47  15  31   1  34   0 0.00    M    M  8.4 24 260   M    M   0        29 280
29  63  18  41  11  24   0 0.00    M    M 10.3 21 220   M    M   1        28 210
30  73  23  48  18  17   0 0.00    M    M  6.5 20 240   M    M   0        25 240
31  59  29  44  14  21   0 0.00    M    M  9.3 22 340   M    M   0        28 340
================================================================================
SM 1546  612       929   0  0.01    M    289.1          M       29
================================================================================
AV 49.9 19.7                               9.3 FASTST   M    M   1    MAX(MPH)
                                 MISC ---->  # 40 360               # 51  330
================================================================================
NOTES:
# LAST OF SEVERAL OCCURRENCES

COLUMN 17 PEAK WIND IN M.P.H.

PRELIMINARY LOCAL CLIMATOLOGICAL DATA (WS FORM: F-6) , PAGE 2

                                          STATION:  HILL CITY KS
                                          MONTH:    JANUARY
                                          YEAR:     2012
                                          LATITUDE:   39 22 N
                                          LONGITUDE:  99 50 W

[TEMPERATURE DATA]      [PRECIPITATION DATA]       SYMBOLS USED IN COLUMN 16

AVERAGE MONTHLY: 34.8   TOTAL FOR MONTH:   0.01    1 = FOG OR MIST
DPTR FM NORMAL:   5.5   DPTR FM NORMAL:   -0.44    2 = FOG REDUCING VISIBILITY
HIGHEST:    73 ON 30, 5 GRTST 24HR  0.06 ON 31- 1      TO 1/4 MILE OR LESS
LOWEST:      7 ON 21                               3 = THUNDER
                        SNOW, ICE PELLETS, HAIL    4 = ICE PELLETS
                        TOTAL MONTH:    M          5 = HAIL
                        GRTST 24HR    M  ON   M    6 = FREEZING RAIN OR DRIZZLE
                        GRTST DEPTH:  M  ON   M    7 = DUSTSTORM OR SANDSTORM:
                                                       VSBY 1/2 MILE OR LESS
                                                   8 = SMOKE OR HAZE
[NO. OF DAYS WITH]      [WEATHER - DAYS WITH]      9 = BLOWING SNOW
                                                   X = TORNADO
MAX 32 OR BELOW:   2    0.01 INCH OR MORE:   1
MAX 90 OR ABOVE:   0    0.10 INCH OR MORE:   0
MIN 32 OR BELOW:  31    0.50 INCH OR MORE:   0
MIN  0 OR BELOW:   0    1.00 INCH OR MORE:   0

[HDD (BASE 65) ]
TOTAL THIS MO.   929    CLEAR  (SCALE 0-3)  28
DPTR FM NORMAL  -178    PTCLDY (SCALE 4-7)   3
TOTAL FM JUL 1  3058    CLOUDY (SCALE 8-10)  0
DPTR FM NORMAL  -293

[CDD (BASE 65) ]
TOTAL THIS MO.     0
DPTR FM NORMAL     0    [PRESSURE DATA]
TOTAL FM JAN 1     0    HIGHEST SLP 30.77 ON  2
DPTR FM NORMAL     0    LOWEST  SLP 29.26 ON 22

[REMARKS]
#FINAL-01-12#
