000
CXUS53 KGLD 220800
CF6HLC
PRELIMINARY LOCAL CLIMATOLOGICAL DATA (WS FORM: F-6)

                                          STATION:   HILL CITY KS
                                          MONTH:     AUGUST
                                          YEAR:      2014
                                          LATITUDE:   39 22 N
                                          LONGITUDE:  99 50 W

  TEMPERATURE IN F:       :PCPN:    SNOW:  WIND      :SUNSHINE: SKY     :PK WND
================================================================================
1   2   3   4   5  6A  6B    7    8   9   10  11  12  13   14  15   16   17  18
                                     12Z  AVG MX 2MIN
DY MAX MIN AVG DEP HDD CDD  WTR  SNW DPTH SPD SPD DIR MIN PSBL S-S WX    SPD DR
================================================================================

 1  94  58  76  -3   0  11 0.00    M    M  6.5 18  50   M    M   0 8      24  40
 2  96  55  76  -3   0  11 0.07    M    M  6.1 25 350   M    M   1 3      36 350
 3  98  66  82   3   0  17 0.00  0.0    0  6.9 16 220   M    M   3        20 220
 4  99  70  85   6   0  20 0.00  0.0    0 10.0 20 200   M    M   0        26 160
 5 100  68  84   6   0  19 0.00  0.0    0 13.0 24 180   M    M   1        34 180
 6  94  70  82   4   0  17 0.03  0.0    0  6.3 16 310   M    M   2 3      25 180
 7  88  64  76  -2   0  11 0.65  0.0    0  8.2 30 320   M    M   5 138    39 310
 8  89  65  77  -1   0  12 0.03    M    M  5.5 22 210   M    M   2 3      29 210
 9  94  66  80   2   0  15    T    M    M 11.9 32  40   M    M   2 3      41  40
10  90  62  76  -2   0  11 0.00    M    M  9.8 23 350   M    M   2        29 360
11  89  62  76  -2   0  11 0.00    M    M  6.0 16  10   M    M   1        23  20
12  88  58  73  -5   0   8 0.00    M    M  5.6 15 130   M    M   2        22 140
13  92  59  76  -1   0  11 0.00    M    M 10.5 20 140   M    M   0        26 140
14  97  67  82   5   0  17 0.05    M    M 12.7 23 150   M    M   2 3      32 140
15  93  68  81   4   0  16 0.37    M    M  6.0 24 140   M    M   3 13     35 130
16  96  66  81   4   0  16 0.00    M    M  4.4 12  60   M    M   0 18     16 150
17 100  64  82   5   0  17 0.20    M    M  8.5 38 320   M    M   0 3      49 340
18  93  63  78   2   0  13 0.18    M    M  7.3 38  10   M    M   1 3      48  10
19  98  62  80   4   0  15 0.00    M    M  8.0 22 170   M    M   0        27 170
20 100  72  86  10   0  21 0.00    M    M 11.0 22 190   M    M   0        30 200
21  98  73  86  10   0  21 0.03    M    M  7.9 20 190   M    M   0 3      27 190
================================================================================
SM 1986 1358         0 310  1.61     0.0 172.1          M       27
================================================================================
AV 94.6 64.7                               8.2 FASTST   M    M   1    MAX(MPH)
                                 MISC ---->  # 38 320               # 49  340
================================================================================
NOTES:
# LAST OF SEVERAL OCCURRENCES

COLUMN 17 PEAK WIND IN M.P.H.

PRELIMINARY LOCAL CLIMATOLOGICAL DATA (WS FORM: F-6) , PAGE 2

                                          STATION:  HILL CITY KS
                                          MONTH:    AUGUST
                                          YEAR:     2014
                                          LATITUDE:   39 22 N
                                          LONGITUDE:  99 50 W

[TEMPERATURE DATA]      [PRECIPITATION DATA]       SYMBOLS USED IN COLUMN 16

AVERAGE MONTHLY: 79.6   TOTAL FOR MONTH:   1.61    1 = FOG OR MIST
DPTR FM NORMAL:   2.0   DPTR FM NORMAL:   -0.35    2 = FOG REDUCING VISIBILITY
HIGHEST:   100 ON 20,17 GRTST 24HR  0.68 ON  7- 8      TO 1/4 MILE OR LESS
LOWEST:     55 ON  2                               3 = THUNDER
                        SNOW, ICE PELLETS, HAIL    4 = ICE PELLETS
                        TOTAL MONTH:   0.0 INCH    5 = HAIL
                        GRTST 24HR     0.0         6 = FREEZING RAIN OR DRIZZLE
                        GRTST DEPTH:   0           7 = DUSTSTORM OR SANDSTORM:
                                                       VSBY 1/2 MILE OR LESS
                                                   8 = SMOKE OR HAZE
[NO. OF DAYS WITH]      [WEATHER - DAYS WITH]      9 = BLOWING SNOW
                                                   X = TORNADO
MAX 32 OR BELOW:   0    0.01 INCH OR MORE:   9
MAX 90 OR ABOVE:  17    0.10 INCH OR MORE:   4
MIN 32 OR BELOW:   0    0.50 INCH OR MORE:   1
MIN  0 OR BELOW:   0    1.00 INCH OR MORE:   0

[HDD (BASE 65) ]
TOTAL THIS MO.     0    CLEAR  (SCALE 0-3)  20
DPTR FM NORMAL     0    PTCLDY (SCALE 4-7)   1
TOTAL FM JUL 1     6    CLOUDY (SCALE 8-10)  0
DPTR FM NORMAL     5

[CDD (BASE 65) ]
TOTAL THIS MO.   310
DPTR FM NORMAL    44    [PRESSURE DATA]
TOTAL FM JAN 1  1150    HIGHEST SLP M ON M
DPTR FM NORMAL   111    LOWEST  SLP 29.61 ON M

[REMARKS]
