631
CXUS53 KGLD 180800
CF6HLC
PRELIMINARY LOCAL CLIMATOLOGICAL DATA (WS FORM: F-6)

                                          STATION:   HILL CITY KS
                                          MONTH:     NOVEMBER
                                          YEAR:      2017
                                          LATITUDE:   39 22 N
                                          LONGITUDE:  99 50 W

  TEMPERATURE IN F:       :PCPN:    SNOW:  WIND      :SUNSHINE: SKY     :PK WND
================================================================================
1   2   3   4   5  6A  6B    7    8   9   10  11  12  13   14  15   16   17  18
                                     12Z  AVG MX 2MIN
DY MAX MIN AVG DEP HDD CDD  WTR  SNW DPTH SPD SPD DIR MIN PSBL S-S WX    SPD DR
================================================================================

 1  65  30  48   1  17   0 0.00    M    M  4.6 13 110   M    M   0        17 110
 2  56  32  44  -3  21   0 0.00    M    M 13.5 29  20   M    M   2        37  30
 3  43  28  36 -10  29   0 0.00    M    M  7.2 13  80   M    M   7 18     15  80
 4  54  38  46   0  19   0 0.00    M    M  6.3 15 340   M    M   5 18     19 170
 5  51  34  43  -3  22   0 0.00    M    M 12.1 24  10   M    M   5 1      31 350
 6  43  26  35 -10  30   0 0.00    M    M  5.0 13  10   M    M   8 8      16  10
 7  42  24  33 -12  32   0 0.00    M    M  9.6 20  30   M    M   9        24  20
 8  55  19  37  -7  28   0 0.00    M    M  6.9 16 210   M    M   0 18     25 210
 9  43  22  33 -11  32   0 0.00    M    M 11.3 21  20   M    M   0 8      26  20
10  49  24  37  -6  28   0 0.00    M    M 10.0 17 170   M    M   9 8      26 160
11  47  44  46   3  19   0 0.01    M    M  6.4 12  10   M    M  10 12     16 170
12  53  34  44   2  21   0 0.00    M    M  5.5 15 330   M    M   5 18     19 330
13  53  30  42   0  23   0 0.00    M    M  8.3 18 190   M    M   8 128    25 180
14  58  43  51  10  14   0 0.00    M    M  7.8 14 190   M    M   7 18     20 220
15  58  34  46   5  19   0 0.00    M    M  7.8 21 360   M    M   0 8      30 360
16  65  29  47   7  18   0 0.00    M    M 11.3 26 190   M    M   0 8      37 190
17  74  39  57  17   8   0 0.00    M    M 10.9 25 360   M    M   0 18     33 360
================================================================================
SM  909  530       380   0  0.01    M    144.5          M       75
================================================================================
AV 53.5 31.2                               8.5 FASTST   M    M   4    MAX(MPH)
                                 MISC ---->  # 29  20               # 37   30
================================================================================
NOTES:
# LAST OF SEVERAL OCCURRENCES

COLUMN 17 PEAK WIND IN M.P.H.

PRELIMINARY LOCAL CLIMATOLOGICAL DATA (WS FORM: F-6) , PAGE 2

                                          STATION:  HILL CITY KS
                                          MONTH:    NOVEMBER
                                          YEAR:     2017
                                          LATITUDE:   39 22 N
                                          LONGITUDE:  99 50 W

[TEMPERATURE DATA]      [PRECIPITATION DATA]       SYMBOLS USED IN COLUMN 16

AVERAGE MONTHLY: 42.3   TOTAL FOR MONTH:   0.01    1 = FOG OR MIST
DPTR FM NORMAL:  -1.3   DPTR FM NORMAL:   -0.62    2 = FOG REDUCING VISIBILITY
HIGHEST:    74 ON 17    GRTST 24HR  0.03 ON 31- 1      TO 1/4 MILE OR LESS
LOWEST:     19 ON  8                               3 = THUNDER
                        SNOW, ICE PELLETS, HAIL    4 = ICE PELLETS
                        TOTAL MONTH:    M          5 = HAIL
                        GRTST 24HR    M  ON   M    6 = FREEZING RAIN OR DRIZZLE
                        GRTST DEPTH:  M  ON   M    7 = DUSTSTORM OR SANDSTORM:
                                                       VSBY 1/2 MILE OR LESS
                                                   8 = SMOKE OR HAZE
[NO. OF DAYS WITH]      [WEATHER - DAYS WITH]      9 = BLOWING SNOW
                                                   X = TORNADO
MAX 32 OR BELOW:   0    0.01 INCH OR MORE:   1
MAX 90 OR ABOVE:   0    0.10 INCH OR MORE:   0
MIN 32 OR BELOW:  10    0.50 INCH OR MORE:   0
MIN  0 OR BELOW:   0    1.00 INCH OR MORE:   0

[HDD (BASE 65) ]
TOTAL THIS MO.   380    CLEAR  (SCALE 0-3)   7
DPTR FM NORMAL    17    PTCLDY (SCALE 4-7)   7
TOTAL FM JUL 1   732    CLOUDY (SCALE 8-10)  3
DPTR FM NORMAL   -67

[CDD (BASE 65) ]
TOTAL THIS MO.     0
DPTR FM NORMAL     0    [PRESSURE DATA]
TOTAL FM JAN 1  1511    HIGHEST SLP M ON M
DPTR FM NORMAL   211    LOWEST  SLP 29.42 ON 17

[REMARKS]
