000
CXUS53 KGLD 300800
CF6HLC
PRELIMINARY LOCAL CLIMATOLOGICAL DATA (WS FORM: F-6)

                                          STATION:   HILL CITY KS
                                          MONTH:     JUNE
                                          YEAR:      2015
                                          LATITUDE:   39 22 N
                                          LONGITUDE:  99 50 W

  TEMPERATURE IN F:       :PCPN:    SNOW:  WIND      :SUNSHINE: SKY     :PK WND
================================================================================
1   2   3   4   5  6A  6B    7    8   9   10  11  12  13   14  15   16   17  18
                                     12Z  AVG MX 2MIN
DY MAX MIN AVG DEP HDD CDD  WTR  SNW DPTH SPD SPD DIR MIN PSBL S-S WX    SPD DR
================================================================================

 1  81  56  69   1   0   4 0.00  0.0    0 10.3 18 140   M    M   4 1      26 130
 2  88  63  76   8   0  11 0.00    M    M 11.5 20 170   M    M   2        27 150
 3  83  65  74   5   0   9 0.00  0.0    0 12.6 26 150   M    M   5 3      35  70
 4  89  65  77   8   0  12 0.01    M    M  8.1 23 360   M    M   4 138    32 360
 5  84  62  73   4   0   8 0.09    M    M 13.6 23 100   M    M   5 13     33 100
 6  92  65  79   9   0  14    T    M    M 10.4 31 250   M    M   1        46 250
 7  86  63  75   5   0  10 0.00    M    M  8.3 17 360   M    M   1        23  10
 8  90  59  75   5   0  10 0.00    M    M  5.7 14 330   M    M   1        19 320
 9  96  59  78   7   0  13 0.00    M    M  6.1 14 230   M    M   0 8      17 230
10  98  69  84  13   0  19 0.09    M    M 10.7 33 180   M    M   1 138    42 170
11  83  64  74   2   0   9 0.04    M    M 10.6 21  20   M    M   4 1      26  10
12  70  56  63  -9   2   0 0.12    M    M  5.0 16  20   M    M   9 1      21  30
13  84  56  70  -2   0   5    T    M    M  5.7 15 130   M    M   7 1      20 130
14  81  63  72   0   0   7 0.39    M    M  5.8 21  30   M    M   7 18     27  40
15  83  62  73   0   0   8 0.00    M    M  8.2 18 350   M    M   3        22 340
16  85  58  72  -1   0   7 0.00    M    M  7.2 14 160   M    M   4 1      17 170
17  89  61  75   1   0  10 0.00    M    M  7.5 23 360   M    M   0        28 350
18  84  62  73  -1   0   8 0.04    M    M  7.6 39  10   M    M   1 138    49  10
19  95  59  77   3   0  12 0.00    M    M  9.9 23 170   M    M   3 128    33 170
20  95  72  84  10   0  19 0.00    M    M 11.0 20  20   M    M   0        26  10
21 102  66  84   9   0  19 0.00    M    M 10.8 23 180   M    M   0        30 180
22  94  68  81   6   0  16 0.00    M    M 14.8 25 360   M    M   0        34  10
23  95  70  83   8   0  18 0.00    M    M 12.7 30  80   M    M   4        36  80
24 104  68  86  10   0  21 0.00    M    M 12.8 25 220   M    M   0 8      35 210
25  87  70  79   3   0  14    T    M    M 11.6 24  90   M    M   3 138    30  70
26  88  62  75  -1   0  10    T    M    M 10.4 21  20   M    M   3 3      28  20
27  93  55  74  -3   0   9 0.00    M    M  5.3 12 100   M    M   1        15 140
28  99  64  82   5   0  17 0.00    M    M 10.6 21  10   M    M   0 8      28  10
29  98  56  77   0   0  12 0.00    M    M  3.6 14  40   M    M   0 8      19 350
================================================================================
SM 2596 1818         2 331  0.78     0.0 268.4          M       73
================================================================================
AV 89.5 62.7                               9.3 FASTST   M    M   3    MAX(MPH)
                                 MISC ---->  # 39  10               # 49   10
================================================================================
NOTES:
# LAST OF SEVERAL OCCURRENCES

COLUMN 17 PEAK WIND IN M.P.H.

PRELIMINARY LOCAL CLIMATOLOGICAL DATA (WS FORM: F-6) , PAGE 2

                                          STATION:  HILL CITY KS
                                          MONTH:    JUNE
                                          YEAR:     2015
                                          LATITUDE:   39 22 N
                                          LONGITUDE:  99 50 W

[TEMPERATURE DATA]      [PRECIPITATION DATA]       SYMBOLS USED IN COLUMN 16

AVERAGE MONTHLY: 76.1   TOTAL FOR MONTH:   0.78    1 = FOG OR MIST
DPTR FM NORMAL:   3.4   DPTR FM NORMAL:   -1.92    2 = FOG REDUCING VISIBILITY
HIGHEST:   104 ON 24    GRTST 24HR  0.39 ON 14-14      TO 1/4 MILE OR LESS
LOWEST:     55 ON 27                               3 = THUNDER
                        SNOW, ICE PELLETS, HAIL    4 = ICE PELLETS
                        TOTAL MONTH:   0.0 INCH    5 = HAIL
                        GRTST 24HR     0.0         6 = FREEZING RAIN OR DRIZZLE
                        GRTST DEPTH:   0           7 = DUSTSTORM OR SANDSTORM:
                                                       VSBY 1/2 MILE OR LESS
                                                   8 = SMOKE OR HAZE
[NO. OF DAYS WITH]      [WEATHER - DAYS WITH]      9 = BLOWING SNOW
                                                   X = TORNADO
MAX 32 OR BELOW:   0    0.01 INCH OR MORE:   7
MAX 90 OR ABOVE:  13    0.10 INCH OR MORE:   2
MIN 32 OR BELOW:   0    0.50 INCH OR MORE:   0
MIN  0 OR BELOW:   0    1.00 INCH OR MORE:   0

[HDD (BASE 65) ]
TOTAL THIS MO.     2    CLEAR  (SCALE 0-3)  19
DPTR FM NORMAL   -16    PTCLDY (SCALE 4-7)   9
TOTAL FM JUL 1  5064    CLOUDY (SCALE 8-10)  1
DPTR FM NORMAL  -478

[CDD (BASE 65) ]
TOTAL THIS MO.   331
DPTR FM NORMAL    87    [PRESSURE DATA]
TOTAL FM JAN 1   371    HIGHEST SLP M ON M
DPTR FM NORMAL    49    LOWEST  SLP 29.53 ON 10

[REMARKS]
