000
CXUS53 KGLD 010800
CF6HLC
PRELIMINARY LOCAL CLIMATOLOGICAL DATA (WS FORM: F-6)
STATION: HILL CITY KS
MONTH: SEPTEMBER
YEAR: 2023
LATITUDE: 39 22 N
LONGITUDE: 99 50 W
TEMPERATURE IN F: :PCPN: SNOW: WIND :SUNSHINE: SKY :PK WND
================================================================================
1 2 3 4 5 6A 6B 7 8 9 10 11 12 13 14 15 16 17 18
12Z AVG MX 2MIN
DY MAX MIN AVG DEP HDD CDD WTR SNW DPTH SPD SPD DIR MIN PSBL S-S WX SPD DR
================================================================================
1 103 70 87 14 0 22 0.00 M M 11.5 23 160 M M 0 35 150
2 106 71 89 16 0 24 0.00 M M 10.8 23 180 M M 0 35 170
3 104 65 85 12 0 20 0.00 M M 9.9 21 160 M M 0 27 160
4 103 70 87 15 0 22 0.00 M M 12.2 26 340 M M 0 42 280
5 87 57 72 0 0 7 0.00 M M 14.1 29 350 M M 0 8 39 340
6 86 49 68 -4 0 3 0.00 M M 4.4 12 220 M M 0 8 15 210
7 97 54 76 4 0 11 0.00 M M 7.5 18 180 M M 0 8 27 180
8 90 56 73 2 0 8 0.00 M M 6.4 18 350 M M 0 8 25 350
9 94 56 75 4 0 10 T M M 11.9 32 150 M M 1 38 46 160
10 77 63 70 -1 0 5 0.02 M M 7.4 26 10 M M 7 13 34 10
11 73 49 61 -9 4 0 0.00 M M 8.6 17 40 M M 7 18 22 50
12 79 44 62 -8 3 0 0.00 M M 4.9 13 160 M M 0 18 17 160
13 76 46 61 -9 4 0 0.00 M M 6.0 17 170 M M 4 18 23 180
14 77 50 64 -5 1 0 0.00 M M 6.5 16 160 M M 5 18 23 170
15 75 56 66 -3 0 1 0.09 M M 4.3 14 310 M M 8 13 18 140
16 86 49 68 0 0 3 0.00 M M 4.0 14 280 M M 2 128 23 300
17 88 48 68 0 0 3 0.00 M M 5.8 14 160 M M 0 1 20 180
18 96 62 79 11 0 14 0.00 M M 11.2 21 180 M M 0 36 190
19 93 55 74 7 0 9 0.00 M M 5.6 18 190 M M 0 18 28 170
20 94 53 74 7 0 9 M M M 7.9 13 160 M M 0 21 170
21 89 64 77 11 0 12 T M M 12.7 28 140 M M 2 138 37 160
22 82 58 70 4 0 5 0.00 M M 10.1 20 70 M M 6 25 70
23 83 51 67 1 0 2 0.00 M M 10.8 28 330 M M 3 18 37 320
24 88 45 67 2 0 2 0.00 M M 6.8 17 310 M M 0 8 25 250
25 91 46 69 4 0 4 0.00 M M 4.1 13 340 M M 0 20 190
26 86 49 68 4 0 3 M M M 8.4 16 50 M M 0 24 60
27 87 53 70 6 0 5 0.00 M M 10.1 18 90 M M 0 27 110
28 99 55 77 14 0 12 0.00 M M 13.4 30 200 M M 0 44 190
29 96 69 83 20 0 18 0.00 M M 12.9 20 210 M M 0 37 200
30 98 67 83 21 0 18 0.00 M M 12.0 28 180 M M 0 39 170
================================================================================
SM 2683 1680 12 252 0.11 M 262.2 M 45
================================================================================
AV 89.4 56.0 8.7 FASTST M M 2 MAX(MPH)
MISC ----> 32 150 46 160
================================================================================
NOTES:
# LAST OF SEVERAL OCCURRENCES
COLUMN 17 PEAK WIND IN M.P.H.
PRELIMINARY LOCAL CLIMATOLOGICAL DATA (WS FORM: F-6) , PAGE 2
STATION: HILL CITY KS
MONTH: SEPTEMBER
YEAR: 2023
LATITUDE: 39 22 N
LONGITUDE: 99 50 W
[TEMPERATURE DATA] [PRECIPITATION DATA] SYMBOLS USED IN COLUMN 16
AVERAGE MONTHLY: 72.7 TOTAL FOR MONTH: 0.11 1 = FOG OR MIST
DPTR FM NORMAL: 4.4 DPTR FM NORMAL: -1.95 2 = FOG REDUCING VISIBILITY
HIGHEST: 106 ON 2 GRTST 24HR 0.09 ON 15-15 TO 1/4 MILE OR LESS
LOWEST: 44 ON 12 3 = THUNDER
SNOW, ICE PELLETS, HAIL 4 = ICE PELLETS
TOTAL MONTH: M 5 = HAIL
GRTST 24HR M ON M 6 = FREEZING RAIN OR DRIZZLE
GRTST DEPTH: M ON M 7 = DUSTSTORM OR SANDSTORM:
VSBY 1/2 MILE OR LESS
8 = SMOKE OR HAZE
[NO. OF DAYS WITH] [WEATHER - DAYS WITH] 9 = BLOWING SNOW
X = TORNADO
MAX 32 OR BELOW: 0 0.01 INCH OR MORE: 2
MAX 90 OR ABOVE: 14 0.10 INCH OR MORE: 0
MIN 32 OR BELOW: 0 0.50 INCH OR MORE: 0
MIN 0 OR BELOW: 0 1.00 INCH OR MORE: 0
[HDD (BASE 65) ]
TOTAL THIS MO. 12 CLEAR (SCALE 0-3) 23
DPTR FM NORMAL -54 PTCLDY (SCALE 4-7) 7
TOTAL FM JUL 1 12 CLOUDY (SCALE 8-10) 0
DPTR FM NORMAL -57
[CDD (BASE 65) ]
TOTAL THIS MO. 252
DPTR FM NORMAL 87 [PRESSURE DATA]
TOTAL FM JAN 1 1540 HIGHEST SLP M ON M
DPTR FM NORMAL 169 LOWEST SLP 29.45 ON 4
[REMARKS]
#FINAL-09-23#