000
CDUS43 KGLD 190740
CLIHLC

CLIMATE REPORT
NATIONAL WEATHER SERVICE GOODLAND
1236 AM MST THU JAN 19 2017

...................................

...THE HILL CITY KS CLIMATE SUMMARY FOR JANUARY 18 2017...

CLIMATE NORMAL PERIOD 1981 TO 2010
CLIMATE RECORD PERIOD 1896 TO 2017

WEATHER ITEM   OBSERVED TIME   RECORD YEAR NORMAL DEPARTURE LAST
                VALUE   (LST)  VALUE       VALUE  FROM      YEAR
                                                  NORMAL
..................................................................
TEMPERATURE (F)
 YESTERDAY
  MAXIMUM         53    430 PM  71    1920  42     11       32
  MINIMUM         28    748 AM -15    1940  17     11       15
  AVERAGE         41                        29     12       24

PRECIPITATION (IN)
  YESTERDAY        0.00                      0.02  -0.02     0.00
  MONTH TO DATE    1.06                      0.19   0.87     0.16
  SINCE DEC 1      1.48                      0.88   0.60     2.02
  SINCE JAN 1      1.06                      0.19   0.87     0.16

..................................................................

THE HILL CITY KS CLIMATE NORMALS FOR TODAY
                         NORMAL    RECORD    YEAR
 MAXIMUM TEMPERATURE (F)   42        69      2014
 MINIMUM TEMPERATURE (F)   17       -19      1943

-  INDICATES NEGATIVE NUMBERS.
R  INDICATES RECORD WAS SET OR TIED.
MM INDICATES DATA IS MISSING.
T  INDICATES TRACE AMOUNT.

$$
