000
CDUS43 KGLD 300740 RRA
CLIHLC

CLIMATE REPORT
NATIONAL WEATHER SERVICE GOODLAND
138 AM MDT SUN AUG 30 2015

...................................

...THE HILL CITY KS CLIMATE SUMMARY FOR AUGUST 29 2015...

CLIMATE NORMAL PERIOD 1981 TO 2010
CLIMATE RECORD PERIOD 1896 TO 2015

WEATHER ITEM   OBSERVED TIME   RECORD YEAR NORMAL DEPARTURE LAST
                VALUE   (LST)  VALUE       VALUE  FROM      YEAR
                                                  NORMAL
..................................................................
TEMPERATURE (F)
 YESTERDAY
  MAXIMUM         93    239 PM 108    1939  88      5       87
  MINIMUM         56    434 AM  44    1917  60     -4       61
  AVERAGE         75                        74      1       74

PRECIPITATION (IN)
  YESTERDAY        0.00                      0.09  -0.09     0.00
  MONTH TO DATE    1.04                      2.70  -1.66     6.12
  SINCE JUN 1      8.28                      9.17  -0.89    14.85
  SINCE JAN 1     15.81                     17.67  -1.86    19.79

..................................................................

THE HILL CITY KS CLIMATE NORMALS FOR TODAY
                         NORMAL    RECORD    YEAR
 MAXIMUM TEMPERATURE (F)   88       109      1943
 MINIMUM TEMPERATURE (F)   60        40      1915
                                             1992


-  INDICATES NEGATIVE NUMBERS.
R  INDICATES RECORD WAS SET OR TIED.
MM INDICATES DATA IS MISSING.
T  INDICATES TRACE AMOUNT.

$$
