000
CDUS43 KGLD 280741
CLIHLC

CLIMATE REPORT
NATIONAL WEATHER SERVICE GOODLAND
137 AM MDT THU JUL 28 2016

...................................

...THE HILL CITY KS CLIMATE SUMMARY FOR JULY 27 2016...

CLIMATE NORMAL PERIOD 1981 TO 2010
CLIMATE RECORD PERIOD 1896 TO 2016


WEATHER ITEM   OBSERVED TIME   RECORD YEAR NORMAL DEPARTURE LAST
                VALUE   (LST)  VALUE       VALUE  FROM      YEAR
                                                  NORMAL
..................................................................
TEMPERATURE (F)
 YESTERDAY
  MAXIMUM         90   1250 PM 106    1956  93     -3       97
  MINIMUM         64    524 AM  50    2005  66     -2       69
  AVERAGE         77                        79     -2       83

PRECIPITATION (IN)
  YESTERDAY        0.05                      0.13  -0.08     0.03
  MONTH TO DATE    1.90                      3.21  -1.31     6.46
  SINCE JUN 1      2.46                      5.97  -3.51     7.24
  SINCE JAN 1     15.40                     14.47   0.93    14.77

..................................................................


THE HILL CITY KS CLIMATE NORMALS FOR TODAY
                         NORMAL    RECORD    YEAR
 MAXIMUM TEMPERATURE (F)   92       110      1940
 MINIMUM TEMPERATURE (F)   66        54      1923
                                             1969



-  INDICATES NEGATIVE NUMBERS.
R  INDICATES RECORD WAS SET OR TIED.
MM INDICATES DATA IS MISSING.
T  INDICATES TRACE AMOUNT.

$$
