000
CDUS43 KGLD 010741
CLIHLC

CLIMATE REPORT
NATIONAL WEATHER SERVICE GOODLAND
137 AM MDT WED OCT 1 2014

...................................

...THE HILL CITY KS CLIMATE SUMMARY FOR SEPTEMBER 30 2014...

CLIMATE NORMAL PERIOD 1981 TO 2010
CLIMATE RECORD PERIOD 1896 TO 2014

WEATHER ITEM   OBSERVED TIME   RECORD YEAR NORMAL DEPARTURE LAST
                VALUE   (LST)  VALUE       VALUE  FROM      YEAR
                                                  NORMAL
..................................................................
TEMPERATURE (F)
 YESTERDAY
  MAXIMUM         80    401 PM  98    1938  75      5       82
  MINIMUM         56    701 AM  21    1984  47      9       44
  AVERAGE         68                        61      7       63

PRECIPITATION (IN)
  YESTERDAY        T                         0.05  -0.05     0.00
  MONTH TO DATE    0.78                      1.88  -1.10     2.87
  SINCE SEP 1      0.78                      1.88  -1.10     2.87
  SINCE JAN 1     20.60                     19.76   0.84    15.81

..................................................................

THE HILL CITY KS CLIMATE NORMALS FOR TODAY
                         NORMAL    RECORD    YEAR
 MAXIMUM TEMPERATURE (F)   75        98      2000
 MINIMUM TEMPERATURE (F)   46        30      1975

-  INDICATES NEGATIVE NUMBERS.
R  INDICATES RECORD WAS SET OR TIED.
MM INDICATES DATA IS MISSING.
T  INDICATES TRACE AMOUNT.

$$
