000
CDUS43 KGLD 160746
CLIHLC

CLIMATE REPORT
NATIONAL WEATHER SERVICE GOODLAND
142 AM MDT TUE SEP 16 2014

...................................

...THE HILL CITY KS CLIMATE SUMMARY FOR SEPTEMBER 15 2014...

CLIMATE NORMAL PERIOD 1981 TO 2010
CLIMATE RECORD PERIOD 1896 TO 2014

WEATHER ITEM   OBSERVED TIME   RECORD YEAR NORMAL DEPARTURE LAST
                VALUE   (LST)  VALUE       VALUE  FROM      YEAR
                                                  NORMAL
..................................................................
TEMPERATURE (F)
 YESTERDAY
  MAXIMUM         73    440 PM  99    1955  82     -9       72
  MINIMUM         46   1159 PM  34    1947  54     -8       61
  AVERAGE         60                        68     -8       67

PRECIPITATION (IN)
  YESTERDAY        0.00                      0.06  -0.06     0.01
  MONTH TO DATE    0.30                      1.01  -0.71     1.06
  SINCE SEP 1      0.30                      1.01  -0.71     1.06
  SINCE JAN 1     20.12                     18.89   1.23    14.00

..................................................................

THE HILL CITY KS CLIMATE NORMALS FOR TODAY
                         NORMAL    RECORD    YEAR
 MAXIMUM TEMPERATURE (F)   82       100      1955
 MINIMUM TEMPERATURE (F)   53        31      1912

-  INDICATES NEGATIVE NUMBERS.
R  INDICATES RECORD WAS SET OR TIED.
MM INDICATES DATA IS MISSING.
T  INDICATES TRACE AMOUNT.

$$
