000
CDUS43 KGLD 240819
CLIHLC

CLIMATE REPORT
NATIONAL WEATHER SERVICE GOODLAND
213 AM MDT MON JUL 24 2017
...................................

...THE HILL CITY KS CLIMATE SUMMARY FOR JULY 23 2017...

CLIMATE NORMAL PERIOD 1981 TO 2010
CLIMATE RECORD PERIOD 1896 TO 2017

WEATHER ITEM   OBSERVED TIME   RECORD YEAR NORMAL DEPARTURE LAST
                VALUE   (LST)  VALUE       VALUE  FROM      YEAR
                                                  NORMAL
..................................................................
TEMPERATURE (F)
 YESTERDAY
  MAXIMUM         96    508 PM 107    2012  93      3      102
                                      1940
  MINIMUM         67    434 AM  52    1948  66      1       72
  AVERAGE         82                        80      2       87

PRECIPITATION (IN)
  YESTERDAY        0.00                      0.11  -0.11     0.03
  MONTH TO DATE    1.50                      2.73  -1.23     1.73
  SINCE JUN 1      4.33                      5.49  -1.16     2.29
  SINCE JAN 1     15.61                     13.99   1.62    15.23

..................................................................

THE HILL CITY KS CLIMATE NORMALS FOR TODAY
                         NORMAL    RECORD    YEAR
 MAXIMUM TEMPERATURE (F)   93       117      1936
 MINIMUM TEMPERATURE (F)   66        47      1911

-  INDICATES NEGATIVE NUMBERS.
R  INDICATES RECORD WAS SET OR TIED.
MM INDICATES DATA IS MISSING.
T  INDICATES TRACE AMOUNT.

$$
