000
CDUS43 KGLD 260041
CLIHLC

CLIMATE REPORT
NATIONAL WEATHER SERVICE GOODLAND
636 PM MDT THU MAY 25 2017
...................................

...THE HILL CITY KS CLIMATE SUMMARY FOR MAY 25 2017...
VALID TODAY AS OF 0600 PM LOCAL TIME.

CLIMATE NORMAL PERIOD 1981 TO 2010
CLIMATE RECORD PERIOD 1896 TO 2017

WEATHER ITEM   OBSERVED TIME   RECORD YEAR NORMAL DEPARTURE LAST
                VALUE   (LST)  VALUE       VALUE  FROM      YEAR
                                                  NORMAL
..................................................................
TEMPERATURE (F)
 TODAY
  MAXIMUM         86    402 PM  99    1964  78      8       77
  MINIMUM         47    526 AM  37    2002  53     -6       56
  AVERAGE         67                        66      1       67

PRECIPITATION (IN)
  TODAY            0.00                      0.12  -0.12     0.00
  MONTH TO DATE    3.36                      3.01   0.35     4.51
  SINCE MAR 1      9.08                      6.76   2.32    11.43
  SINCE JAN 1     10.15                      7.73   2.42    12.32

..................................................................

THE HILL CITY KS CLIMATE NORMALS FOR TOMORROW
                         NORMAL    RECORD    YEAR
 MAXIMUM TEMPERATURE (F)   79       102      2012
 MINIMUM TEMPERATURE (F)   53        33      1992

-  INDICATES NEGATIVE NUMBERS.
R  INDICATES RECORD WAS SET OR TIED.
MM INDICATES DATA IS MISSING.
T  INDICATES TRACE AMOUNT.

$$
