000
CDUS43 KGLD 170743 RRB
CLIHLC

CLIMATE REPORT
NATIONAL WEATHER SERVICE GOODLAND
1241 AM MST WED DEC 17 2014

...................................

...THE HILL CITY KS CLIMATE SUMMARY FOR DECEMBER 16 2014...

CLIMATE NORMAL PERIOD 1981 TO 2010
CLIMATE RECORD PERIOD 1896 TO 2014

WEATHER ITEM   OBSERVED TIME   RECORD YEAR NORMAL DEPARTURE LAST
                VALUE   (LST)  VALUE       VALUE  FROM      YEAR
                                                  NORMAL
..................................................................
TEMPERATURE (F)
 YESTERDAY
  MAXIMUM         33    330 PM  75    1962  42     -9       63
  MINIMUM         18    808 AM -14    1989  17      1       28
  AVERAGE         26                        30     -4       46

PRECIPITATION (IN)
  YESTERDAY        0.00                      0.01  -0.01     0.00
  MONTH TO DATE    0.27                      0.46  -0.19     0.05
  SINCE DEC 1      0.27                      0.46  -0.19     0.05
  SINCE JAN 1     21.72                     22.69  -0.97    17.61

..................................................................

THE HILL CITY KS CLIMATE NORMALS FOR TODAY
                         NORMAL    RECORD    YEAR
 MAXIMUM TEMPERATURE (F)   42        79      1939
 MINIMUM TEMPERATURE (F)   17        -7      1964

-  INDICATES NEGATIVE NUMBERS.
R  INDICATES RECORD WAS SET OR TIED.
MM INDICATES DATA IS MISSING.
T  INDICATES TRACE AMOUNT.

$$
