000
CDUS43 KGLD 270740
CLIHLC

CLIMATE REPORT
NATIONAL WEATHER SERVICE GOODLAND
1236 AM MST TUE JAN 27 2015


...................................

...THE HILL CITY KS CLIMATE SUMMARY FOR JANUARY 26 2015...

CLIMATE NORMAL PERIOD 1981 TO 2010
CLIMATE RECORD PERIOD 1896 TO 2015


WEATHER ITEM   OBSERVED TIME   RECORD YEAR NORMAL DEPARTURE LAST
                VALUE   (LST)  VALUE       VALUE  FROM      YEAR
                                                  NORMAL
..................................................................
TEMPERATURE (F)
 YESTERDAY
  MAXIMUM         72    428 PM  76    2002  42     30       63
  MINIMUM         32    107 AM -15    1950  17     15       19
  AVERAGE         52                        30     22       41

PRECIPITATION (IN)
  YESTERDAY        0.00                      0.03  -0.03     0.00
  MONTH TO DATE    0.02                      0.34  -0.32     0.03
  SINCE DEC 1      0.54                      1.03  -0.49     0.09
  SINCE JAN 1      0.02                      0.34  -0.32     0.03

..................................................................







THE HILL CITY KS CLIMATE NORMALS FOR TODAY
                         NORMAL    RECORD    YEAR
 MAXIMUM TEMPERATURE (F)   42        77      2002
 MINIMUM TEMPERATURE (F)   17       -17      1963



-  INDICATES NEGATIVE NUMBERS.
R  INDICATES RECORD WAS SET OR TIED.
MM INDICATES DATA IS MISSING.
T  INDICATES TRACE AMOUNT.




$$
