376
CDUS43 KGLD 260751
CLIHLC

CLIMATE REPORT
NATIONAL WEATHER SERVICE GOODLAND
140 AM MDT SUN MAR 26 2017

...................................

...THE HILL CITY KS CLIMATE SUMMARY FOR MARCH 25 2017...

CLIMATE NORMAL PERIOD 1981 TO 2010
CLIMATE RECORD PERIOD 1896 TO 2017

WEATHER ITEM   OBSERVED TIME   RECORD YEAR NORMAL DEPARTURE LAST
                VALUE   (LST)  VALUE       VALUE  FROM      YEAR
                                                  NORMAL
..................................................................
TEMPERATURE (F)
 YESTERDAY
  MAXIMUM         56    357 PM  88    1956  59     -3       66
  MINIMUM         34   1126 PM  -2    1955  31      3       26
  AVERAGE         45                        45      0       46

PRECIPITATION (IN)
  YESTERDAY        0.00                      0.06  -0.06     0.00
  MONTH TO DATE    0.35                      1.21  -0.86     0.20
  SINCE MAR 1      0.35                      1.21  -0.86     0.20
  SINCE JAN 1      1.42                      2.18  -0.76     1.09

..................................................................

THE HILL CITY KS CLIMATE NORMALS FOR TODAY
                         NORMAL    RECORD    YEAR
 MAXIMUM TEMPERATURE (F)   59        90      1910
 MINIMUM TEMPERATURE (F)   31         1      1965

-  INDICATES NEGATIVE NUMBERS.
R  INDICATES RECORD WAS SET OR TIED.
MM INDICATES DATA IS MISSING.
T  INDICATES TRACE AMOUNT.

$$
