000
CDUS43 KGLD 210746
CLIHLC

CLIMATE REPORT
NATIONAL WEATHER SERVICE GOODLAND
1237 AM MST TUE FEB 21 2017


...................................

...THE HILL CITY KS CLIMATE SUMMARY FOR FEBRUARY 20 2017...

CLIMATE NORMAL PERIOD 1981 TO 2010
CLIMATE RECORD PERIOD 1896 TO 2017


WEATHER ITEM   OBSERVED TIME   RECORD YEAR NORMAL DEPARTURE LAST
                VALUE   (LST)  VALUE       VALUE  FROM      YEAR
                                                  NORMAL
..................................................................
TEMPERATURE (F)
 YESTERDAY
  MAXIMUM         67    353 PM  78    1981  47     20       69
  MINIMUM         33   1106 PM   4    1978  21     12       31
  AVERAGE         50                        34     16       50

PRECIPITATION (IN)
  YESTERDAY        0.00                      0.02  -0.02     0.00
  MONTH TO DATE    0.01                      0.36  -0.35     0.59
  SINCE DEC 1      1.49                      1.50  -0.01     2.73
  SINCE JAN 1      1.07                      0.81   0.26     0.87

..................................................................


THE HILL CITY KS CLIMATE NORMALS FOR TODAY
                         NORMAL    RECORD    YEAR
 MAXIMUM TEMPERATURE (F)   48        77      1977
 MINIMUM TEMPERATURE (F)   21        -8      1978


-  INDICATES NEGATIVE NUMBERS.
R  INDICATES RECORD WAS SET OR TIED.
MM INDICATES DATA IS MISSING.
T  INDICATES TRACE AMOUNT.

$$
