000
CDUS43 KGLD 160808
CLIHLC

CLIMATE REPORT
NATIONAL WEATHER SERVICE GOODLAND
203 AM MDT WED AUG 16 2017
...................................

...THE HILL CITY KS CLIMATE SUMMARY FOR AUGUST 15 2017...

CLIMATE NORMAL PERIOD 1981 TO 2010
CLIMATE RECORD PERIOD 1896 TO 2017

WEATHER ITEM   OBSERVED TIME   RECORD YEAR NORMAL DEPARTURE LAST
                VALUE   (LST)  VALUE       VALUE  FROM      YEAR
                                                  NORMAL
..................................................................
TEMPERATURE (F)
 YESTERDAY
  MAXIMUM         96    318 PM 108    1936  90      6       92
  MINIMUM         70    638 AM  51    2006  64      6       63
  AVERAGE         83                        77      6       78

PRECIPITATION (IN)
  YESTERDAY        0.00                      0.10  -0.10     0.00
  MONTH TO DATE    0.35                      1.42  -1.07     1.47
  SINCE JUN 1      4.92                      7.89  -2.97     4.33
  SINCE JAN 1     16.20                     16.39  -0.19    17.27

..................................................................

THE HILL CITY KS CLIMATE NORMALS FOR TODAY
                         NORMAL    RECORD    YEAR
 MAXIMUM TEMPERATURE (F)   90       109      1936
 MINIMUM TEMPERATURE (F)   64        49      1931

-  INDICATES NEGATIVE NUMBERS.
R  INDICATES RECORD WAS SET OR TIED.
MM INDICATES DATA IS MISSING.
T  INDICATES TRACE AMOUNT.

$$
