000
CDUS43 KGLD 210745
CLIHLC

CLIMATE REPORT
NATIONAL WEATHER SERVICE GOODLAND
1245 AM MST FRI NOV 21 2014


...................................

...THE HILL CITY KS CLIMATE SUMMARY FOR NOVEMBER 20 2014...

CLIMATE NORMAL PERIOD 1981 TO 2010
CLIMATE RECORD PERIOD 1896 TO 2014


WEATHER ITEM   OBSERVED TIME   RECORD YEAR NORMAL DEPARTURE LAST
                VALUE   (LST)  VALUE       VALUE  FROM      YEAR
                                                  NORMAL
..................................................................
TEMPERATURE (F)
 YESTERDAY
  MAXIMUM         51    416 PM  73    2003  51      0       69
                                      1955
  MINIMUM         12    526 AM   5    1985  26    -14       37
  AVERAGE         32                        38     -6       53

PRECIPITATION (IN)
  YESTERDAY        0.00                      0.02  -0.02     0.00
  MONTH TO DATE    0.01                      0.71  -0.70     0.69
  SINCE SEP 1      1.62                      4.11  -2.49     4.62
  SINCE JAN 1     21.44                     21.99  -0.55    17.56

..................................................................







THE HILL CITY KS CLIMATE NORMALS FOR TODAY
                         NORMAL    RECORD    YEAR
 MAXIMUM TEMPERATURE (F)   51        75      2012
 MINIMUM TEMPERATURE (F)   25         3      1964



-  INDICATES NEGATIVE NUMBERS.
R  INDICATES RECORD WAS SET OR TIED.
MM INDICATES DATA IS MISSING.
T  INDICATES TRACE AMOUNT.




$$
