000
CDUS43 KGLD 160743 RRA
CLIHLC

CLIMATE REPORT
NATIONAL WEATHER SERVICE GOODLAND
1239 AM MST TUE DEC 16 2014


...................................

...THE HILL CITY KS CLIMATE SUMMARY FOR DECEMBER 15 2014...

CLIMATE NORMAL PERIOD 1981 TO 2010
CLIMATE RECORD PERIOD 1896 TO 2014


WEATHER ITEM   OBSERVED TIME   RECORD YEAR NORMAL DEPARTURE LAST
                VALUE   (LST)  VALUE       VALUE  FROM      YEAR
                                                  NORMAL
..................................................................
TEMPERATURE (F)
 YESTERDAY
  MAXIMUM         38   1238 AM  74    1946  42     -4       62
  MINIMUM         30   1138 PM -15    1989  17     13       27
  AVERAGE         34                        30      4       45

PRECIPITATION (IN)
  YESTERDAY        T                         0.01  -0.01     0.00
  MONTH TO DATE    0.27                      0.45  -0.18     0.05
  SINCE DEC 1      0.27                      0.45  -0.18     0.05
  SINCE JAN 1     21.72                     22.68  -0.96    17.61

..................................................................

THE HILL CITY KS CLIMATE NORMALS FOR TODAY
                         NORMAL    RECORD    YEAR
 MAXIMUM TEMPERATURE (F)   42        75      1962
 MINIMUM TEMPERATURE (F)   17       -14      1989



-  INDICATES NEGATIVE NUMBERS.
R  INDICATES RECORD WAS SET OR TIED.
MM INDICATES DATA IS MISSING.
T  INDICATES TRACE AMOUNT.




$$
