000
CDUS43 KGLD 280847 CCA
CLIHLC

CLIMATE REPORT
NATIONAL WEATHER SERVICE GOODLAND
638 PM MDT FRI MAY 27 2016

...................................

...THE HILL CITY KS CLIMATE SUMMARY FOR MAY 27 2016...
VALID TODAY AS OF 0600 PM LOCAL TIME.

CLIMATE NORMAL PERIOD 1981 TO 2010
CLIMATE RECORD PERIOD 1896 TO 2016


WEATHER ITEM   OBSERVED TIME   RECORD YEAR NORMAL DEPARTURE LAST
                VALUE   (LST)  VALUE       VALUE  FROM      YEAR
                                                  NORMAL
..................................................................
TEMPERATURE (F)
 TODAY
  MAXIMUM         68    459 PM  99    2006  79    -11       77
  MINIMUM         57    606 AM  28    1907  54      3       49
  AVERAGE         63                        66     -3       63

PRECIPITATION (IN)
  TODAY            T                         0.12  -0.12     0.05
  MONTH TO DATE    4.76                      3.26   1.50     3.22
  SINCE MAR 1     11.68                      7.01   4.67     6.83
  SINCE JAN 1     12.57                      7.98   4.59     7.25

..................................................................


THE HILL CITY KS CLIMATE NORMALS FOR TOMORROW
                         NORMAL    RECORD    YEAR
 MAXIMUM TEMPERATURE (F)   79       101      2006
 MINIMUM TEMPERATURE (F)   54        32      1947



-  INDICATES NEGATIVE NUMBERS.
R  INDICATES RECORD WAS SET OR TIED.
MM INDICATES DATA IS MISSING.
T  INDICATES TRACE AMOUNT.

$$
