000
CDUS43 KGLD 170059
CLIHLC

CLIMATE REPORT
NATIONAL WEATHER SERVICE GOODLAND
541 PM MST FRI FEB 16 2018


...................................

...THE HILL CITY KS CLIMATE SUMMARY FOR FEBRUARY 16 2018...
VALID TODAY AS OF 0500 PM LOCAL TIME.

CLIMATE NORMAL PERIOD 1981 TO 2010
CLIMATE RECORD PERIOD 1896 TO 2018


WEATHER ITEM   OBSERVED TIME   RECORD YEAR NORMAL DEPARTURE LAST
                VALUE   (LST)  VALUE       VALUE  FROM      YEAR
                                                  NORMAL
..................................................................
TEMPERATURE (F)
 TODAY
  MAXIMUM         40    424 PM  79    2017  46     -6       79
  MINIMUM         12    727 AM  -7    1978  20     -8       34
  AVERAGE         26                        33     -7       57

PRECIPITATION (IN)
  TODAY            0.00                      0.01  -0.01     0.00
  MONTH TO DATE    0.06                      0.28  -0.22     0.01
  SINCE DEC 1      0.47                      1.42  -0.95     1.49
  SINCE JAN 1      0.44                      0.73  -0.29     1.07

..................................................................


THE HILL CITY KS CLIMATE NORMALS FOR TOMORROW
                         NORMAL    RECORD    YEAR
 MAXIMUM TEMPERATURE (F)   46        84      1970
 MINIMUM TEMPERATURE (F)   20       -11      1978


-  INDICATES NEGATIVE NUMBERS.
R  INDICATES RECORD WAS SET OR TIED.
MM INDICATES DATA IS MISSING.
T  INDICATES TRACE AMOUNT.

$$
