000
CDUS43 KGLD 230810
CLIHLC

CLIMATE REPORT
NATIONAL WEATHER SERVICE GOODLAND
103 AM MST TUE DEC 23 2014

...................................

...THE HILL CITY KS CLIMATE SUMMARY FOR DECEMBER 22 2014...

CLIMATE NORMAL PERIOD 1981 TO 2010
CLIMATE RECORD PERIOD 1896 TO 2014

WEATHER ITEM   OBSERVED TIME   RECORD YEAR NORMAL DEPARTURE LAST
                VALUE   (LST)  VALUE       VALUE  FROM      YEAR
                                                  NORMAL
..................................................................
TEMPERATURE (F)
 YESTERDAY
  MAXIMUM         53    238 PM  68    1964  42     11       35
  MINIMUM         35    226 AM -26    1989  17     18        9
  AVERAGE         44                        29     15       22

PRECIPITATION (IN)
  YESTERDAY        T                         0.02  -0.02     0.00
  MONTH TO DATE    0.27                      0.54  -0.27     0.05
  SINCE DEC 1      0.27                      0.54  -0.27     0.05
  SINCE JAN 1     21.72                     22.77  -1.05    17.61

..................................................................

THE HILL CITY KS CLIMATE NORMALS FOR TODAY
                         NORMAL    RECORD    YEAR
 MAXIMUM TEMPERATURE (F)   42        83      1964
 MINIMUM TEMPERATURE (F)   17       -25      1989

-  INDICATES NEGATIVE NUMBERS.
R  INDICATES RECORD WAS SET OR TIED.
MM INDICATES DATA IS MISSING.
T  INDICATES TRACE AMOUNT.

$$
