000
CDUS43 KGLD 110749
CLIHLC

CLIMATE REPORT
NATIONAL WEATHER SERVICE GOODLAND
1243 AM MST SAT NOV 11 2017

...................................

...THE HILL CITY KS CLIMATE SUMMARY FOR NOVEMBER 10 2017...

CLIMATE NORMAL PERIOD 1981 TO 2010
CLIMATE RECORD PERIOD 1896 TO 2017


WEATHER ITEM   OBSERVED TIME   RECORD YEAR NORMAL DEPARTURE LAST
                VALUE   (LST)  VALUE       VALUE  FROM      YEAR
                                                  NORMAL
..................................................................
TEMPERATURE (F)
 YESTERDAY
  MAXIMUM         49    645 PM  83    1927  57     -8       77
                                      1912
  MINIMUM         24    144 AM   5    1950  30     -6       24
  AVERAGE         37                        43     -6       51

PRECIPITATION (IN)
  YESTERDAY        0.00                      0.04  -0.04     0.00
  MONTH TO DATE    0.00                      0.41  -0.41     0.30
  SINCE SEP 1      6.70                      3.81   2.89     9.13
  SINCE JAN 1     24.53                     21.69   2.84    28.66

..................................................................

THE HILL CITY KS CLIMATE NORMALS FOR TODAY
                         NORMAL    RECORD    YEAR
 MAXIMUM TEMPERATURE (F)   56        78      2007
                                             1971
 MINIMUM TEMPERATURE (F)   29         0      1911



-  INDICATES NEGATIVE NUMBERS.
R  INDICATES RECORD WAS SET OR TIED.
MM INDICATES DATA IS MISSING.
T  INDICATES TRACE AMOUNT.




$$
