000
CDUS43 KGLD 140044
CLIHLC

CLIMATE REPORT
NATIONAL WEATHER SERVICE GOODLAND
640 PM MDT THU JUL 13 2017
...................................

...THE HILL CITY KS CLIMATE SUMMARY FOR JULY 13 2017...
VALID TODAY AS OF 0600 PM LOCAL TIME.

CLIMATE NORMAL PERIOD 1981 TO 2010
CLIMATE RECORD PERIOD 1896 TO 2017

WEATHER ITEM   OBSERVED TIME   RECORD YEAR NORMAL DEPARTURE LAST
                VALUE   (LST)  VALUE       VALUE  FROM      YEAR
                                                  NORMAL
..................................................................
TEMPERATURE (F)
 TODAY
  MAXIMUM         80    459 PM 115    1934  93    -13       94
  MINIMUM         69    624 AM  47    1975  66      3       67
  AVERAGE         75                        79     -4       81

PRECIPITATION (IN)
  TODAY            0.02                      0.15  -0.13     1.15
  MONTH TO DATE    1.32                      1.43  -0.11     1.27
  SINCE JUN 1      4.15                      4.19  -0.04     1.83
  SINCE JAN 1     15.43                     12.69   2.74    14.77

..................................................................

THE HILL CITY KS CLIMATE NORMALS FOR TOMORROW
                         NORMAL    RECORD    YEAR
 MAXIMUM TEMPERATURE (F)   93       113      1934
 MINIMUM TEMPERATURE (F)   66        44      1990

-  INDICATES NEGATIVE NUMBERS.
R  INDICATES RECORD WAS SET OR TIED.
MM INDICATES DATA IS MISSING.
T  INDICATES TRACE AMOUNT.

$$
