963
CDUS43 KGLD 210048 RRB
CLIHLC

CLIMATE REPORT
NATIONAL WEATHER SERVICE GOODLAND
643 PM MDT WED JUL 20 2016

...................................

...THE HILL CITY KS CLIMATE SUMMARY FOR JULY 20 2016...
VALID TODAY AS OF 0600 PM LOCAL TIME.

CLIMATE NORMAL PERIOD 1981 TO 2010
CLIMATE RECORD PERIOD 1896 TO 2016


WEATHER ITEM   OBSERVED TIME   RECORD YEAR NORMAL DEPARTURE LAST
                VALUE   (LST)  VALUE       VALUE  FROM      YEAR
                                                  NORMAL
..................................................................
TEMPERATURE (F)
 TODAY
  MAXIMUM        101    429 PM 112    1939  93      8       93
  MINIMUM         73    535 AM  55    1988  66      7       69
                                      1913
  AVERAGE         87                        80      7       81

PRECIPITATION (IN)
  TODAY            0.00                      0.11  -0.11     0.02
  MONTH TO DATE    1.70                      2.39  -0.69     5.63
  SINCE JUN 1      2.26                      5.15  -2.89     6.41
  SINCE JAN 1     15.20                     13.65   1.55    13.94

..................................................................


THE HILL CITY KS CLIMATE NORMALS FOR TOMORROW
                         NORMAL    RECORD    YEAR
 MAXIMUM TEMPERATURE (F)   93       110      1934
 MINIMUM TEMPERATURE (F)   66        48      1970


-  INDICATES NEGATIVE NUMBERS.
R  INDICATES RECORD WAS SET OR TIED.
MM INDICATES DATA IS MISSING.
T  INDICATES TRACE AMOUNT.


$$
