000
CDUS43 KGLD 090745
CLIHLC

CLIMATE REPORT
NATIONAL WEATHER SERVICE GOODLAND
142 AM MDT WED APR 9 2014


...................................

...THE HILL CITY KS CLIMATE SUMMARY FOR APRIL 8 2014...

CLIMATE NORMAL PERIOD 1981 TO 2010
CLIMATE RECORD PERIOD 1896 TO 2014


WEATHER ITEM   OBSERVED TIME   RECORD YEAR NORMAL DEPARTURE LAST
                VALUE   (LST)  VALUE       VALUE  FROM      YEAR
                                                  NORMAL
..................................................................
TEMPERATURE (F)
 YESTERDAY
  MAXIMUM         66    404 PM  88    1988  63      3       75
  MINIMUM         33    458 AM  18    1957  35     -2       48
  AVERAGE         50                        49      1       62

PRECIPITATION (IN)
  YESTERDAY        0.00                      0.06  -0.06     0.00
  MONTH TO DATE    0.27                      0.43  -0.16      T
  SINCE MAR 1      0.46                      2.06  -1.60     0.79
  SINCE JAN 1      0.92                      3.03  -2.11     1.98

..................................................................


THE HILL CITY KS CLIMATE NORMALS FOR TODAY
                         NORMAL    RECORD    YEAR
 MAXIMUM TEMPERATURE (F)   63        93      2011
 MINIMUM TEMPERATURE (F)   35        19      1952



-  INDICATES NEGATIVE NUMBERS.
R  INDICATES RECORD WAS SET OR TIED.
MM INDICATES DATA IS MISSING.
T  INDICATES TRACE AMOUNT.

$$
