000
CDUS43 KGLD 280738
CLIHLC

CLIMATE REPORT
NATIONAL WEATHER SERVICE GOODLAND
1236 AM MST WED JAN 28 2015


...................................

...THE HILL CITY KS CLIMATE SUMMARY FOR JANUARY 27 2015...

CLIMATE NORMAL PERIOD 1981 TO 2010
CLIMATE RECORD PERIOD 1896 TO 2015


WEATHER ITEM   OBSERVED TIME   RECORD YEAR NORMAL DEPARTURE LAST
                VALUE   (LST)  VALUE       VALUE  FROM      YEAR
                                                  NORMAL
..................................................................
TEMPERATURE (F)
 YESTERDAY
  MAXIMUM         83R   421 PM  77    2002  42     41       19
  MINIMUM         28    714 AM -17    1963  17     11        7
  AVERAGE         56                        30     26       13

PRECIPITATION (IN)
  YESTERDAY        0.00                      0.02  -0.02     0.00
  MONTH TO DATE    0.02                      0.36  -0.34     0.03
  SINCE DEC 1      0.54                      1.05  -0.51     0.09
  SINCE JAN 1      0.02                      0.36  -0.34     0.03

..................................................................







THE HILL CITY KS CLIMATE NORMALS FOR TODAY
                         NORMAL    RECORD    YEAR
 MAXIMUM TEMPERATURE (F)   42        73      2008
                                             1986
 MINIMUM TEMPERATURE (F)   17       -15      1918



-  INDICATES NEGATIVE NUMBERS.
R  INDICATES RECORD WAS SET OR TIED.
MM INDICATES DATA IS MISSING.
T  INDICATES TRACE AMOUNT.




$$
