996
CDUS43 KGLD 220038 RRB
CLIHLC

CLIMATE REPORT
NATIONAL WEATHER SERVICE GOODLAND
636 PM MDT WED JUN 21 2017

...................................

...THE HILL CITY KS CLIMATE SUMMARY FOR JUNE 21 2017...
VALID TODAY AS OF 0600 PM LOCAL TIME.

CLIMATE NORMAL PERIOD 1981 TO 2010
CLIMATE RECORD PERIOD 1896 TO 2017


WEATHER ITEM   OBSERVED TIME   RECORD YEAR NORMAL DEPARTURE LAST
                VALUE   (LST)  VALUE       VALUE  FROM      YEAR
                                                  NORMAL
..................................................................
TEMPERATURE (F)
 TODAY
  MAXIMUM        103    449 PM 106    1988  88     15      104
                                      1936
  MINIMUM         66    352 AM  47    1972  61      5       67
  AVERAGE         85                        75     10       86

PRECIPITATION (IN)
  TODAY            0.00                      0.10  -0.10     0.00
  MONTH TO DATE    0.23                      2.01  -1.78     0.50
  SINCE JUN 1      0.23                      2.01  -1.78     0.50
  SINCE JAN 1     11.51                     10.51   1.00    13.44

..................................................................


THE HILL CITY KS CLIMATE NORMALS FOR TOMORROW
                         NORMAL    RECORD    YEAR
 MAXIMUM TEMPERATURE (F)   89       105      1988
 MINIMUM TEMPERATURE (F)   62        43      1985


-  INDICATES NEGATIVE NUMBERS.
R  INDICATES RECORD WAS SET OR TIED.
MM INDICATES DATA IS MISSING.
T  INDICATES TRACE AMOUNT.


$$
