000
CDUS43 KGLD 200042 RRA
CLIHLC

CLIMATE REPORT
NATIONAL WEATHER SERVICE GOODLAND
639 PM MDT SUN OCT 19 2014


...................................

...THE HILL CITY KS CLIMATE SUMMARY FOR OCTOBER 19 2014...
VALID TODAY AS OF 0600 PM LOCAL TIME.

CLIMATE NORMAL PERIOD 1981 TO 2010
CLIMATE RECORD PERIOD 1896 TO 2014


WEATHER ITEM   OBSERVED TIME   RECORD YEAR NORMAL DEPARTURE LAST
                VALUE   (LST)  VALUE       VALUE  FROM      YEAR
                                                  NORMAL
..................................................................
TEMPERATURE (F)
 TODAY
  MAXIMUM         75    330 PM  95    2003  67      8       68
  MINIMUM         45    125 AM  10    1917  39      6       32
  AVERAGE         60                        53      7       50

PRECIPITATION (IN)
  TODAY            0.00                      0.06  -0.06     0.00
  MONTH TO DATE    0.75                      1.02  -0.27     0.91
  SINCE SEP 1      1.53                      2.90  -1.37     3.78
  SINCE JAN 1     21.35                     20.78   0.57    16.72

..................................................................


THE HILL CITY KS CLIMATE NORMALS FOR TOMORROW
                         NORMAL    RECORD    YEAR
 MAXIMUM TEMPERATURE (F)   66        94      1947
 MINIMUM TEMPERATURE (F)   38        19      1910



-  INDICATES NEGATIVE NUMBERS.
R  INDICATES RECORD WAS SET OR TIED.
MM INDICATES DATA IS MISSING.
T  INDICATES TRACE AMOUNT.

$$
