000
CDUS43 KGLD 240739 RRA
CLIHLC

CLIMATE REPORT
NATIONAL WEATHER SERVICE GOODLAND
136 AM MDT MON AUG 24 2015

...................................

...THE HILL CITY KS CLIMATE SUMMARY FOR AUGUST 23 2015...

CLIMATE NORMAL PERIOD 1981 TO 2010
CLIMATE RECORD PERIOD 1896 TO 2015

WEATHER ITEM   OBSERVED TIME   RECORD YEAR NORMAL DEPARTURE LAST
                VALUE   (LST)  VALUE       VALUE  FROM      YEAR
                                                  NORMAL
..................................................................
TEMPERATURE (F)
 YESTERDAY
  MAXIMUM         79    502 PM 109    1943  89    -10       94
  MINIMUM         49   1157 PM  44    1911  62    -13       67
  AVERAGE         64                        76    -12       81

PRECIPITATION (IN)
  YESTERDAY        0.00                      0.09  -0.09     0.01
  MONTH TO DATE    1.00                      2.14  -1.14     2.34
  SINCE JUN 1      8.24                      8.61  -0.37    11.07
  SINCE JAN 1     15.77                     17.11  -1.34    16.01

..................................................................

THE HILL CITY KS CLIMATE NORMALS FOR TODAY
                         NORMAL    RECORD    YEAR
 MAXIMUM TEMPERATURE (F)   89       112      1943
 MINIMUM TEMPERATURE (F)   62        39      1928

-  INDICATES NEGATIVE NUMBERS.
R  INDICATES RECORD WAS SET OR TIED.
MM INDICATES DATA IS MISSING.
T  INDICATES TRACE AMOUNT.

$$
