000
CDUS43 KGLD 250742 RRB
CLIHLC

CLIMATE REPORT
NATIONAL WEATHER SERVICE GOODLAND
140 AM MDT SUN SEP 25 2016

...................................

...THE HILL CITY KS CLIMATE SUMMARY FOR SEPTEMBER 24 2016...

CLIMATE NORMAL PERIOD 1981 TO 2010
CLIMATE RECORD PERIOD 1896 TO 2016


WEATHER ITEM   OBSERVED TIME   RECORD YEAR NORMAL DEPARTURE LAST
                VALUE   (LST)  VALUE       VALUE  FROM      YEAR
                                                  NORMAL
..................................................................
TEMPERATURE (F)
 YESTERDAY
  MAXIMUM         79    505 PM  97    1966  78      1       84
  MINIMUM         53   1159 PM  31    1989  50      3       61
  AVERAGE         66                        64      2       73

PRECIPITATION (IN)
  YESTERDAY        0.11                      0.05   0.06     0.00
  MONTH TO DATE    8.75                      1.54   7.21     0.28
  SINCE SEP 1      8.75                      1.54   7.21     0.28
  SINCE JAN 1     28.28                     19.42   8.86    16.09

..................................................................


THE HILL CITY KS CLIMATE NORMALS FOR TODAY
                         NORMAL    RECORD    YEAR
 MAXIMUM TEMPERATURE (F)   78       102      1998
 MINIMUM TEMPERATURE (F)   49        24      1926



-  INDICATES NEGATIVE NUMBERS.
R  INDICATES RECORD WAS SET OR TIED.
MM INDICATES DATA IS MISSING.
T  INDICATES TRACE AMOUNT.

$$
