000
CDUS43 KGLD 160812
CLIHLC

CLIMATE REPORT
NATIONAL WEATHER SERVICE GOODLAND
206 AM MDT SAT AUG 16 2014


...................................

...THE HILL CITY KS CLIMATE SUMMARY FOR AUGUST 15 2014...

CLIMATE NORMAL PERIOD 1981 TO 2010
CLIMATE RECORD PERIOD 1896 TO 2014


WEATHER ITEM   OBSERVED TIME   RECORD YEAR NORMAL DEPARTURE LAST
                VALUE   (LST)  VALUE       VALUE  FROM      YEAR
                                                  NORMAL
..................................................................
TEMPERATURE (F)
 YESTERDAY
  MAXIMUM         93    228 PM 108    1936  90      3       86
  MINIMUM         68    425 AM  51    2006  64      4       62
  AVERAGE         81                        77      4       74

PRECIPITATION (IN)
  YESTERDAY        0.37                      0.10   0.27     0.02
  MONTH TO DATE    1.20                      1.42  -0.22     0.71
  SINCE JUN 1      9.93                      7.89   2.04     8.55
  SINCE JAN 1     14.87                     16.39  -1.52    12.89

..................................................................

THE HILL CITY KS CLIMATE NORMALS FOR TODAY
                         NORMAL    RECORD    YEAR
 MAXIMUM TEMPERATURE (F)   90       109      1936
 MINIMUM TEMPERATURE (F)   64        49      1931



-  INDICATES NEGATIVE NUMBERS.
R  INDICATES RECORD WAS SET OR TIED.
MM INDICATES DATA IS MISSING.
T  INDICATES TRACE AMOUNT.

$$
