000
CDUS43 KGLD 270048
CLIHLC

CLIMATE REPORT
NATIONAL WEATHER SERVICE GOODLAND
646 PM MDT SAT JUL 26 2014


...................................

...THE HILL CITY KS CLIMATE SUMMARY FOR JULY 26 2014...
VALID TODAY AS OF 0600 PM LOCAL TIME.

CLIMATE NORMAL PERIOD 1981 TO 2010
CLIMATE RECORD PERIOD 1896 TO 2014


WEATHER ITEM   OBSERVED TIME   RECORD YEAR NORMAL DEPARTURE LAST
                VALUE   (LST)  VALUE       VALUE  FROM      YEAR
                                                  NORMAL
..................................................................
TEMPERATURE (F)
 TODAY
  MAXIMUM        106    346 PM 111    1940  93     13       84
  MINIMUM         70    630 AM  51    2004  66      4       63
                                      1985
  AVERAGE         88                        80      8       74

PRECIPITATION (IN)
  TODAY            0.01                      0.12  -0.11     0.00
  MONTH TO DATE    1.80                      3.08  -1.28     2.61
  SINCE JUN 1      8.73                      5.84   2.89     5.29
  SINCE JAN 1     13.67                     14.34  -0.67     9.63

..................................................................


THE HILL CITY KS CLIMATE NORMALS FOR TOMORROW
                         NORMAL    RECORD    YEAR
 MAXIMUM TEMPERATURE (F)   93       106      1956
 MINIMUM TEMPERATURE (F)   66        50      2005



-  INDICATES NEGATIVE NUMBERS.
R  INDICATES RECORD WAS SET OR TIED.
MM INDICATES DATA IS MISSING.
T  INDICATES TRACE AMOUNT.

$$
