000
CDUS43 KGLD 150743 RRA
CLIHLC

CLIMATE REPORT
NATIONAL WEATHER SERVICE GOODLAND
139 AM MDT FRI AUG 15 2014

...................................

...THE HILL CITY KS CLIMATE SUMMARY FOR AUGUST 14 2014...

CLIMATE NORMAL PERIOD 1981 TO 2010
CLIMATE RECORD PERIOD 1896 TO 2014


WEATHER ITEM   OBSERVED TIME   RECORD YEAR NORMAL DEPARTURE LAST
                VALUE   (LST)  VALUE       VALUE  FROM      YEAR
                                                  NORMAL
..................................................................
TEMPERATURE (F)
 YESTERDAY
  MAXIMUM         97    253 PM 109    1936  90      7       77
  MINIMUM         67    625 AM  50    2004  64      3       59
  AVERAGE         82                        77      5       68

PRECIPITATION (IN)
  YESTERDAY        0.05                      0.09  -0.04     0.08
  MONTH TO DATE    0.83                      1.32  -0.49     0.69
  SINCE JUN 1      9.56                      7.79   1.77     8.53
  SINCE JAN 1     14.50                     16.29  -1.79    12.87

..................................................................

THE HILL CITY KS CLIMATE NORMALS FOR TODAY
                         NORMAL    RECORD    YEAR
 MAXIMUM TEMPERATURE (F)   90       108      1936
 MINIMUM TEMPERATURE (F)   64        51      2006

-  INDICATES NEGATIVE NUMBERS.
R  INDICATES RECORD WAS SET OR TIED.
MM INDICATES DATA IS MISSING.
T  INDICATES TRACE AMOUNT.

$$
