000
CDUS43 KGLD 180743 RRA
CLIHLC

WRKCLIHLC 000
TTAA00 KGLD 180741

CLIMATE REPORT
NATIONAL WEATHER SERVICE GOODLAND
140 AM MDT MON MAY 18 2015

...................................

...THE HILL CITY KS CLIMATE SUMMARY FOR MAY 17 2015...

CLIMATE NORMAL PERIOD 1981 TO 2010
CLIMATE RECORD PERIOD 1896 TO 2015


WEATHER ITEM   OBSERVED TIME   RECORD YEAR NORMAL DEPARTURE LAST
                VALUE   (LST)  VALUE       VALUE  FROM      YEAR
                                                  NORMAL
..................................................................
TEMPERATURE (F)
 YESTERDAY
  MAXIMUM         80    343 PM 103    1927  76      4       60
  MINIMUM         48    442 AM  30    1945  50     -2       34
  AVERAGE         64                        63      1       47

PRECIPITATION (IN)
  YESTERDAY        0.00                      0.14  -0.14      T
  MONTH TO DATE    1.59                      2.04  -0.45     0.02
  SINCE MAR 1      5.20                      5.79  -0.59     3.59
  SINCE JAN 1      5.62                      6.76  -1.14     4.05

..................................................................

THE HILL CITY KS CLIMATE NORMALS FOR TODAY
                         NORMAL    RECORD    YEAR
 MAXIMUM TEMPERATURE (F)   76       101      1996
 MINIMUM TEMPERATURE (F)   51        31      2002

-  INDICATES NEGATIVE NUMBERS.
R  INDICATES RECORD WAS SET OR TIED.
MM INDICATES DATA IS MISSING.
T  INDICATES TRACE AMOUNT.

$$
