000
CDUS43 KGLD 200037
CLIHLC

CLIMATE REPORT
NATIONAL WEATHER SERVICE GOODLAND
635 PM MDT FRI MAY 19 2017

...................................

...THE HILL CITY KS CLIMATE SUMMARY FOR MAY 19 2017...
VALID TODAY AS OF 0600 PM LOCAL TIME.

CLIMATE NORMAL PERIOD 1981 TO 2010
CLIMATE RECORD PERIOD 1896 TO 2017


WEATHER ITEM   OBSERVED TIME   RECORD YEAR NORMAL DEPARTURE LAST
                VALUE   (LST)  VALUE       VALUE  FROM      YEAR
                                                  NORMAL
..................................................................
TEMPERATURE (F)
 TODAY
  MAXIMUM         55   1248 PM  99    2006  76    -21       65
  MINIMUM         48   1142 AM  30    1931  51     -3       48
  AVERAGE         52                        64    -12       57

PRECIPITATION (IN)
  TODAY            1.52                      0.11   1.41     0.00
  MONTH TO DATE    3.22                      2.30   0.92     2.21
  SINCE MAR 1      8.94                      6.05   2.89     9.13
  SINCE JAN 1     10.01                      7.02   2.99    10.02

..................................................................


THE HILL CITY KS CLIMATE NORMALS FOR TOMORROW
                         NORMAL    RECORD    YEAR
 MAXIMUM TEMPERATURE (F)   77        99      1956
 MINIMUM TEMPERATURE (F)   51        31      1931


-  INDICATES NEGATIVE NUMBERS.
R  INDICATES RECORD WAS SET OR TIED.
MM INDICATES DATA IS MISSING.
T  INDICATES TRACE AMOUNT.


$$
