000
CDUS43 KGLD 150745
CLIHLC

CLIMATE REPORT
NATIONAL WEATHER SERVICE GOODLAND
142 AM MDT TUE APR 15 2014

...................................

...THE HILL CITY KS CLIMATE SUMMARY FOR APRIL 14 2014...

CLIMATE NORMAL PERIOD 1981 TO 2010
CLIMATE RECORD PERIOD 1896 TO 2014


WEATHER ITEM   OBSERVED TIME   RECORD YEAR NORMAL DEPARTURE LAST
                VALUE   (LST)  VALUE       VALUE  FROM      YEAR
                                                  NORMAL
..................................................................
TEMPERATURE (F)
 YESTERDAY
  MAXIMUM         49    303 PM  94    2003  65    -16       65
  MINIMUM         27   1159 PM  16    1928  37    -10       33
  AVERAGE         38                        51    -13       49

PRECIPITATION (IN)
  YESTERDAY        0.00                      0.07  -0.07     0.00
  MONTH TO DATE    0.35                      0.84  -0.49     0.04
  SINCE MAR 1      0.54                      2.47  -1.93     0.83
  SINCE JAN 1      1.00                      3.44  -2.44     2.02

..................................................................

THE HILL CITY KS CLIMATE NORMALS FOR TODAY
                         NORMAL    RECORD    YEAR
 MAXIMUM TEMPERATURE (F)   65        98      1937
 MINIMUM TEMPERATURE (F)   38        23      1951



-  INDICATES NEGATIVE NUMBERS.
R  INDICATES RECORD WAS SET OR TIED.
MM INDICATES DATA IS MISSING.
T  INDICATES TRACE AMOUNT.




$$
