000
CDUS43 KGLD 010047 RRA
CLIHLC

CLIMATE REPORT
NATIONAL WEATHER SERVICE GOODLAND
544 PM MST SAT FEB 28 2015

...................................

...THE HILL CITY KS CLIMATE SUMMARY FOR FEBRUARY 28 2015...
VALID TODAY AS OF 0500 PM LOCAL TIME.

CLIMATE NORMAL PERIOD 1981 TO 2010
CLIMATE RECORD PERIOD 1896 TO 2015

WEATHER ITEM   OBSERVED TIME   RECORD YEAR NORMAL DEPARTURE LAST
                VALUE   (LST)  VALUE       VALUE  FROM      YEAR
                                                  NORMAL
..................................................................
TEMPERATURE (F)
 TODAY
  MAXIMUM         21    459 PM  86    2006  50    -29       49
  MINIMUM         13    703 AM -13    1962  23    -10       19
  AVERAGE         17                        37    -20       34

PRECIPITATION (IN)
  TODAY            0.02                      0.02   0.00     0.00
  MONTH TO DATE    0.19                      0.52  -0.33     0.36
  SINCE DEC 1      0.94                      1.66  -0.72     0.52
  SINCE JAN 1      0.42                      0.97  -0.55     0.46

..................................................................

THE HILL CITY KS CLIMATE NORMALS FOR TOMORROW
                         NORMAL    RECORD    YEAR
 MAXIMUM TEMPERATURE (F)   51        85      2006
 MINIMUM TEMPERATURE (F)   23        -4      1980

-  INDICATES NEGATIVE NUMBERS.
R  INDICATES RECORD WAS SET OR TIED.
MM INDICATES DATA IS MISSING.
T  INDICATES TRACE AMOUNT.

$$
