408
CDUS43 KGLD 200105 RRA
CLIHLC

CLIMATE REPORT
NATIONAL WEATHER SERVICE GOODLAND
705 PM MDT SAT AUG 19 2017


...................................

...THE HILL CITY KS CLIMATE SUMMARY FOR AUGUST 19 2017...
VALID TODAY AS OF 0600 PM LOCAL TIME.

CLIMATE NORMAL PERIOD 1981 TO 2010
CLIMATE RECORD PERIOD 1896 TO 2017


WEATHER ITEM   OBSERVED TIME   RECORD YEAR NORMAL DEPARTURE LAST
                VALUE   (LST)  VALUE       VALUE  FROM      YEAR
                                                  NORMAL
..................................................................
TEMPERATURE (F)
 TODAY
  MAXIMUM        102    432 PM 107    1938  90     12       76
  MINIMUM         58    519 AM  46    1927  63     -5       64
  AVERAGE         80                        76      4       70

PRECIPITATION (IN)
  TODAY            0.00                      0.09  -0.09     0.33
  MONTH TO DATE    1.96                      1.79   0.17     1.80
  SINCE JUN 1      6.53                      8.26  -1.73     4.66
  SINCE JAN 1     17.81                     16.76   1.05    17.60

..................................................................

THE HILL CITY KS CLIMATE NORMALS FOR TOMORROW
                         NORMAL    RECORD    YEAR
 MAXIMUM TEMPERATURE (F)   90       109      1911
 MINIMUM TEMPERATURE (F)   63        49      2012



-  INDICATES NEGATIVE NUMBERS.
R  INDICATES RECORD WAS SET OR TIED.
MM INDICATES DATA IS MISSING.
T  INDICATES TRACE AMOUNT.




$$
