690
CDUS43 KGLD 270038 RRA
CLIHLC

CLIMATE REPORT
NATIONAL WEATHER SERVICE GOODLAND
636 PM MDT SUN MAR 26 2017

...................................

...THE HILL CITY KS CLIMATE SUMMARY FOR MARCH 26 2017...
VALID TODAY AS OF 0600 PM LOCAL TIME.

CLIMATE NORMAL PERIOD 1981 TO 2010
CLIMATE RECORD PERIOD 1896 TO 2017


WEATHER ITEM   OBSERVED TIME   RECORD YEAR NORMAL DEPARTURE LAST
                VALUE   (LST)  VALUE       VALUE  FROM      YEAR
                                                  NORMAL
..................................................................
TEMPERATURE (F)
 TODAY
  MAXIMUM         47    459 PM  90    1910  59    -12       48
  MINIMUM         38   1200 AM   1    1965  31      7       29
  AVERAGE         43                        45     -2       39

PRECIPITATION (IN)
  TODAY            0.04                      0.06  -0.02      T
  MONTH TO DATE    0.39                      1.27  -0.88     0.20
  SINCE MAR 1      0.39                      1.27  -0.88     0.20
  SINCE JAN 1      1.46                      2.24  -0.78     1.09

..................................................................


THE HILL CITY KS CLIMATE NORMALS FOR TOMORROW
                         NORMAL    RECORD    YEAR
 MAXIMUM TEMPERATURE (F)   59        85      1989
 MINIMUM TEMPERATURE (F)   31         8      1955


-  INDICATES NEGATIVE NUMBERS.
R  INDICATES RECORD WAS SET OR TIED.
MM INDICATES DATA IS MISSING.
T  INDICATES TRACE AMOUNT.


$$
