000
CDUS43 KGLD 290042 RRA
CLIHLC

CLIMATE REPORT NATIONAL WEATHER SERVICE GOODLAND

636 PM MDT THU MAY 28 2015

...................................

...THE HILL CITY KS CLIMATE SUMMARY FOR MAY 28 2015...
VALID TODAY AS OF 0600 PM LOCAL TIME.

CLIMATE NORMAL PERIOD 1981 TO 2010
CLIMATE RECORD PERIOD 1896 TO 2015


WEATHER ITEM   OBSERVED TIME   RECORD YEAR NORMAL DEPARTURE LAST
                VALUE   (LST)  VALUE       VALUE  FROM      YEAR
                                                  NORMAL
..................................................................
TEMPERATURE (F)
 TODAY
  MAXIMUM         79    310 PM 101    2006  79      0       94
  MINIMUM         57    559 AM  32    1947  54      3       59
  AVERAGE         68                        67      1       77

PRECIPITATION (IN)
  TODAY            0.00                      0.13  -0.13     0.00
  MONTH TO DATE    3.22                      3.39  -0.17     0.91
  SINCE MAR 1      6.83                      7.14  -0.31     4.48
  SINCE JAN 1      7.25                      8.11  -0.86     4.94

..................................................................


THE HILL CITY KS CLIMATE NORMALS FOR TOMORROW
                         NORMAL    RECORD    YEAR
 MAXIMUM TEMPERATURE (F)   80       105      1913
 MINIMUM TEMPERATURE (F)   54        34      1984
                                             1947

-  INDICATES NEGATIVE NUMBERS.
R  INDICATES RECORD WAS SET OR TIED.
MM INDICATES DATA IS MISSING.
T  INDICATES TRACE AMOUNT.


$$
