000
CDUS43 KGLD 100109
CLIHLC

CLIMATE REPORT
NATIONAL WEATHER SERVICE GOODLAND
606 PM MST THU FEB 9 2017
...................................

...THE HILL CITY KS CLIMATE SUMMARY FOR FEBRUARY 9 2017...
VALID TODAY AS OF 0600 PM LOCAL TIME.

CLIMATE NORMAL PERIOD 1981 TO 2010
CLIMATE RECORD PERIOD 1896 TO 2017

WEATHER ITEM   OBSERVED TIME   RECORD YEAR NORMAL DEPARTURE LAST
                VALUE   (LST)  VALUE       VALUE  FROM      YEAR
                                                  NORMAL
..................................................................
TEMPERATURE (F)
 TODAY
  MAXIMUM         51    347 PM  81    1996  44      7       39
  MINIMUM         13    211 AM -10    1980  19     -6       25
  AVERAGE         32                        31      1       32

PRECIPITATION (IN)
  TODAY            0.00                      0.01  -0.01     0.00
  MONTH TO DATE    0.00                      0.16  -0.16     0.56
  SINCE DEC 1      1.48                      1.30   0.18     2.70
  SINCE JAN 1      1.06                      0.61   0.45     0.84

..................................................................

THE HILL CITY KS CLIMATE NORMALS FOR TOMORROW
                         NORMAL    RECORD    YEAR
 MAXIMUM TEMPERATURE (F)   45        80      1996
 MINIMUM TEMPERATURE (F)   19        -8      2001

-  INDICATES NEGATIVE NUMBERS.
R  INDICATES RECORD WAS SET OR TIED.
MM INDICATES DATA IS MISSING.
T  INDICATES TRACE AMOUNT.

$$
