000
CDUS43 KGLD 250121
CLIHLC

CLIMATE REPORT
NATIONAL WEATHER SERVICE GOODLAND
704 PM MDT SUN AUG 24 2014


...................................

...THE HILL CITY KS CLIMATE SUMMARY FOR AUGUST 24 2014...
VALID TODAY AS OF 0600 PM LOCAL TIME.

CLIMATE NORMAL PERIOD 1981 TO 2010
CLIMATE RECORD PERIOD 1896 TO 2014


WEATHER ITEM   OBSERVED TIME   RECORD YEAR NORMAL DEPARTURE LAST
                VALUE   (LST)  VALUE       VALUE  FROM      YEAR
                                                  NORMAL
..................................................................
TEMPERATURE (F)
 TODAY
  MAXIMUM         90    410 PM 112    1943  89      1       96
  MINIMUM         67    516 AM  39    1928  62      5       72
  AVERAGE         79                        75      4       84

PRECIPITATION (IN)
  TODAY            0.00                      0.09  -0.09     0.00
  MONTH TO DATE    2.34                      2.23   0.11     0.73
  SINCE JUN 1     11.07                      8.70   2.37     8.57
  SINCE JAN 1     16.01                     17.20  -1.19    12.91

..................................................................



THE HILL CITY KS CLIMATE NORMALS FOR TOMORROW
                         NORMAL    RECORD    YEAR
 MAXIMUM TEMPERATURE (F)   89       108      1936
 MINIMUM TEMPERATURE (F)   61        44      1928


-  INDICATES NEGATIVE NUMBERS.
R  INDICATES RECORD WAS SET OR TIED.
MM INDICATES DATA IS MISSING.
T  INDICATES TRACE AMOUNT.

$$
