000
CDUS43 KGLD 260740
CLIHLC

CLIMATE REPORT
NATIONAL WEATHER SERVICE GOODLAND
137 AM MDT FRI JUN 26 2015
...................................

...THE HILL CITY KS CLIMATE SUMMARY FOR JUNE 25 2015...

CLIMATE NORMAL PERIOD 1981 TO 2010
CLIMATE RECORD PERIOD 1896 TO 2015

WEATHER ITEM   OBSERVED TIME   RECORD YEAR NORMAL DEPARTURE LAST
                VALUE   (LST)  VALUE       VALUE  FROM      YEAR
                                                  NORMAL
..................................................................
TEMPERATURE (F)
 YESTERDAY
  MAXIMUM         87    436 PM 111    2012  90     -3       88
  MINIMUM         70    413 AM  46    1928  62      8       59
  AVERAGE         79                        76      3       74

PRECIPITATION (IN)
  YESTERDAY        T                         0.08  -0.08     0.00
  MONTH TO DATE    0.78                      2.38  -1.60     5.31
  SINCE JUN 1      0.78                      2.38  -1.60     5.31
  SINCE JAN 1      8.31                     10.88  -2.57    10.25

..................................................................

THE HILL CITY KS CLIMATE NORMALS FOR TODAY
                         NORMAL    RECORD    YEAR
 MAXIMUM TEMPERATURE (F)   90       115      2012
 MINIMUM TEMPERATURE (F)   63        44      1958

-  INDICATES NEGATIVE NUMBERS.
R  INDICATES RECORD WAS SET OR TIED.
MM INDICATES DATA IS MISSING.
T  INDICATES TRACE AMOUNT.

$$
