000
CDUS43 KGLD 160058 RRA
CLIHLC

CLIMATE REPORT
NATIONAL WEATHER SERVICE GOODLAND
653 PM MDT FRI JUL 15 2016
...................................

...THE HILL CITY KS CLIMATE SUMMARY FOR JULY 15 2016...
VALID TODAY AS OF 0600 PM LOCAL TIME.

CLIMATE NORMAL PERIOD 1981 TO 2010
CLIMATE RECORD PERIOD 1896 TO 2016

WEATHER ITEM   OBSERVED TIME   RECORD YEAR NORMAL DEPARTURE LAST
                VALUE   (LST)  VALUE       VALUE  FROM      YEAR
                                                  NORMAL
..................................................................
TEMPERATURE (F)
 TODAY
  MAXIMUM         77    438 PM 113    1934  93    -16       93
  MINIMUM         64    539 AM  49    2014  66     -2       68
  AVERAGE         71                        80     -9       81

PRECIPITATION (IN)
  TODAY            0.00                      0.16  -0.16     1.43
  MONTH TO DATE    1.70                      1.75  -0.05     1.61
  SINCE JUN 1      2.26                      4.51  -2.25     2.39
  SINCE JAN 1     15.20                     13.01   2.19     9.92

..................................................................

THE HILL CITY KS CLIMATE NORMALS FOR TOMORROW
                         NORMAL    RECORD    YEAR
 MAXIMUM TEMPERATURE (F)   93       111      1934
 MINIMUM TEMPERATURE (F)   66        53      1976

-  INDICATES NEGATIVE NUMBERS.
R  INDICATES RECORD WAS SET OR TIED.
MM INDICATES DATA IS MISSING.
T  INDICATES TRACE AMOUNT.

$$
