000
CDUS43 KGLD 250740 RRA
CLIHLC

CLIMATE REPORT
NATIONAL WEATHER SERVICE GOODLAND
136 AM MDT THU JUN 25 2015
...................................

...THE HILL CITY KS CLIMATE SUMMARY FOR JUNE 24 2015...

CLIMATE NORMAL PERIOD 1981 TO 2010
CLIMATE RECORD PERIOD 1896 TO 2015

WEATHER ITEM   OBSERVED TIME   RECORD YEAR NORMAL DEPARTURE LAST
                VALUE   (LST)  VALUE       VALUE  FROM      YEAR
                                                  NORMAL
..................................................................
TEMPERATURE (F)
 YESTERDAY
  MAXIMUM        104    311 PM 114    2012  90     14       74
  MINIMUM         68    232 AM  48    1940  62      6       62
  AVERAGE         86                        76     10       68

PRECIPITATION (IN)
  YESTERDAY        0.00                      0.09  -0.09     0.51
  MONTH TO DATE    0.78                      2.30  -1.52     5.31
  SINCE JUN 1      0.78                      2.30  -1.52     5.31
  SINCE JAN 1      8.31                     10.80  -2.49    10.25

..................................................................

THE HILL CITY KS CLIMATE NORMALS FOR TODAY
                         NORMAL    RECORD    YEAR
 MAXIMUM TEMPERATURE (F)   90       111      2012
 MINIMUM TEMPERATURE (F)   62        46      1928

-  INDICATES NEGATIVE NUMBERS.
R  INDICATES RECORD WAS SET OR TIED.
MM INDICATES DATA IS MISSING.
T  INDICATES TRACE AMOUNT.

$$
