000
CDUS43 KGLD 190041 RRA
CLIHLC

CLIMATE REPORT
NATIONAL WEATHER SERVICE GOODLAND
638 PM MDT MON MAY 18 2015
...................................

...THE HILL CITY KS CLIMATE SUMMARY FOR MAY 18 2015...
VALID TODAY AS OF 0600 PM LOCAL TIME.

CLIMATE NORMAL PERIOD 1981 TO 2010
CLIMATE RECORD PERIOD 1896 TO 2015

WEATHER ITEM   OBSERVED TIME   RECORD YEAR NORMAL DEPARTURE LAST
                VALUE   (LST)  VALUE       VALUE  FROM      YEAR
                                                  NORMAL
..................................................................
TEMPERATURE (F)
 TODAY
  MAXIMUM         68    416 PM 101    1996  76     -8       78
  MINIMUM         49    533 AM  31    2002  51     -2       43
  AVERAGE         59                        63     -4       61

PRECIPITATION (IN)
  TODAY            0.00                      0.15  -0.15     0.00
  MONTH TO DATE    1.59                      2.19  -0.60     0.02
  SINCE MAR 1      5.20                      5.94  -0.74     3.59
  SINCE JAN 1      5.62                      6.91  -1.29     4.05

..................................................................

THE HILL CITY KS CLIMATE NORMALS FOR TOMORROW
                         NORMAL    RECORD    YEAR
 MAXIMUM TEMPERATURE (F)   76        99      2006
 MINIMUM TEMPERATURE (F)   51        30      1931

-  INDICATES NEGATIVE NUMBERS.
R  INDICATES RECORD WAS SET OR TIED.
MM INDICATES DATA IS MISSING.
T  INDICATES TRACE AMOUNT.

$$
