000
CDUS43 KGLD 020052
CLIHLC

CLIMATE REPORT
NATIONAL WEATHER SERVICE GOODLAND
547 PM MST FRI DEC 1 2017

...................................

...THE HILL CITY KS CLIMATE SUMMARY FOR DECEMBER 1 2017...
VALID TODAY AS OF 0500 PM LOCAL TIME.

CLIMATE NORMAL PERIOD 1981 TO 2010
CLIMATE RECORD PERIOD 1896 TO 2017


WEATHER ITEM   OBSERVED TIME   RECORD YEAR NORMAL DEPARTURE LAST
                VALUE   (LST)  VALUE       VALUE  FROM      YEAR
                                                  NORMAL
..................................................................
TEMPERATURE (F)
 TODAY
  MAXIMUM         58    422 PM  75    1998  46     12       50
  MINIMUM         29    809 AM  -1    1985  21      8       15
  AVERAGE         44                        34     10       33

PRECIPITATION (IN)
  TODAY            0.00                      0.04  -0.04     0.00
  MONTH TO DATE    0.00                      0.04  -0.04     0.00
  SINCE DEC 1      0.00                      0.04  -0.04     0.00
  SINCE JAN 1     24.63                     22.27   2.36    28.81

..................................................................







THE HILL CITY KS CLIMATE NORMALS FOR TOMORROW
                         NORMAL    RECORD    YEAR
 MAXIMUM TEMPERATURE (F)   46        73      1972
 MINIMUM TEMPERATURE (F)   21         2      1919



-  INDICATES NEGATIVE NUMBERS.
R  INDICATES RECORD WAS SET OR TIED.
MM INDICATES DATA IS MISSING.
T  INDICATES TRACE AMOUNT.




$$
