449
CDUS43 KGLD 190740 RRB
CLIHLC

CLIMATE REPORT
NATIONAL WEATHER SERVICE GOODLAND
137 AM MDT TUE JUL 19 2016
...................................

...THE HILL CITY KS CLIMATE SUMMARY FOR JULY 18 2016...

CLIMATE NORMAL PERIOD 1981 TO 2010
CLIMATE RECORD PERIOD 1896 TO 2016

WEATHER ITEM   OBSERVED TIME   RECORD YEAR NORMAL DEPARTURE LAST
                VALUE   (LST)  VALUE       VALUE  FROM      YEAR
                                                  NORMAL
..................................................................
TEMPERATURE (F)
 YESTERDAY
  MAXIMUM         96    546 PM 111    1936  93      3       95
  MINIMUM         72    538 AM  55    1922  66      6       68
  AVERAGE         84                        80      4       82

PRECIPITATION (IN)
  YESTERDAY        0.00                      0.13  -0.13     0.00
  MONTH TO DATE    1.70                      2.17  -0.47     1.62
  SINCE JUN 1      2.26                      4.93  -2.67     2.40
  SINCE JAN 1     15.20                     13.43   1.77     9.93

..................................................................

THE HILL CITY KS CLIMATE NORMALS FOR TODAY
                         NORMAL    RECORD    YEAR
 MAXIMUM TEMPERATURE (F)   93       112      1934
 MINIMUM TEMPERATURE (F)   66        55      2009

-  INDICATES NEGATIVE NUMBERS.
R  INDICATES RECORD WAS SET OR TIED.
MM INDICATES DATA IS MISSING.
T  INDICATES TRACE AMOUNT.

$$
