000
CDUS43 KGLD 080744
CLIHLC

CLIMATE REPORT
NATIONAL WEATHER SERVICE GOODLAND
137 AM MDT TUE JUL 8 2014

...................................

...THE HILL CITY KS CLIMATE SUMMARY FOR JULY 7 2014...

CLIMATE NORMAL PERIOD 1981 TO 2010
CLIMATE RECORD PERIOD 1896 TO 2014

WEATHER ITEM   OBSERVED TIME   RECORD YEAR NORMAL DEPARTURE LAST
                VALUE   (LST)  VALUE       VALUE  FROM      YEAR
                                                  NORMAL
..................................................................
TEMPERATURE (F)
 YESTERDAY
  MAXIMUM        105    432 PM 108    1917  93     12      101
  MINIMUM         67    535 AM  49    1922  65      2       70
  AVERAGE         86                        79      7       86

PRECIPITATION (IN)
  YESTERDAY        0.02                      0.09  -0.07      T
  MONTH TO DATE    0.02                      0.67  -0.65     0.17
  SINCE JUN 1      6.95                      3.43   3.52     2.85
  SINCE JAN 1     11.89                     11.93  -0.04     7.19

..................................................................

THE HILL CITY KS CLIMATE NORMALS FOR TODAY
                         NORMAL    RECORD    YEAR
 MAXIMUM TEMPERATURE (F)   93       106      1934
 MINIMUM TEMPERATURE (F)   65        44      1952

-  INDICATES NEGATIVE NUMBERS.
R  INDICATES RECORD WAS SET OR TIED.
MM INDICATES DATA IS MISSING.
T  INDICATES TRACE AMOUNT.

$$
