000
CDUS43 KGLD 260039
CLIHLC

CLIMATE REPORT
NATIONAL WEATHER SERVICE GOODLAND
636 PM MDT MON APR 25 2016

...................................

...THE HILL CITY KS CLIMATE SUMMARY FOR APRIL 25 2016...
VALID TODAY AS OF 0600 PM LOCAL TIME.

CLIMATE NORMAL PERIOD 1981 TO 2010
CLIMATE RECORD PERIOD 1896 TO 2016


WEATHER ITEM   OBSERVED TIME   RECORD YEAR NORMAL DEPARTURE LAST
                VALUE   (LST)  VALUE       VALUE  FROM      YEAR
                                                  NORMAL
..................................................................
TEMPERATURE (F)
 TODAY
  MAXIMUM         74    459 PM  92    1954  69      5       72
  MINIMUM         41    542 AM  20    1907  41      0       49
  AVERAGE         58                        55      3       61

PRECIPITATION (IN)
  TODAY            0.00                      0.09  -0.09     0.06
  MONTH TO DATE    5.56                      1.70   3.86     3.55
  SINCE MAR 1      5.76                      3.33   2.43     3.61
  SINCE JAN 1      6.65                      4.30   2.35     4.03

..................................................................


THE HILL CITY KS CLIMATE NORMALS FOR TOMORROW
                         NORMAL    RECORD    YEAR
 MAXIMUM TEMPERATURE (F)   69        93      1955
 MINIMUM TEMPERATURE (F)   42        19      1907



-  INDICATES NEGATIVE NUMBERS.
R  INDICATES RECORD WAS SET OR TIED.
MM INDICATES DATA IS MISSING.
T  INDICATES TRACE AMOUNT.

$$
