000
CDUS43 KGLD 230746
CLIHLC

CLIMATE REPORT
NATIONAL WEATHER SERVICE GOODLAND
144 AM MDT FRI JUN 23 2017


...................................

...THE HILL CITY KS CLIMATE SUMMARY FOR JUNE 22 2017...

CLIMATE NORMAL PERIOD 1981 TO 2010
CLIMATE RECORD PERIOD 1896 TO 2017


WEATHER ITEM   OBSERVED TIME   RECORD YEAR NORMAL DEPARTURE LAST
                VALUE   (LST)  VALUE       VALUE  FROM      YEAR
                                                  NORMAL
..................................................................
TEMPERATURE (F)
 YESTERDAY
  MAXIMUM        104    217 PM 105    1988  89     15       93
  MINIMUM         66    353 AM  43    1985  62      4       73
  AVERAGE         85                        75     10       83

PRECIPITATION (IN)
  YESTERDAY        0.00                      0.10  -0.10     0.00
  MONTH TO DATE    0.23                      2.11  -1.88     0.50
  SINCE JUN 1      0.23                      2.11  -1.88     0.50
  SINCE JAN 1     11.51                     10.61   0.90    13.44

..................................................................


THE HILL CITY KS CLIMATE NORMALS FOR TODAY
                         NORMAL    RECORD    YEAR
 MAXIMUM TEMPERATURE (F)   89       111      2012
 MINIMUM TEMPERATURE (F)   62        46      1989



-  INDICATES NEGATIVE NUMBERS.
R  INDICATES RECORD WAS SET OR TIED.
MM INDICATES DATA IS MISSING.
T  INDICATES TRACE AMOUNT.

$$
