000
CDUS43 KGLD 100043
CLIHLC

CLIMATE REPORT
NATIONAL WEATHER SERVICE GOODLAND
540 PM MST THU NOV 9 2017

...................................

...THE HILL CITY KS CLIMATE SUMMARY FOR NOVEMBER 9 2017...
VALID TODAY AS OF 0500 PM LOCAL TIME.

CLIMATE NORMAL PERIOD 1981 TO 2010
CLIMATE RECORD PERIOD 1896 TO 2017


WEATHER ITEM   OBSERVED TIME   RECORD YEAR NORMAL DEPARTURE LAST
                VALUE   (LST)  VALUE       VALUE  FROM      YEAR
                                                  NORMAL
..................................................................
TEMPERATURE (F)
 TODAY
  MAXIMUM         43    310 PM  82    1995  57    -14       65
  MINIMUM         29    807 AM  11    1950  30     -1       29
  AVERAGE         36                        44     -8       47

PRECIPITATION (IN)
  TODAY            0.00                      0.03  -0.03     0.00
  MONTH TO DATE    0.00                      0.37  -0.37     0.30
  SINCE SEP 1      6.70                      3.77   2.93     9.13
  SINCE JAN 1     24.53                     21.65   2.88    28.66

..................................................................

THE HILL CITY KS CLIMATE NORMALS FOR TOMORROW
                         NORMAL    RECORD    YEAR
 MAXIMUM TEMPERATURE (F)   57        83      1927
                                             1912
 MINIMUM TEMPERATURE (F)   30         5      1950



-  INDICATES NEGATIVE NUMBERS.
R  INDICATES RECORD WAS SET OR TIED.
MM INDICATES DATA IS MISSING.
T  INDICATES TRACE AMOUNT.

$$
