000
CDUS43 KGLD 270731
CLIHLC

CLIMATE REPORT
NATIONAL WEATHER SERVICE GOODLAND
131 AM MDT WED AUG 27 2014


...................................

...THE HILL CITY KS CLIMATE SUMMARY FOR AUGUST 26 2014...

CLIMATE NORMAL PERIOD 1981 TO 2010
CLIMATE RECORD PERIOD 1896 TO 2014


WEATHER ITEM   OBSERVED TIME   RECORD YEAR NORMAL DEPARTURE LAST
                VALUE   (LST)  VALUE       VALUE  FROM      YEAR
                                                  NORMAL
..................................................................
TEMPERATURE (F)
 YESTERDAY
  MAXIMUM         90    357 PM 108    1936  89      1       98
  MINIMUM         63    728 AM  50    1967  61      2       73
  AVERAGE         77                        75      2       86

PRECIPITATION (IN)
  YESTERDAY        0.03                      0.09  -0.06     0.00
  MONTH TO DATE    2.37                      2.41  -0.04     0.73
  SINCE JUN 1     11.10                      8.88   2.22     8.57
  SINCE JAN 1     16.04                     17.38  -1.34    12.91

..................................................................

THE HILL CITY KS CLIMATE NORMALS FOR TODAY
                         NORMAL    RECORD    YEAR
 MAXIMUM TEMPERATURE (F)   88       107      1913
 MINIMUM TEMPERATURE (F)   61        45      1967



-  INDICATES NEGATIVE NUMBERS.
R  INDICATES RECORD WAS SET OR TIED.
MM INDICATES DATA IS MISSING.
T  INDICATES TRACE AMOUNT.




$$
