949
CDUS43 KGLD 220749
CLIHLC

CLIMATE REPORT
NATIONAL WEATHER SERVICE GOODLAND
1249 AM MST WED FEB 22 2017


...................................

...THE HILL CITY KS CLIMATE SUMMARY FOR FEBRUARY 21 2017...

CLIMATE NORMAL PERIOD 1981 TO 2010
CLIMATE RECORD PERIOD 1896 TO 2017


WEATHER ITEM   OBSERVED TIME   RECORD YEAR NORMAL DEPARTURE LAST
                VALUE   (LST)  VALUE       VALUE  FROM      YEAR
                                                  NORMAL
..................................................................
TEMPERATURE (F)
 YESTERDAY
  MAXIMUM         81R   424 PM  77    1977  48     33       57
  MINIMUM         27    735 AM  -8    1978  21      6       26
  AVERAGE         54                        34     20       42

PRECIPITATION (IN)
  YESTERDAY        0.00                      0.02  -0.02     0.00
  MONTH TO DATE    0.01                      0.38  -0.37     0.59
  SINCE DEC 1      1.49                      1.52  -0.03     2.73
  SINCE JAN 1      1.07                      0.83   0.24     0.87

..................................................................

THE HILL CITY KS CLIMATE NORMALS FOR TODAY
                         NORMAL    RECORD    YEAR
 MAXIMUM TEMPERATURE (F)   48        82      1982
 MINIMUM TEMPERATURE (F)   21         4      2015



-  INDICATES NEGATIVE NUMBERS.
R  INDICATES RECORD WAS SET OR TIED.
MM INDICATES DATA IS MISSING.
T  INDICATES TRACE AMOUNT.




$$
