000
CDUS43 KGLD 200753
CLIHLC

CLIMATE REPORT
NATIONAL WEATHER SERVICE GOODLAND
1243 AM MST TUE JAN 20 2015


...................................

...THE HILL CITY KS CLIMATE SUMMARY FOR JANUARY 19 2015...

CLIMATE NORMAL PERIOD 1981 TO 2010
CLIMATE RECORD PERIOD 1896 TO 2015


WEATHER ITEM   OBSERVED TIME   RECORD YEAR NORMAL DEPARTURE LAST
                VALUE   (LST)  VALUE       VALUE  FROM      YEAR
                                                  NORMAL
..................................................................
TEMPERATURE (F)
 YESTERDAY
  MAXIMUM         60    312 PM  69    2014  42     18       69
  MINIMUM         33   1033 PM -19    1943  17     16       21
  AVERAGE         47                        29     18       45

PRECIPITATION (IN)
  YESTERDAY        0.00                      0.01  -0.01     0.00
  MONTH TO DATE    0.01                      0.20  -0.19     0.03
  SINCE DEC 1      0.53                      0.89  -0.36     0.09
  SINCE JAN 1      0.01                      0.20  -0.19     0.03

..................................................................

THE HILL CITY KS CLIMATE NORMALS FOR TODAY
                         NORMAL    RECORD    YEAR
 MAXIMUM TEMPERATURE (F)   42        72      1986
 MINIMUM TEMPERATURE (F)   17       -17      1962



-  INDICATES NEGATIVE NUMBERS.
R  INDICATES RECORD WAS SET OR TIED.
MM INDICATES DATA IS MISSING.
T  INDICATES TRACE AMOUNT.

$$
