000
CDUS43 KGLD 170053 RRA
CLIHLC

CLIMATE REPORT
NATIONAL WEATHER SERVICE GOODLAND
650 PM MDT MON MAY 16 2016

...................................

...THE HILL CITY KS CLIMATE SUMMARY FOR MAY 16 2016...
VALID TODAY AS OF 0600 PM LOCAL TIME.

CLIMATE NORMAL PERIOD 1981 TO 2010
CLIMATE RECORD PERIOD 1896 TO 2016


WEATHER ITEM   OBSERVED TIME   RECORD YEAR NORMAL DEPARTURE LAST
                VALUE   (LST)  VALUE       VALUE  FROM      YEAR
                                                  NORMAL
..................................................................
TEMPERATURE (F)
 TODAY
  MAXIMUM         49    459 PM  96    2001  75    -26       72
  MINIMUM         45    442 AM  31    1923  50     -5       50
                                      1983
  AVERAGE         47                        63    -16       61

PRECIPITATION (IN)
  TODAY            0.54                      0.13   0.41     0.09
  MONTH TO DATE    1.57                      1.90  -0.33     1.59
  SINCE MAR 1      8.49                      5.65   2.84     5.20
  SINCE JAN 1      9.38                      6.62   2.76     5.62

..................................................................


THE HILL CITY KS CLIMATE NORMALS FOR TOMORROW
                         NORMAL    RECORD    YEAR
 MAXIMUM TEMPERATURE (F)   76       103      1927
 MINIMUM TEMPERATURE (F)   50        30      1945


-  INDICATES NEGATIVE NUMBERS.
R  INDICATES RECORD WAS SET OR TIED.
MM INDICATES DATA IS MISSING.
T  INDICATES TRACE AMOUNT.


$$
