000
CDUS43 KGLD 270749
CLIHLC

CLIMATE REPORT
NATIONAL WEATHER SERVICE GOODLAND
1241 AM MST FRI FEB 27 2015

...................................

...THE HILL CITY KS CLIMATE SUMMARY FOR FEBRUARY 26 2015...

CLIMATE NORMAL PERIOD 1981 TO 2010
CLIMATE RECORD PERIOD 1896 TO 2015

WEATHER ITEM   OBSERVED TIME   RECORD YEAR NORMAL DEPARTURE LAST
                VALUE   (LST)  VALUE       VALUE  FROM      YEAR
                                                  NORMAL
..................................................................
TEMPERATURE (F)
 YESTERDAY
  MAXIMUM         25    412 PM  80    1995  50    -25       40
                                      1986
  MINIMUM          5   1011 PM  -9    1960  22    -17       -5
  AVERAGE         15                        36    -21       18

PRECIPITATION (IN)
  YESTERDAY        0.00                      0.02  -0.02     0.00
  MONTH TO DATE    0.17                      0.48  -0.31     0.36
  SINCE DEC 1      0.92                      1.62  -0.70     0.52
  SINCE JAN 1      0.40                      0.93  -0.53     0.46

..................................................................

THE HILL CITY KS CLIMATE NORMALS FOR TODAY
                         NORMAL    RECORD    YEAR
 MAXIMUM TEMPERATURE (F)   50        79      2006
 MINIMUM TEMPERATURE (F)   23        -4      1960

-  INDICATES NEGATIVE NUMBERS.
R  INDICATES RECORD WAS SET OR TIED.
MM INDICATES DATA IS MISSING.
T  INDICATES TRACE AMOUNT.

$$
