000
CDUS43 KGLD 170048 RRB
CLIHLC

CLIMATE REPORT
NATIONAL WEATHER SERVICE GOODLAND
646 PM MDT SUN APR 16 2017

...................................

...THE HILL CITY KS CLIMATE SUMMARY FOR APRIL 16 2017...
VALID TODAY AS OF 0600 PM LOCAL TIME.

CLIMATE NORMAL PERIOD 1981 TO 2010
CLIMATE RECORD PERIOD 1896 TO 2017


WEATHER ITEM   OBSERVED TIME   RECORD YEAR NORMAL DEPARTURE LAST
                VALUE   (LST)  VALUE       VALUE  FROM      YEAR
                                                  NORMAL
..................................................................
TEMPERATURE (F)
 TODAY
  MAXIMUM         64    452 PM  93    1964  66     -2       63
  MINIMUM         51    952 AM  19    1951  38     13       48
  AVERAGE         58                        52      6       56

PRECIPITATION (IN)
  TODAY            0.18                      0.07   0.11     4.24
  MONTH TO DATE    0.87                      0.97  -0.10     4.24
  SINCE MAR 1      2.97                      2.60   0.37     4.44
  SINCE JAN 1      4.04                      3.57   0.47     5.33

..................................................................


THE HILL CITY KS CLIMATE NORMALS FOR TOMORROW
                         NORMAL    RECORD    YEAR
 MAXIMUM TEMPERATURE (F)   66        94      1948
 MINIMUM TEMPERATURE (F)   38        17      1907


-  INDICATES NEGATIVE NUMBERS.
R  INDICATES RECORD WAS SET OR TIED.
MM INDICATES DATA IS MISSING.
T  INDICATES TRACE AMOUNT.


$$
