000
CDUS43 KGLD 170744 RRA
CLIHLC

CLIMATE REPORT
NATIONAL WEATHER SERVICE GOODLAND
1240 AM MST MON NOV 17 2014


...................................

...THE HILL CITY KS CLIMATE SUMMARY FOR NOVEMBER 16 2014...

CLIMATE NORMAL PERIOD 1981 TO 2010
CLIMATE RECORD PERIOD 1896 TO 2014


WEATHER ITEM   OBSERVED TIME   RECORD YEAR NORMAL DEPARTURE LAST
                VALUE   (LST)  VALUE       VALUE  FROM      YEAR
                                                  NORMAL
..................................................................
TEMPERATURE (F)
 YESTERDAY
  MAXIMUM         40    409 PM  79    1975  54    -14       64
  MINIMUM         11    819 AM  -3    1955  27    -16       40
  AVERAGE         26                        40    -14       52

PRECIPITATION (IN)
  YESTERDAY        0.00                      0.03  -0.03     0.00
  MONTH TO DATE    0.01                      0.59  -0.58     0.69
  SINCE SEP 1      1.62                      3.99  -2.37     4.62
  SINCE JAN 1     21.44                     21.87  -0.43    17.56

..................................................................


THE HILL CITY KS CLIMATE NORMALS FOR TODAY
                         NORMAL    RECORD    YEAR
 MAXIMUM TEMPERATURE (F)   53        82      1943
 MINIMUM TEMPERATURE (F)   27         0      1959


-  INDICATES NEGATIVE NUMBERS.
R  INDICATES RECORD WAS SET OR TIED.
MM INDICATES DATA IS MISSING.
T  INDICATES TRACE AMOUNT.

$$
