000
CDUS43 KGLD 240040 RRA
CLIHLC

CLIMATE REPORT
NATIONAL WEATHER SERVICE GOODLAND
637 PM MDT SAT AUG 23 2014

...................................

...THE HILL CITY KS CLIMATE SUMMARY FOR AUGUST 23 2014...
VALID TODAY AS OF 0600 PM LOCAL TIME.

CLIMATE NORMAL PERIOD 1981 TO 2010
CLIMATE RECORD PERIOD 1896 TO 2014


WEATHER ITEM   OBSERVED TIME   RECORD YEAR NORMAL DEPARTURE LAST
                VALUE   (LST)  VALUE       VALUE  FROM      YEAR
                                                  NORMAL
..................................................................
TEMPERATURE (F)
 TODAY
  MAXIMUM         94    456 PM 109    1943  89      5       95
  MINIMUM         67    639 AM  44    1911  62      5       71
  AVERAGE         81                        76      5       83

PRECIPITATION (IN)
  TODAY            0.01                      0.09  -0.08     0.02
  MONTH TO DATE    2.34                      2.14   0.20     0.73
  SINCE JUN 1     11.07                      8.61   2.46     8.57
  SINCE JAN 1     16.01                     17.11  -1.10    12.91

..................................................................

THE HILL CITY KS CLIMATE NORMALS FOR TOMORROW
                         NORMAL    RECORD    YEAR
 MAXIMUM TEMPERATURE (F)   89       112      1943
 MINIMUM TEMPERATURE (F)   62        39      1928

-  INDICATES NEGATIVE NUMBERS.
R  INDICATES RECORD WAS SET OR TIED.
MM INDICATES DATA IS MISSING.
T  INDICATES TRACE AMOUNT.

$$
