000
CDUS43 KGLD 100752 RRA
CLIHLC

CLIMATE REPORT
NATIONAL WEATHER SERVICE GOODLAND
1249 AM MST SAT FEB 10 2018

...................................

...THE HILL CITY KS CLIMATE SUMMARY FOR FEBRUARY 9 2018...

CLIMATE NORMAL PERIOD 1981 TO 2010
CLIMATE RECORD PERIOD 1896 TO 2018

WEATHER ITEM   OBSERVED TIME   RECORD YEAR NORMAL DEPARTURE LAST
                VALUE   (LST)  VALUE       VALUE  FROM      YEAR
                                                  NORMAL
..................................................................
TEMPERATURE (F)
 YESTERDAY
  MAXIMUM         30   1205 AM  81    1996  44    -14       51
  MINIMUM         10   1159 PM -10    1980  19     -9       13
  AVERAGE         20                        31    -11       32

PRECIPITATION (IN)
  YESTERDAY        T                         0.01  -0.01     0.00
  MONTH TO DATE    0.06                      0.16  -0.10     0.00
  SINCE DEC 1      0.47                      1.30  -0.83     1.48
  SINCE JAN 1      0.44                      0.61  -0.17     1.06

..................................................................

THE HILL CITY KS CLIMATE NORMALS FOR TODAY
                         NORMAL    RECORD    YEAR
 MAXIMUM TEMPERATURE (F)   45        82      2017
 MINIMUM TEMPERATURE (F)   19        -8      2001

-  INDICATES NEGATIVE NUMBERS.
R  INDICATES RECORD WAS SET OR TIED.
MM INDICATES DATA IS MISSING.
T  INDICATES TRACE AMOUNT.

$$
