000
CDUS43 KGLD 190050 RRB
CLIHLC

CLIMATE REPORT
NATIONAL WEATHER SERVICE GOODLAND
648 PM MDT WED MAY 18 2016

...................................

...THE HILL CITY KS CLIMATE SUMMARY FOR MAY 18 2016...
VALID TODAY AS OF 0600 PM LOCAL TIME.

CLIMATE NORMAL PERIOD 1981 TO 2010
CLIMATE RECORD PERIOD 1896 TO 2016


WEATHER ITEM   OBSERVED TIME   RECORD YEAR NORMAL DEPARTURE LAST
                VALUE   (LST)  VALUE       VALUE  FROM      YEAR
                                                  NORMAL
..................................................................
TEMPERATURE (F)
 TODAY
  MAXIMUM         70    347 PM 101    1996  76     -6       68
  MINIMUM         42    251 AM  31    2002  51     -9       46
  AVERAGE         56                        63     -7       57

PRECIPITATION (IN)
  TODAY            0.00                      0.15  -0.15     0.00
  MONTH TO DATE    2.21                      2.19   0.02     1.59
  SINCE MAR 1      9.13                      5.94   3.19     5.20
  SINCE JAN 1     10.02                      6.91   3.11     5.62

..................................................................


THE HILL CITY KS CLIMATE NORMALS FOR TOMORROW
                         NORMAL    RECORD    YEAR
 MAXIMUM TEMPERATURE (F)   76        99      2006
 MINIMUM TEMPERATURE (F)   51        30      1931


-  INDICATES NEGATIVE NUMBERS.
R  INDICATES RECORD WAS SET OR TIED.
MM INDICATES DATA IS MISSING.
T  INDICATES TRACE AMOUNT.


$$
