735
CDUS43 KGLD 210740
CLIHLC

CLIMATE REPORT
NATIONAL WEATHER SERVICE GOODLAND
137 AM MDT SUN MAY 21 2017

...................................

...THE HILL CITY KS CLIMATE SUMMARY FOR MAY 20 2017...

CLIMATE NORMAL PERIOD 1981 TO 2010
CLIMATE RECORD PERIOD 1896 TO 2017


WEATHER ITEM   OBSERVED TIME   RECORD YEAR NORMAL DEPARTURE LAST
                VALUE   (LST)  VALUE       VALUE  FROM      YEAR
                                                  NORMAL
..................................................................
TEMPERATURE (F)
 YESTERDAY
  MAXIMUM         50   1225 PM  99    1956  77    -27       65
  MINIMUM         36   1146 PM  31    1931  51    -15       53
  AVERAGE         43                        64    -21       59

PRECIPITATION (IN)
  YESTERDAY        0.03                      0.13  -0.10     0.00
  MONTH TO DATE    3.30                      2.43   0.87     2.21
  SINCE MAR 1      9.02                      6.18   2.84     9.13
  SINCE JAN 1     10.09                      7.15   2.94    10.02

..................................................................


THE HILL CITY KS CLIMATE NORMALS FOR TODAY
                         NORMAL    RECORD    YEAR
 MAXIMUM TEMPERATURE (F)   77        99      2005
 MINIMUM TEMPERATURE (F)   52        30      1931



-  INDICATES NEGATIVE NUMBERS.
R  INDICATES RECORD WAS SET OR TIED.
MM INDICATES DATA IS MISSING.
T  INDICATES TRACE AMOUNT.

$$
