000
CDUS43 KGLD 060041
CLIHLC

CLIMATE REPORT
NATIONAL WEATHER SERVICE GOODLAND
537 PM MST SUN NOV 5 2017

...................................

...THE HILL CITY KS CLIMATE SUMMARY FOR NOVEMBER 5 2017...
VALID TODAY AS OF 0500 PM LOCAL TIME.

CLIMATE NORMAL PERIOD 1981 TO 2010
CLIMATE RECORD PERIOD 1896 TO 2017


WEATHER ITEM   OBSERVED TIME   RECORD YEAR NORMAL DEPARTURE LAST
                VALUE   (LST)  VALUE       VALUE  FROM      YEAR
                                                  NORMAL
..................................................................
TEMPERATURE (F)
 TODAY
  MAXIMUM         51    348 PM  86    1945  59     -8       72
  MINIMUM         38    954 AM   7    1991  32      6       35
  AVERAGE         45                        46     -1       54

PRECIPITATION (IN)
  TODAY            0.00                      0.05  -0.05     0.00
  MONTH TO DATE    0.00                      0.25  -0.25     0.00
  SINCE SEP 1      6.70                      3.65   3.05     8.83
  SINCE JAN 1     24.53                     21.53   3.00    28.36

..................................................................

THE HILL CITY KS CLIMATE NORMALS FOR TOMORROW
                         NORMAL    RECORD    YEAR
 MAXIMUM TEMPERATURE (F)   59        86      1980
 MINIMUM TEMPERATURE (F)   32         8      1959



-  INDICATES NEGATIVE NUMBERS.
R  INDICATES RECORD WAS SET OR TIED.
MM INDICATES DATA IS MISSING.
T  INDICATES TRACE AMOUNT.

$$
