000
CDUS43 KGLD 230744
CLIHLC

CLIMATE REPORT
NATIONAL WEATHER SERVICE GOODLAND
139 AM MDT SAT MAY 23 2015

...................................

...THE HILL CITY KS CLIMATE SUMMARY FOR MAY 22 2015...

CLIMATE NORMAL PERIOD 1981 TO 2010
CLIMATE RECORD PERIOD 1896 TO 2015


WEATHER ITEM   OBSERVED TIME   RECORD YEAR NORMAL DEPARTURE LAST
                VALUE   (LST)  VALUE       VALUE  FROM      YEAR
                                                  NORMAL
..................................................................
TEMPERATURE (F)
 YESTERDAY
  MAXIMUM         56   1156 PM  96    2004  77    -21       80
                                      1964
  MINIMUM         47   1245 AM  34    1963  52     -5       59
  AVERAGE         52                        65    -13       70

PRECIPITATION (IN)
  YESTERDAY        0.27                      0.12   0.15     0.38
  MONTH TO DATE    2.64                      2.66  -0.02     0.91
  SINCE MAR 1      6.25                      6.41  -0.16     4.48
  SINCE JAN 1      6.67                      7.38  -0.71     4.94

..................................................................


THE HILL CITY KS CLIMATE NORMALS FOR TODAY
                         NORMAL    RECORD    YEAR
 MAXIMUM TEMPERATURE (F)   78       104      1939
 MINIMUM TEMPERATURE (F)   52        34      1917



-  INDICATES NEGATIVE NUMBERS.
R  INDICATES RECORD WAS SET OR TIED.
MM INDICATES DATA IS MISSING.
T  INDICATES TRACE AMOUNT.

$$
