000
CDUS43 KGLD 180759 RRB
CLIHLC

CLIMATE REPORT
NATIONAL WEATHER SERVICE GOODLAND
156 AM MDT TUE JUL 18 2017

...................................

...THE HILL CITY KS CLIMATE SUMMARY FOR JULY 17 2017...

CLIMATE NORMAL PERIOD 1981 TO 2010
CLIMATE RECORD PERIOD 1896 TO 2017

WEATHER ITEM   OBSERVED TIME   RECORD YEAR NORMAL DEPARTURE LAST
                VALUE   (LST)  VALUE       VALUE  FROM      YEAR
                                                  NORMAL
..................................................................
TEMPERATURE (F)
 YESTERDAY
  MAXIMUM         99    326 PM 112    1936  93      6       96
  MINIMUM         68    601 AM  51    1917  66      2       71
  AVERAGE         84                        80      4       84

PRECIPITATION (IN)
  YESTERDAY        0.00                      0.15  -0.15      T
  MONTH TO DATE    1.32                      2.04  -0.72     1.70
  SINCE JUN 1      4.15                      4.80  -0.65     2.26
  SINCE JAN 1     15.43                     13.30   2.13    15.20

..................................................................

THE HILL CITY KS CLIMATE NORMALS FOR TODAY
                         NORMAL    RECORD    YEAR
 MAXIMUM TEMPERATURE (F)   93       111      1936
 MINIMUM TEMPERATURE (F)   66        55      1922

-  INDICATES NEGATIVE NUMBERS.
R  INDICATES RECORD WAS SET OR TIED.
MM INDICATES DATA IS MISSING.
T  INDICATES TRACE AMOUNT.

$$
