000
CDUS43 KGLD 250744
CLIHLC

CLIMATE REPORT
NATIONAL WEATHER SERVICE GOODLAND
141 AM MDT FRI JUL 25 2014


...................................

...THE HILL CITY KS CLIMATE SUMMARY FOR JULY 24 2014...

CLIMATE NORMAL PERIOD 1981 TO 2010
CLIMATE RECORD PERIOD 1896 TO 2014


WEATHER ITEM   OBSERVED TIME   RECORD YEAR NORMAL DEPARTURE LAST
                VALUE   (LST)  VALUE       VALUE  FROM      YEAR
                                                  NORMAL
..................................................................
TEMPERATURE (F)
 YESTERDAY
  MAXIMUM        100    427 PM 117    1936  93      7       93
  MINIMUM         65    615 AM  47    1911  66     -1       62
  AVERAGE         83                        80      3       78

PRECIPITATION (IN)
  YESTERDAY        0.00                      0.11  -0.11     0.00
  MONTH TO DATE    1.79                      2.84  -1.05     0.23
  SINCE JUN 1      8.72                      5.60   3.12     2.91
  SINCE JAN 1     13.66                     14.10  -0.44     7.25

..................................................................

THE HILL CITY KS CLIMATE NORMALS FOR TODAY
                         NORMAL    RECORD    YEAR
 MAXIMUM TEMPERATURE (F)   93       115      1940
 MINIMUM TEMPERATURE (F)   66        50      1924



-  INDICATES NEGATIVE NUMBERS.
R  INDICATES RECORD WAS SET OR TIED.
MM INDICATES DATA IS MISSING.
T  INDICATES TRACE AMOUNT.




$$
