000
CDUS43 KGLD 150751
CLIHLC

CLIMATE REPORT
NATIONAL WEATHER SERVICE GOODLAND
1247 AM MST MON DEC 15 2014

...................................

...THE HILL CITY KS CLIMATE SUMMARY FOR DECEMBER 14 2014...

CLIMATE NORMAL PERIOD 1981 TO 2010
CLIMATE RECORD PERIOD 1896 TO 2014


WEATHER ITEM   OBSERVED TIME   RECORD YEAR NORMAL DEPARTURE LAST
                VALUE   (LST)  VALUE       VALUE  FROM      YEAR
                                                  NORMAL
..................................................................
TEMPERATURE (F)
 YESTERDAY
  MAXIMUM         58    443 AM  65    1977  42     16       49
  MINIMUM         38   1159 PM -10    1963  18     20       17
  AVERAGE         48                        30     18       33

PRECIPITATION (IN)
  YESTERDAY        0.27                      0.02   0.25     0.00
  MONTH TO DATE    0.27                      0.44  -0.17     0.05
  SINCE DEC 1      0.27                      0.44  -0.17     0.05
  SINCE JAN 1     21.72                     22.67  -0.95    17.61

..................................................................

THE HILL CITY KS CLIMATE NORMALS FOR TODAY
                         NORMAL    RECORD    YEAR
 MAXIMUM TEMPERATURE (F)   42        74      1946
 MINIMUM TEMPERATURE (F)   17       -15      1989



-  INDICATES NEGATIVE NUMBERS.
R  INDICATES RECORD WAS SET OR TIED.
MM INDICATES DATA IS MISSING.
T  INDICATES TRACE AMOUNT.




$$
