000
CDUS43 KGLD 150755 RRB
CLIHLC

CLIMATE REPORT
NATIONAL WEATHER SERVICE GOODLAND
152 AM MDT FRI JUL 15 2016

...................................

...THE HILL CITY KS CLIMATE SUMMARY FOR JULY 14 2016...

CLIMATE NORMAL PERIOD 1981 TO 2010
CLIMATE RECORD PERIOD 1896 TO 2016


WEATHER ITEM   OBSERVED TIME   RECORD YEAR NORMAL DEPARTURE LAST
                VALUE   (LST)  VALUE       VALUE  FROM      YEAR
                                                  NORMAL
..................................................................
TEMPERATURE (F)
 YESTERDAY
  MAXIMUM         87    125 PM 113    1934  93     -6      102
  MINIMUM         68    521 AM  44    1990  66      2       71
  AVERAGE         78                        80     -2       87

PRECIPITATION (IN)
  YESTERDAY        0.43                      0.16   0.27     0.00
  MONTH TO DATE    1.70                      1.59   0.11     0.18
  SINCE JUN 1      2.26                      4.35  -2.09     0.96
  SINCE JAN 1     15.20                     12.85   2.35     8.49

..................................................................


THE HILL CITY KS CLIMATE NORMALS FOR TODAY
                         NORMAL    RECORD    YEAR
 MAXIMUM TEMPERATURE (F)   93       113      1934
 MINIMUM TEMPERATURE (F)   66        49      2014


-  INDICATES NEGATIVE NUMBERS.
R  INDICATES RECORD WAS SET OR TIED.
MM INDICATES DATA IS MISSING.
T  INDICATES TRACE AMOUNT.


$$
