000
CDUS43 KGLD 300745 RRA
CLIHLC

CLIMATE REPORT
NATIONAL WEATHER SERVICE GOODLAND
1242 AM MST THU NOV 30 2017

...................................

...THE HILL CITY KS CLIMATE SUMMARY FOR NOVEMBER 29 2017...

CLIMATE NORMAL PERIOD 1981 TO 2010
CLIMATE RECORD PERIOD 1896 TO 2017


WEATHER ITEM   OBSERVED TIME   RECORD YEAR NORMAL DEPARTURE LAST
                VALUE   (LST)  VALUE       VALUE  FROM      YEAR
                                                  NORMAL
..................................................................
TEMPERATURE (F)
 YESTERDAY
  MAXIMUM         55    256 PM  79    2014  47      8       45
  MINIMUM         19    738 AM  -1    1976  22     -3       29
                                      1952
  AVERAGE         37                        34      3       37

PRECIPITATION (IN)
  YESTERDAY        0.00                      0.02  -0.02     0.00
  MONTH TO DATE    0.10                      0.93  -0.83     0.45
  SINCE SEP 1      6.80                      4.33   2.47     9.28
  SINCE JAN 1     24.63                     22.21   2.42    28.81

..................................................................

THE HILL CITY KS CLIMATE NORMALS FOR TODAY
                         NORMAL    RECORD    YEAR
 MAXIMUM TEMPERATURE (F)   47        76      1970
 MINIMUM TEMPERATURE (F)   22        -2      1952



-  INDICATES NEGATIVE NUMBERS.
R  INDICATES RECORD WAS SET OR TIED.
MM INDICATES DATA IS MISSING.
T  INDICATES TRACE AMOUNT.




$$
