000
CDUS43 KGLD 150040 RRA
CLIHLC

CLIMATE REPORT
NATIONAL WEATHER SERVICE GOODLAND
640 PM MDT TUE OCT 14 2014

...................................

...THE HILL CITY KS CLIMATE SUMMARY FOR OCTOBER 14 2014...
VALID TODAY AS OF 0600 PM LOCAL TIME.

CLIMATE NORMAL PERIOD 1981 TO 2010
CLIMATE RECORD PERIOD 1896 TO 2014

WEATHER ITEM   OBSERVED TIME   RECORD YEAR NORMAL DEPARTURE LAST
                VALUE   (LST)  VALUE       VALUE  FROM      YEAR
                                                  NORMAL
..................................................................
TEMPERATURE (F)
 TODAY
  MAXIMUM         71    414 PM  95    1968  69      2       73
  MINIMUM         40    208 AM  23    1969  41     -1       44
  AVERAGE         56                        55      1       59

PRECIPITATION (IN)
  TODAY            0.00                      0.06  -0.06     0.30
  MONTH TO DATE    0.75                      0.75   0.00     0.65
  SINCE SEP 1      1.53                      2.63  -1.10     3.52
  SINCE JAN 1     21.35                     20.51   0.84    16.46

..................................................................

THE HILL CITY KS CLIMATE NORMALS FOR TOMORROW
                         NORMAL    RECORD    YEAR
 MAXIMUM TEMPERATURE (F)   69        95      1938
 MINIMUM TEMPERATURE (F)   40        23      1943

-  INDICATES NEGATIVE NUMBERS.
R  INDICATES RECORD WAS SET OR TIED.
MM INDICATES DATA IS MISSING.
T  INDICATES TRACE AMOUNT.

$$
