000
CDUS43 KGLD 200740
CLIHLC

CLIMATE REPORT
NATIONAL WEATHER SERVICE GOODLAND
136 AM MDT FRI MAY 20 2016

...................................

...THE HILL CITY KS CLIMATE SUMMARY FOR MAY 19 2016...

CLIMATE NORMAL PERIOD 1981 TO 2010
CLIMATE RECORD PERIOD 1896 TO 2016


WEATHER ITEM   OBSERVED TIME   RECORD YEAR NORMAL DEPARTURE LAST
                VALUE   (LST)  VALUE       VALUE  FROM      YEAR
                                                  NORMAL
..................................................................
TEMPERATURE (F)
 YESTERDAY
  MAXIMUM         65    339 PM  99    2006  76    -11       47
  MINIMUM         48    348 AM  30    1931  51     -3       42
  AVERAGE         57                        64     -7       45

PRECIPITATION (IN)
  YESTERDAY        0.00                      0.11  -0.11     0.78
  MONTH TO DATE    2.21                      2.30  -0.09     2.37
  SINCE MAR 1      9.13                      6.05   3.08     5.98
  SINCE JAN 1     10.02                      7.02   3.00     6.40

..................................................................


THE HILL CITY KS CLIMATE NORMALS FOR TODAY
                         NORMAL    RECORD    YEAR
 MAXIMUM TEMPERATURE (F)   77        99      1956
 MINIMUM TEMPERATURE (F)   51        31      1931



-  INDICATES NEGATIVE NUMBERS.
R  INDICATES RECORD WAS SET OR TIED.
MM INDICATES DATA IS MISSING.
T  INDICATES TRACE AMOUNT.

$$
