000
CDUS43 KGLD 170747
CLIHLC

CLIMATE REPORT
NATIONAL WEATHER SERVICE GOODLAND
139 AM MDT SUN JUL 17 2016

...................................

...THE HILL CITY KS CLIMATE SUMMARY FOR JULY 16 2016...

CLIMATE NORMAL PERIOD 1981 TO 2010
CLIMATE RECORD PERIOD 1896 TO 2016

WEATHER ITEM   OBSERVED TIME   RECORD YEAR NORMAL DEPARTURE LAST
                VALUE   (LST)  VALUE       VALUE  FROM      YEAR
                                                  NORMAL
..................................................................
TEMPERATURE (F)
 YESTERDAY
  MAXIMUM         90    502 PM 111    1934  93     -3       98
  MINIMUM         61    311 AM  53    1976  66     -5       67
  AVERAGE         76                        80     -4       83

PRECIPITATION (IN)
  YESTERDAY        0.00                      0.14  -0.14     0.01
  MONTH TO DATE    1.70                      1.89  -0.19     1.62
  SINCE JUN 1      2.26                      4.65  -2.39     2.40
  SINCE JAN 1     15.20                     13.15   2.05     9.93

..................................................................

THE HILL CITY KS CLIMATE NORMALS FOR TODAY
                         NORMAL    RECORD    YEAR
 MAXIMUM TEMPERATURE (F)   93       112      1936
 MINIMUM TEMPERATURE (F)   66        51      1917

-  INDICATES NEGATIVE NUMBERS.
R  INDICATES RECORD WAS SET OR TIED.
MM INDICATES DATA IS MISSING.
T  INDICATES TRACE AMOUNT.

$$
