000
CDUS43 KGLD 280752 RRA
CLIHLC

CLIMATE REPORT
NATIONAL WEATHER SERVICE GOODLAND
149 AM MDT SUN JUN 28 2015
...................................

...THE HILL CITY KS CLIMATE SUMMARY FOR JUNE 27 2015...

CLIMATE NORMAL PERIOD 1981 TO 2010
CLIMATE RECORD PERIOD 1896 TO 2015

WEATHER ITEM   OBSERVED TIME   RECORD YEAR NORMAL DEPARTURE LAST
                VALUE   (LST)  VALUE       VALUE  FROM      YEAR
                                                  NORMAL
..................................................................
TEMPERATURE (F)
 YESTERDAY
  MAXIMUM         93    359 PM 115    2012  90      3       87
  MINIMUM         55    527 AM  42    1985  63     -8       62
  AVERAGE         74                        77     -3       75

PRECIPITATION (IN)
  YESTERDAY        0.00                      0.08  -0.08     0.33
  MONTH TO DATE    0.78                      2.55  -1.77     6.66
  SINCE JUN 1      0.78                      2.55  -1.77     6.66
  SINCE JAN 1      8.31                     11.05  -2.74    11.60

..................................................................

THE HILL CITY KS CLIMATE NORMALS FOR TODAY
                         NORMAL    RECORD    YEAR
 MAXIMUM TEMPERATURE (F)   91       111      2012
 MINIMUM TEMPERATURE (F)   63        49      1923

-  INDICATES NEGATIVE NUMBERS.
R  INDICATES RECORD WAS SET OR TIED.
MM INDICATES DATA IS MISSING.
T  INDICATES TRACE AMOUNT.

$$
