000
CDUS43 KGLD 220100
CLIHLC

CLIMATE REPORT
NATIONAL WEATHER SERVICE GOODLAND
657 PM MDT FRI APR 21 2017
...................................

...THE HILL CITY KS CLIMATE SUMMARY FOR APRIL 21 2017...
VALID TODAY AS OF 0600 PM LOCAL TIME.

CLIMATE NORMAL PERIOD 1981 TO 2010
CLIMATE RECORD PERIOD 1896 TO 2017

WEATHER ITEM   OBSERVED TIME   RECORD YEAR NORMAL DEPARTURE LAST
                VALUE   (LST)  VALUE       VALUE  FROM      YEAR
                                                  NORMAL
..................................................................
TEMPERATURE (F)
 TODAY
  MAXIMUM         57   1204 AM  93    1980  67    -10       73
  MINIMUM         46    844 AM  23    1982  40      6       44
                                      1966
  AVERAGE         52                        54     -2       59

PRECIPITATION (IN)
  TODAY            0.14                      0.08   0.06     0.00
  MONTH TO DATE    1.09                      1.35  -0.26     5.56
  SINCE MAR 1      3.19                      2.98   0.21     5.76
  SINCE JAN 1      4.26                      3.95   0.31     6.65

..................................................................

THE HILL CITY KS CLIMATE NORMALS FOR TOMORROW
                         NORMAL    RECORD    YEAR
 MAXIMUM TEMPERATURE (F)   68       101      1989
 MINIMUM TEMPERATURE (F)   40        25      1982

-  INDICATES NEGATIVE NUMBERS.
R  INDICATES RECORD WAS SET OR TIED.
MM INDICATES DATA IS MISSING.
T  INDICATES TRACE AMOUNT.

$$
