062
CDUS43 KGLD 150105
CLIHLC

CLIMATE REPORT
NATIONAL WEATHER SERVICE GOODLAND
601 PM MST WED FEB 14 2018

...................................

...THE HILL CITY KS CLIMATE SUMMARY FOR FEBRUARY 14 2018...
VALID TODAY AS OF 0600 PM LOCAL TIME.

CLIMATE NORMAL PERIOD 1981 TO 2010
CLIMATE RECORD PERIOD 1896 TO 2018


WEATHER ITEM   OBSERVED TIME   RECORD YEAR NORMAL DEPARTURE LAST
                VALUE   (LST)  VALUE       VALUE  FROM      YEAR
                                                  NORMAL
..................................................................
TEMPERATURE (F)
 TODAY
  MAXIMUM         61    436 PM  79    1954  46     15       55
  MINIMUM         24    458 AM  -3    2007  19      5       26
  AVERAGE         43                        32     11       41

PRECIPITATION (IN)
  TODAY            0.00                      0.01  -0.01     0.00
  MONTH TO DATE    0.06                      0.25  -0.19     0.01
  SINCE DEC 1      0.47                      1.39  -0.92     1.49
  SINCE JAN 1      0.44                      0.70  -0.26     1.07

..................................................................

THE HILL CITY KS CLIMATE NORMALS FOR TOMORROW
                         NORMAL    RECORD    YEAR
 MAXIMUM TEMPERATURE (F)   46        78      1921
 MINIMUM TEMPERATURE (F)   20        -6      2007

-  INDICATES NEGATIVE NUMBERS.
R  INDICATES RECORD WAS SET OR TIED.
MM INDICATES DATA IS MISSING.
T  INDICATES TRACE AMOUNT.

$$
