000
CDUS43 KGLD 130048 RRA
CLIHLC

CLIMATE REPORT
NATIONAL WEATHER SERVICE GOODLAND
643 PM MDT TUE JUL 12 2016
...................................

...THE HILL CITY KS CLIMATE SUMMARY FOR JULY 12 2016...
VALID TODAY AS OF 0600 PM LOCAL TIME.

CLIMATE NORMAL PERIOD 1981 TO 2010
CLIMATE RECORD PERIOD 1896 TO 2016

WEATHER ITEM   OBSERVED TIME   RECORD YEAR NORMAL DEPARTURE LAST
                VALUE   (LST)  VALUE       VALUE  FROM      YEAR
                                                  NORMAL
..................................................................
TEMPERATURE (F)
 TODAY
  MAXIMUM         94    325 PM 113    1939  93      1      105
  MINIMUM         65    337 AM  52    1913  66     -1       65
  AVERAGE         80                        79      1       85

PRECIPITATION (IN)
  TODAY            0.00                      0.15  -0.15     0.00
  MONTH TO DATE    0.12                      1.28  -1.16     0.18
  SINCE JUN 1      0.68                      4.04  -3.36     0.96
  SINCE JAN 1     13.62                     12.54   1.08     8.49

..................................................................

THE HILL CITY KS CLIMATE NORMALS FOR TOMORROW
                         NORMAL    RECORD    YEAR
 MAXIMUM TEMPERATURE (F)   93       115      1934
 MINIMUM TEMPERATURE (F)   66        47      1975

-  INDICATES NEGATIVE NUMBERS.
R  INDICATES RECORD WAS SET OR TIED.
MM INDICATES DATA IS MISSING.
T  INDICATES TRACE AMOUNT.

$$
