000
CDUS43 KGLD 060738 RRB
CLIHLC

CLIMATE REPORT
NATIONAL WEATHER SERVICE GOODLAND
136 AM MDT SUN AUG 6 2017

...................................

...THE HILL CITY KS CLIMATE SUMMARY FOR AUGUST 5 2017...

CLIMATE NORMAL PERIOD 1981 TO 2010
CLIMATE RECORD PERIOD 1896 TO 2017


WEATHER ITEM   OBSERVED TIME   RECORD YEAR NORMAL DEPARTURE LAST
                VALUE   (LST)  VALUE       VALUE  FROM      YEAR
                                                  NORMAL
..................................................................
TEMPERATURE (F)
 YESTERDAY
  MAXIMUM         86    441 PM 111    1934  92     -6       79
  MINIMUM         62    424 AM  50    2012  66     -4       63
  AVERAGE         74                        78     -4       71

PRECIPITATION (IN)
  YESTERDAY        0.00                      0.10  -0.10     0.52
  MONTH TO DATE    0.11                      0.48  -0.37     0.58
  SINCE JUN 1      4.68                      6.95  -2.27     3.44
  SINCE JAN 1     15.96                     15.45   0.51    16.38

..................................................................


THE HILL CITY KS CLIMATE NORMALS FOR TODAY
                         NORMAL    RECORD    YEAR
 MAXIMUM TEMPERATURE (F)   91       115      1934
 MINIMUM TEMPERATURE (F)   65        56      2005


-  INDICATES NEGATIVE NUMBERS.
R  INDICATES RECORD WAS SET OR TIED.
MM INDICATES DATA IS MISSING.
T  INDICATES TRACE AMOUNT.


$$
