000
CDUS43 KGLD 170751
CLIHLC

CLIMATE REPORT
NATIONAL WEATHER SERVICE GOODLAND
140 AM MDT SUN APR 17 2016


...................................

...THE HILL CITY KS CLIMATE SUMMARY FOR APRIL 16 2016...

CLIMATE NORMAL PERIOD 1981 TO 2010
CLIMATE RECORD PERIOD 1896 TO 2016


WEATHER ITEM   OBSERVED TIME   RECORD YEAR NORMAL DEPARTURE LAST
                VALUE   (LST)  VALUE       VALUE  FROM      YEAR
                                                  NORMAL
..................................................................
TEMPERATURE (F)
 YESTERDAY
  MAXIMUM         63   1217 AM  93    1964  66     -3       74
  MINIMUM         48   1159 PM  19    1951  38     10       53
  AVERAGE         56                        52      4       64

PRECIPITATION (IN)
  YESTERDAY        4.24                      0.07   4.17     0.90
  MONTH TO DATE    4.24                      0.97   3.27     1.13
  SINCE MAR 1      4.44                      2.60   1.84     1.19
  SINCE JAN 1      5.33                      3.57   1.76     1.61

..................................................................


THE HILL CITY KS CLIMATE NORMALS FOR TODAY
                         NORMAL    RECORD    YEAR
 MAXIMUM TEMPERATURE (F)   66        94      1948
 MINIMUM TEMPERATURE (F)   38        17      1907


-  INDICATES NEGATIVE NUMBERS.
R  INDICATES RECORD WAS SET OR TIED.
MM INDICATES DATA IS MISSING.
T  INDICATES TRACE AMOUNT.

$$
