000
CDUS43 KGLD 130044
CLIHLC

CLIMATE REPORT
NATIONAL WEATHER SERVICE GOODLAND
638 PM MDT FRI SEP 12 2014

...................................

...THE HILL CITY KS CLIMATE SUMMARY FOR SEPTEMBER 12 2014...
VALID TODAY AS OF 0600 PM LOCAL TIME.

CLIMATE NORMAL PERIOD 1981 TO 2010
CLIMATE RECORD PERIOD 1896 TO 2014

WEATHER ITEM   OBSERVED TIME   RECORD YEAR NORMAL DEPARTURE LAST
                VALUE   (LST)  VALUE       VALUE  FROM      YEAR
                                                  NORMAL
..................................................................
TEMPERATURE (F)
 TODAY
  MAXIMUM         51    530 PM 108    1956  83    -32       73
  MINIMUM         39    404 AM  37    1974  55    -16       68
  AVERAGE         45                        69    -24       71

PRECIPITATION (IN)
  TODAY            0.14                      0.06   0.08     0.35
  MONTH TO DATE    0.30                      0.85  -0.55     0.84
  SINCE SEP 1      0.30                      0.85  -0.55     0.84
  SINCE JAN 1     20.12                     18.73   1.39    13.78

..................................................................

THE HILL CITY KS CLIMATE NORMALS FOR TOMORROW
                         NORMAL    RECORD    YEAR
 MAXIMUM TEMPERATURE (F)   83       105      1911
 MINIMUM TEMPERATURE (F)   55        31      1974

-  INDICATES NEGATIVE NUMBERS.
R  INDICATES RECORD WAS SET OR TIED.
MM INDICATES DATA IS MISSING.
T  INDICATES TRACE AMOUNT.

$$
