027
CDUS43 KGLD 280802
CLIHLC

CLIMATE REPORT
NATIONAL WEATHER SERVICE GOODLAND
1250 AM MST MON NOV 28 2016


...................................

...THE HILL CITY KS CLIMATE SUMMARY FOR NOVEMBER 27 2016...

CLIMATE NORMAL PERIOD 1981 TO 2010
CLIMATE RECORD PERIOD 1896 TO 2016


WEATHER ITEM   OBSERVED TIME   RECORD YEAR NORMAL DEPARTURE LAST
                VALUE   (LST)  VALUE       VALUE  FROM      YEAR
                                                  NORMAL
..................................................................
TEMPERATURE (F)
 YESTERDAY
  MAXIMUM         68    324 PM  76    2009  48     20       27
  MINIMUM         30   1214 AM  -4    1952  23      7       21
  AVERAGE         49                        35     14       24

PRECIPITATION (IN)
  YESTERDAY        0.08                      0.02   0.06      T
  MONTH TO DATE    0.45                      0.89  -0.44     1.27
  SINCE SEP 1      9.28                      4.29   4.99     3.72
  SINCE JAN 1     28.81                     22.17   6.64    19.53

..................................................................

THE HILL CITY KS CLIMATE NORMALS FOR TODAY
                         NORMAL    RECORD    YEAR
 MAXIMUM TEMPERATURE (F)   47        80      2014
 MINIMUM TEMPERATURE (F)   22       -11      1952



-  INDICATES NEGATIVE NUMBERS.
R  INDICATES RECORD WAS SET OR TIED.
MM INDICATES DATA IS MISSING.
T  INDICATES TRACE AMOUNT.

$$
