457
CDUS43 KGLD 050044 RRA
CLIHLC

CLIMATE REPORT
NATIONAL WEATHER SERVICE GOODLAND
542 PM MST MON DEC 4 2017


...................................

...THE HILL CITY KS CLIMATE SUMMARY FOR DECEMBER 4 2017...
VALID TODAY AS OF 0500 PM LOCAL TIME.

CLIMATE NORMAL PERIOD 1981 TO 2010
CLIMATE RECORD PERIOD 1896 TO 2017


WEATHER ITEM   OBSERVED TIME   RECORD YEAR NORMAL DEPARTURE LAST
                VALUE   (LST)  VALUE       VALUE  FROM      YEAR
                                                  NORMAL
..................................................................
TEMPERATURE (F)
 TODAY
  MAXIMUM         55    145 AM  77    1946  45     10       53
  MINIMUM         41    459 PM   5    1921  20     21       23
  AVERAGE         48                        33     15       38

PRECIPITATION (IN)
  TODAY            0.00                      0.04  -0.04     0.00
  MONTH TO DATE    0.00                      0.16  -0.16     0.03
  SINCE DEC 1      0.00                      0.16  -0.16     0.03
  SINCE JAN 1     24.63                     22.39   2.24    28.84

..................................................................







THE HILL CITY KS CLIMATE NORMALS FOR TOMORROW
                         NORMAL    RECORD    YEAR
 MAXIMUM TEMPERATURE (F)   45        74      1939
 MINIMUM TEMPERATURE (F)   20        -5      1950



-  INDICATES NEGATIVE NUMBERS.
R  INDICATES RECORD WAS SET OR TIED.
MM INDICATES DATA IS MISSING.
T  INDICATES TRACE AMOUNT.




$$
