000
CDUS43 KGLD 190744
CLIHLC

CLIMATE REPORT
NATIONAL WEATHER SERVICE GOODLAND
140 AM MDT SUN OCT 19 2014


...................................

...THE HILL CITY KS CLIMATE SUMMARY FOR OCTOBER 18 2014...

CLIMATE NORMAL PERIOD 1981 TO 2010
CLIMATE RECORD PERIOD 1896 TO 2014


WEATHER ITEM   OBSERVED TIME   RECORD YEAR NORMAL DEPARTURE LAST
                VALUE   (LST)  VALUE       VALUE  FROM      YEAR
                                                  NORMAL
..................................................................
TEMPERATURE (F)
 YESTERDAY
  MAXIMUM         67    339 PM  93    2003  67      0       52
  MINIMUM         33    621 AM  26    1948  39     -6       32
  AVERAGE         50                        53     -3       42

PRECIPITATION (IN)
  YESTERDAY        0.00                      0.05  -0.05     0.26
  MONTH TO DATE    0.75                      0.96  -0.21     0.91
  SINCE SEP 1      1.53                      2.84  -1.31     3.78
  SINCE JAN 1     21.35                     20.72   0.63    16.72

..................................................................







THE HILL CITY KS CLIMATE NORMALS FOR TODAY
                         NORMAL    RECORD    YEAR
 MAXIMUM TEMPERATURE (F)   67        95      2003
 MINIMUM TEMPERATURE (F)   39        10      1917



-  INDICATES NEGATIVE NUMBERS.
R  INDICATES RECORD WAS SET OR TIED.
MM INDICATES DATA IS MISSING.
T  INDICATES TRACE AMOUNT.




$$
