000
CDUS43 KGLD 060038
CLIHLC

CLIMATE REPORT
NATIONAL WEATHER SERVICE GOODLAND
536 PM MST SUN FEB 5 2017

...................................

...THE HILL CITY KS CLIMATE SUMMARY FOR FEBRUARY 5 2017...
VALID TODAY AS OF 0500 PM LOCAL TIME.

CLIMATE NORMAL PERIOD 1981 TO 2010
CLIMATE RECORD PERIOD 1896 TO 2017


WEATHER ITEM   OBSERVED TIME   RECORD YEAR NORMAL DEPARTURE LAST
                VALUE   (LST)  VALUE       VALUE  FROM      YEAR
                                                  NORMAL
..................................................................
TEMPERATURE (F)
 TODAY
  MAXIMUM         51    451 PM  76    1963  43      8       40
  MINIMUM         19    747 AM -17    1985  18      1       17
  AVERAGE         35                        31      4       29

PRECIPITATION (IN)
  TODAY            0.00                      0.02  -0.02     0.00
  MONTH TO DATE    0.00                      0.09  -0.09     0.56
  SINCE DEC 1      1.48                      1.23   0.25     2.70
  SINCE JAN 1      1.06                      0.54   0.52     0.84

..................................................................


THE HILL CITY KS CLIMATE NORMALS FOR TOMORROW
                         NORMAL    RECORD    YEAR
 MAXIMUM TEMPERATURE (F)   44        79      2015
                                             2009
 MINIMUM TEMPERATURE (F)   18       -17      1985



-  INDICATES NEGATIVE NUMBERS.
R  INDICATES RECORD WAS SET OR TIED.
MM INDICATES DATA IS MISSING.
T  INDICATES TRACE AMOUNT.

$$
