540
CDUS43 KGLD 120757 RRB
CLIHLC

CLIMATE REPORT
NATIONAL WEATHER SERVICE GOODLAND
1249 AM MST THU JAN 12 2017


...................................

...THE HILL CITY KS CLIMATE SUMMARY FOR JANUARY 11 2017...

CLIMATE NORMAL PERIOD 1981 TO 2010
CLIMATE RECORD PERIOD 1896 TO 2017


WEATHER ITEM   OBSERVED TIME   RECORD YEAR NORMAL DEPARTURE LAST
                VALUE   (LST)  VALUE       VALUE  FROM      YEAR
                                                  NORMAL
..................................................................
TEMPERATURE (F)
 YESTERDAY
  MAXIMUM         43    332 AM  78    1990  42      1       49
  MINIMUM         11   1156 PM -22    1918  17     -6       21
  AVERAGE         27                        29     -2       35

PRECIPITATION (IN)
  YESTERDAY        0.00                      0.01  -0.01     0.00
  MONTH TO DATE    0.05                      0.09  -0.04     0.16
  SINCE DEC 1      0.47                      0.78  -0.31     2.02
  SINCE JAN 1      0.05                      0.09  -0.04     0.16

..................................................................


THE HILL CITY KS CLIMATE NORMALS FOR TODAY
                         NORMAL    RECORD    YEAR
 MAXIMUM TEMPERATURE (F)   42        72      1986
                                             1953
 MINIMUM TEMPERATURE (F)   17       -24      1912



-  INDICATES NEGATIVE NUMBERS.
R  INDICATES RECORD WAS SET OR TIED.
MM INDICATES DATA IS MISSING.
T  INDICATES TRACE AMOUNT.

$$
