718
CDUS43 KGLD 110041 RRA
CLIHLC

CLIMATE REPORT
NATIONAL WEATHER SERVICE GOODLAND
636 PM MDT THU AUG 10 2017


...................................

...THE HILL CITY KS CLIMATE SUMMARY FOR AUGUST 10 2017...
VALID TODAY AS OF 0600 PM LOCAL TIME.

CLIMATE NORMAL PERIOD 1981 TO 2010
CLIMATE RECORD PERIOD 1896 TO 2017


WEATHER ITEM   OBSERVED TIME   RECORD YEAR NORMAL DEPARTURE LAST
                VALUE   (LST)  VALUE       VALUE  FROM      YEAR
                                                  NORMAL
..................................................................
TEMPERATURE (F)
 TODAY
  MAXIMUM         79   1133 AM 109    1936  91    -12       95
  MINIMUM         59    621 AM  46    1985  65     -6       72
  AVERAGE         69                        78     -9       84

PRECIPITATION (IN)
  TODAY            0.03                      0.09  -0.06      T
  MONTH TO DATE    0.32                      0.96  -0.64     1.47
  SINCE JUN 1      4.89                      7.43  -2.54     4.33
  SINCE JAN 1     16.17                     15.93   0.24    17.27

..................................................................


THE HILL CITY KS CLIMATE NORMALS FOR TOMORROW
                         NORMAL    RECORD    YEAR
 MAXIMUM TEMPERATURE (F)   91       112      1936
 MINIMUM TEMPERATURE (F)   65        49      1979



-  INDICATES NEGATIVE NUMBERS.
R  INDICATES RECORD WAS SET OR TIED.
MM INDICATES DATA IS MISSING.
T  INDICATES TRACE AMOUNT.

$$
