000
CDUS43 KGLD 150745
CLIHLC

CLIMATE REPORT
NATIONAL WEATHER SERVICE GOODLAND
143 AM MDT TUE JUL 15 2014

...................................

...THE HILL CITY KS CLIMATE SUMMARY FOR JULY 14 2014...

CLIMATE NORMAL PERIOD 1981 TO 2010
CLIMATE RECORD PERIOD 1896 TO 2014

WEATHER ITEM   OBSERVED TIME   RECORD YEAR NORMAL DEPARTURE LAST
                VALUE   (LST)  VALUE       VALUE  FROM      YEAR
                                                  NORMAL
..................................................................
TEMPERATURE (F)
 YESTERDAY
  MAXIMUM         88    248 PM 113    1934  93     -5       88
  MINIMUM         58   1159 PM  44    1990  66     -8       63
  AVERAGE         73                        80     -7       76

PRECIPITATION (IN)
  YESTERDAY        0.00                      0.16  -0.16     0.00
  MONTH TO DATE    0.71                      1.59  -0.88     0.21
  SINCE JUN 1      7.64                      4.35   3.29     2.89
  SINCE JAN 1     12.58                     12.85  -0.27     7.23

..................................................................

THE HILL CITY KS CLIMATE NORMALS FOR TODAY
                         NORMAL    RECORD    YEAR
 MAXIMUM TEMPERATURE (F)   93       113      1934
 MINIMUM TEMPERATURE (F)   66        54      1952

-  INDICATES NEGATIVE NUMBERS.
R  INDICATES RECORD WAS SET OR TIED.
MM INDICATES DATA IS MISSING.
T  INDICATES TRACE AMOUNT.

$$
