650
CDUS43 KGLD 180044
CLIHLC

CLIMATE REPORT
NATIONAL WEATHER SERVICE GOODLAND
641 PM MDT WED MAY 17 2017

...................................

...THE HILL CITY KS CLIMATE SUMMARY FOR MAY 17 2017...
VALID TODAY AS OF 0600 PM LOCAL TIME.

CLIMATE NORMAL PERIOD 1981 TO 2010
CLIMATE RECORD PERIOD 1896 TO 2017

WEATHER ITEM   OBSERVED TIME   RECORD YEAR NORMAL DEPARTURE LAST
                VALUE   (LST)  VALUE       VALUE  FROM      YEAR
                                                  NORMAL
..................................................................
TEMPERATURE (F)
 TODAY
  MAXIMUM         72    459 PM 103    1927  76     -4       66
  MINIMUM         55    120 AM  30    1945  50      5       45
  AVERAGE         64                        63      1       56

PRECIPITATION (IN)
  TODAY            0.14                      0.14   0.00     0.01
  MONTH TO DATE    1.58                      2.04  -0.46     2.21
  SINCE MAR 1      7.30                      5.79   1.51     9.13
  SINCE JAN 1      8.37                      6.76   1.61    10.02

..................................................................

THE HILL CITY KS CLIMATE NORMALS FOR TOMORROW
                         NORMAL    RECORD    YEAR
 MAXIMUM TEMPERATURE (F)   76       101      1996
 MINIMUM TEMPERATURE (F)   51        31      2002

-  INDICATES NEGATIVE NUMBERS.
R  INDICATES RECORD WAS SET OR TIED.
MM INDICATES DATA IS MISSING.
T  INDICATES TRACE AMOUNT.

$$
