000
CDUS43 KGLD 240050
CLIHLC

CLIMATE REPORT
NATIONAL WEATHER SERVICE GOODLAND
644 PM MDT THU JUL 23 2015

...................................

...THE HILL CITY KS CLIMATE SUMMARY FOR JULY 23 2015...
VALID TODAY AS OF 0600 PM LOCAL TIME.

CLIMATE NORMAL PERIOD 1981 TO 2010
CLIMATE RECORD PERIOD 1896 TO 2015


WEATHER ITEM   OBSERVED TIME   RECORD YEAR NORMAL DEPARTURE LAST
                VALUE   (LST)  VALUE       VALUE  FROM      YEAR
                                                  NORMAL
..................................................................
TEMPERATURE (F)
 TODAY
  MAXIMUM         98    504 PM 107    2012  93      5       90
                                      1940
  MINIMUM         67    603 AM  52    1948  66      1       68
  AVERAGE         83                        80      3       79

PRECIPITATION (IN)
  TODAY            0.00                      0.11  -0.11     0.00
  MONTH TO DATE    5.63                      2.73   2.90     1.79
  SINCE JUN 1      6.41                      5.49   0.92     8.72
  SINCE JAN 1     13.94                     13.99  -0.05    13.66

..................................................................


THE HILL CITY KS CLIMATE NORMALS FOR TOMORROW
                         NORMAL    RECORD    YEAR
 MAXIMUM TEMPERATURE (F)   93       117      1936
 MINIMUM TEMPERATURE (F)   66        47      1911



-  INDICATES NEGATIVE NUMBERS.
R  INDICATES RECORD WAS SET OR TIED.
MM INDICATES DATA IS MISSING.
T  INDICATES TRACE AMOUNT.

$$
