000
CDUS43 KGLD 210739 RRB
CLIHLC

CLIMATE REPORT
NATIONAL WEATHER SERVICE GOODLAND
137 AM MDT TUE MAR 21 2017

...................................

...THE HILL CITY KS CLIMATE SUMMARY FOR MARCH 20 2017...

CLIMATE NORMAL PERIOD 1981 TO 2010
CLIMATE RECORD PERIOD 1896 TO 2017


WEATHER ITEM   OBSERVED TIME   RECORD YEAR NORMAL DEPARTURE LAST
                VALUE   (LST)  VALUE       VALUE  FROM      YEAR
                                                  NORMAL
..................................................................
TEMPERATURE (F)
 YESTERDAY
  MAXIMUM         72    426 PM  88    1916  57     15       53
  MINIMUM         39    639 AM   2    1965  29     10       13
  AVERAGE         56                        43     13       33

PRECIPITATION (IN)
  YESTERDAY        0.00                      0.05  -0.05     0.00
  MONTH TO DATE    0.08                      0.94  -0.86     0.12
  SINCE MAR 1      0.08                      0.94  -0.86     0.12
  SINCE JAN 1      1.15                      1.91  -0.76     1.01

..................................................................


THE HILL CITY KS CLIMATE NORMALS FOR TODAY
                         NORMAL    RECORD    YEAR
 MAXIMUM TEMPERATURE (F)   58        93      1907
 MINIMUM TEMPERATURE (F)   29         8      2002
                                             1955



-  INDICATES NEGATIVE NUMBERS.
R  INDICATES RECORD WAS SET OR TIED.
MM INDICATES DATA IS MISSING.
T  INDICATES TRACE AMOUNT.

$$
