000
CDUS43 KGLD 170039
CLIHLC

CLIMATE REPORT
NATIONAL WEATHER SERVICE GOODLAND
636 PM MDT WED JUL 16 2014

...................................

...THE HILL CITY KS CLIMATE SUMMARY FOR JULY 16 2014...
VALID TODAY AS OF 0600 PM LOCAL TIME.

CLIMATE NORMAL PERIOD 1981 TO 2010
CLIMATE RECORD PERIOD 1896 TO 2014

WEATHER ITEM   OBSERVED TIME   RECORD YEAR NORMAL DEPARTURE LAST
                VALUE   (LST)  VALUE       VALUE  FROM      YEAR
                                                  NORMAL
..................................................................
TEMPERATURE (F)
 TODAY
  MAXIMUM         65    756 AM 111    1934  93    -28       85
  MINIMUM         58    220 PM  53    1976  66     -8       65
  AVERAGE         62                        80    -18       75

PRECIPITATION (IN)
  TODAY            0.84                      0.14   0.70     0.00
  MONTH TO DATE    1.55                      1.89  -0.34     0.21
  SINCE JUN 1      8.48                      4.65   3.83     2.89
  SINCE JAN 1     13.42                     13.15   0.27     7.23

..................................................................

THE HILL CITY KS CLIMATE NORMALS FOR TOMORROW
                         NORMAL    RECORD    YEAR
 MAXIMUM TEMPERATURE (F)   93       112      1936
 MINIMUM TEMPERATURE (F)   66        51      1917

-  INDICATES NEGATIVE NUMBERS.
R  INDICATES RECORD WAS SET OR TIED.
MM INDICATES DATA IS MISSING.
T  INDICATES TRACE AMOUNT.

$$
