000
CDUS43 KGLD 290744 RRA
CLIHLC

CLIMATE REPORT
NATIONAL WEATHER SERVICE GOODLAND
139 AM MDT MON JUN 29 2015

...................................

...THE HILL CITY KS CLIMATE SUMMARY FOR JUNE 28 2015...

CLIMATE NORMAL PERIOD 1981 TO 2010
CLIMATE RECORD PERIOD 1896 TO 2015


WEATHER ITEM   OBSERVED TIME   RECORD YEAR NORMAL DEPARTURE LAST
                VALUE   (LST)  VALUE       VALUE  FROM      YEAR
                                                  NORMAL
..................................................................
TEMPERATURE (F)
 YESTERDAY
  MAXIMUM         99    328 PM 111    2012  91      8       87
  MINIMUM         64    514 AM  49    1923  63      1       62
  AVERAGE         82                        77      5       75

PRECIPITATION (IN)
  YESTERDAY        0.00                      0.07  -0.07     0.27
  MONTH TO DATE    0.78                      2.62  -1.84     6.93
  SINCE JUN 1      0.78                      2.62  -1.84     6.93
  SINCE JAN 1      8.31                     11.12  -2.81    11.87

..................................................................


THE HILL CITY KS CLIMATE NORMALS FOR TODAY
                         NORMAL    RECORD    YEAR
 MAXIMUM TEMPERATURE (F)   91       109      1933
 MINIMUM TEMPERATURE (F)   63        45      1923



-  INDICATES NEGATIVE NUMBERS.
R  INDICATES RECORD WAS SET OR TIED.
MM INDICATES DATA IS MISSING.
T  INDICATES TRACE AMOUNT.

$$
