000
CDUS43 KGLD 080743 RRA
CLIHLC

CLIMATE REPORT
NATIONAL WEATHER SERVICE GOODLAND
141 AM MDT MON MAY 8 2017

...................................

...THE HILL CITY KS CLIMATE SUMMARY FOR MAY 7 2017...

CLIMATE NORMAL PERIOD 1981 TO 2010
CLIMATE RECORD PERIOD 1896 TO 2017

WEATHER ITEM   OBSERVED TIME   RECORD YEAR NORMAL DEPARTURE LAST
                VALUE   (LST)  VALUE       VALUE  FROM      YEAR
                                                  NORMAL
..................................................................
TEMPERATURE (F)
 YESTERDAY
  MAXIMUM         92    331 PM  97    1934  73     19       83
  MINIMUM         55    438 AM  28    1951  46      9       56
  AVERAGE         74                        59     15       70

PRECIPITATION (IN)
  YESTERDAY        0.00                      0.11  -0.11     0.01
  MONTH TO DATE    T                         0.79  -0.79     0.01
  SINCE MAR 1      5.72                      4.54   1.18     6.93
  SINCE JAN 1      6.79                      5.51   1.28     7.82

..................................................................

THE HILL CITY KS CLIMATE NORMALS FOR TODAY
                         NORMAL    RECORD    YEAR
 MAXIMUM TEMPERATURE (F)   73        99      1963
 MINIMUM TEMPERATURE (F)   47        22      1915

-  INDICATES NEGATIVE NUMBERS.
R  INDICATES RECORD WAS SET OR TIED.
MM INDICATES DATA IS MISSING.
T  INDICATES TRACE AMOUNT.

$$
