879
CDUS43 KGLD 150045
CLIHLC

CLIMATE REPORT
NATIONAL WEATHER SERVICE GOODLAND
542 PM MST SAT JAN 14 2017

...................................

...THE HILL CITY KS CLIMATE SUMMARY FOR JANUARY 14 2017...
VALID TODAY AS OF 0500 PM LOCAL TIME.

CLIMATE NORMAL PERIOD 1981 TO 2010
CLIMATE RECORD PERIOD 1896 TO 2017


WEATHER ITEM   OBSERVED TIME   RECORD YEAR NORMAL DEPARTURE LAST
                VALUE   (LST)  VALUE       VALUE  FROM      YEAR
                                                  NORMAL
..................................................................
TEMPERATURE (F)
 TODAY
  MAXIMUM         35    459 PM  74    1996  42     -7       62
  MINIMUM         21    618 AM -10    1972  17      4       28
  AVERAGE         28                        29     -1       45

PRECIPITATION (IN)
  TODAY            0.00                      0.01  -0.01     0.00
  MONTH TO DATE    0.05                      0.12  -0.07     0.16
  SINCE DEC 1      0.47                      0.81  -0.34     2.02
  SINCE JAN 1      0.05                      0.12  -0.07     0.16

..................................................................


THE HILL CITY KS CLIMATE NORMALS FOR TOMORROW
                         NORMAL    RECORD    YEAR
 MAXIMUM TEMPERATURE (F)   42        71      2006
 MINIMUM TEMPERATURE (F)   17        -4      1979
                                             1972
                                             1930


-  INDICATES NEGATIVE NUMBERS.
R  INDICATES RECORD WAS SET OR TIED.
MM INDICATES DATA IS MISSING.
T  INDICATES TRACE AMOUNT.


$$
