000
CDUS43 KGLD 300037 RRA
CLIHLC

CLIMATE REPORT
NATIONAL WEATHER SERVICE GOODLAND
635 PM MDT FRI AUG 29 2014


...................................

...THE HILL CITY KS CLIMATE SUMMARY FOR AUGUST 29 2014...
VALID TODAY AS OF 0600 PM LOCAL TIME.

CLIMATE NORMAL PERIOD 1981 TO 2010
CLIMATE RECORD PERIOD 1896 TO 2014


WEATHER ITEM   OBSERVED TIME   RECORD YEAR NORMAL DEPARTURE LAST
                VALUE   (LST)  VALUE       VALUE  FROM      YEAR
                                                  NORMAL
..................................................................
TEMPERATURE (F)
 TODAY
  MAXIMUM         87    459 PM 108    1939  88     -1      102
  MINIMUM         61    738 AM  44    1917  60      1       65
  AVERAGE         74                        74      0       84

PRECIPITATION (IN)
  TODAY            0.00                      0.09  -0.09     0.00
  MONTH TO DATE    6.12                      2.70   3.42     0.73
  SINCE JUN 1     14.85                      9.17   5.68     8.57
  SINCE JAN 1     19.79                     17.67   2.12    12.91

..................................................................


THE HILL CITY KS CLIMATE NORMALS FOR TOMORROW
                         NORMAL    RECORD    YEAR
 MAXIMUM TEMPERATURE (F)   88       109      1943
 MINIMUM TEMPERATURE (F)   60        40      1915
                                             1992



-  INDICATES NEGATIVE NUMBERS.
R  INDICATES RECORD WAS SET OR TIED.
MM INDICATES DATA IS MISSING.
T  INDICATES TRACE AMOUNT.

$$
