000
CDUS43 KGLD 270745 RRA
CLIHLC

CLIMATE REPORT
NATIONAL WEATHER SERVICE GOODLAND
139 AM MDT THU AUG 27 2015
...................................

...THE HILL CITY KS CLIMATE SUMMARY FOR AUGUST 26 2015...

CLIMATE NORMAL PERIOD 1981 TO 2010
CLIMATE RECORD PERIOD 1896 TO 2015

WEATHER ITEM   OBSERVED TIME   RECORD YEAR NORMAL DEPARTURE LAST
                VALUE   (LST)  VALUE       VALUE  FROM      YEAR
                                                  NORMAL
..................................................................
TEMPERATURE (F)
 YESTERDAY
  MAXIMUM        104    340 PM 108    1936  89     15       90
  MINIMUM         63    633 AM  50    1967  61      2       63
  AVERAGE         84                        75      9       77

PRECIPITATION (IN)
  YESTERDAY        0.00                      0.09  -0.09     0.03
  MONTH TO DATE    1.00                      2.41  -1.41     2.37
  SINCE JUN 1      8.24                      8.88  -0.64    11.10
  SINCE JAN 1     15.77                     17.38  -1.61    16.04

..................................................................

THE HILL CITY KS CLIMATE NORMALS FOR TODAY
                         NORMAL    RECORD    YEAR
 MAXIMUM TEMPERATURE (F)   88       107      1913
 MINIMUM TEMPERATURE (F)   61        45      1967

-  INDICATES NEGATIVE NUMBERS.
R  INDICATES RECORD WAS SET OR TIED.
MM INDICATES DATA IS MISSING.
T  INDICATES TRACE AMOUNT.

$$
