000
CDUS43 KGLD 230046 RRB
CLIHLC

CLIMATE REPORT
NATIONAL WEATHER SERVICE GOODLAND
543 PM MST SAT NOV 22 2014

...................................

...THE HILL CITY KS CLIMATE SUMMARY FOR NOVEMBER 22 2014...
VALID TODAY AS OF 0500 PM LOCAL TIME.

CLIMATE NORMAL PERIOD 1981 TO 2010
CLIMATE RECORD PERIOD 1896 TO 2014

WEATHER ITEM   OBSERVED TIME   RECORD YEAR NORMAL DEPARTURE LAST
                VALUE   (LST)  VALUE       VALUE  FROM      YEAR
                                                  NORMAL
..................................................................
TEMPERATURE (F)
 TODAY
  MAXIMUM         67    351 PM  80    1998  50     17       34
  MINIMUM         20    722 AM  -4    1929  25     -5       17
  AVERAGE         44                        38      6       26

PRECIPITATION (IN)
  TODAY            0.00                      0.03  -0.03     0.00
  MONTH TO DATE    0.01                      0.77  -0.76     0.69
  SINCE SEP 1      1.62                      4.17  -2.55     4.62
  SINCE JAN 1     21.44                     22.05  -0.61    17.56

..................................................................

THE HILL CITY KS CLIMATE NORMALS FOR TOMORROW
                         NORMAL    RECORD    YEAR
 MAXIMUM TEMPERATURE (F)   50        72      2005
 MINIMUM TEMPERATURE (F)   24         2      1941

-  INDICATES NEGATIVE NUMBERS.
R  INDICATES RECORD WAS SET OR TIED.
MM INDICATES DATA IS MISSING.
T  INDICATES TRACE AMOUNT.

$$
