000
CDUS43 KGLD 230738
CLIHLC

CLIMATE REPORT
NATIONAL WEATHER SERVICE GOODLAND
135 AM MDT WED APR 23 2014


...................................

...THE HILL CITY KS CLIMATE SUMMARY FOR APRIL 22 2014...

CLIMATE NORMAL PERIOD 1981 TO 2010
CLIMATE RECORD PERIOD 1896 TO 2014


WEATHER ITEM   OBSERVED TIME   RECORD YEAR NORMAL DEPARTURE LAST
                VALUE   (LST)  VALUE       VALUE  FROM      YEAR
                                                  NORMAL
..................................................................
TEMPERATURE (F)
 YESTERDAY
  MAXIMUM         78    422 PM 101    1989  68     10       55
  MINIMUM         39    617 AM  25    1982  40     -1       30
  AVERAGE         59                        54      5       43

PRECIPITATION (IN)
  YESTERDAY        0.02                      0.08  -0.06     0.08
  MONTH TO DATE    2.02                      1.43   0.59     0.23
  SINCE MAR 1      2.21                      3.06  -0.85     1.02
  SINCE JAN 1      2.67                      4.03  -1.36     2.21

..................................................................


THE HILL CITY KS CLIMATE NORMALS FOR TODAY
                         NORMAL    RECORD    YEAR
 MAXIMUM TEMPERATURE (F)   68        96      1939
 MINIMUM TEMPERATURE (F)   41        24      2013



-  INDICATES NEGATIVE NUMBERS.
R  INDICATES RECORD WAS SET OR TIED.
MM INDICATES DATA IS MISSING.
T  INDICATES TRACE AMOUNT.

$$
