000
CDUS43 KGLD 220049 RRB
CLIHLC

WRKCLIHLC 000
TTAA00 KGLD 220048

CLIMATE REPORT
NATIONAL WEATHER SERVICE GOODLAND
646 PM MDT THU MAY 21 2015

...................................

...THE HILL CITY KS CLIMATE SUMMARY FOR MAY 21 2015...
VALID TODAY AS OF 0600 PM LOCAL TIME.

CLIMATE NORMAL PERIOD 1981 TO 2010
CLIMATE RECORD PERIOD 1896 TO 2015

WEATHER ITEM   OBSERVED TIME   RECORD YEAR NORMAL DEPARTURE LAST
                VALUE   (LST)  VALUE       VALUE  FROM      YEAR
                                                  NORMAL
..................................................................
TEMPERATURE (F)
 TODAY
  MAXIMUM         65    400 PM  99    2005  77    -12       86
  MINIMUM         36    532 AM  30    1931  52    -16       61
  AVERAGE         51                        64    -13       74

PRECIPITATION (IN)
  TODAY            0.00                      0.11  -0.11     0.51
  MONTH TO DATE    2.37                      2.54  -0.17     0.53
  SINCE MAR 1      5.98                      6.29  -0.31     4.10
  SINCE JAN 1      6.40                      7.26  -0.86     4.56

..................................................................

THE HILL CITY KS CLIMATE NORMALS FOR TOMORROW
                         NORMAL    RECORD    YEAR
 MAXIMUM TEMPERATURE (F)   77        96      2004
                                             1964
 MINIMUM TEMPERATURE (F)   52        34      1963

-  INDICATES NEGATIVE NUMBERS.
R  INDICATES RECORD WAS SET OR TIED.
MM INDICATES DATA IS MISSING.
T  INDICATES TRACE AMOUNT.

$$
