000
CDUS43 KGLD 240044 RRA
CLIHLC

CLIMATE REPORT
NATIONAL WEATHER SERVICE GOODLAND
638 PM MDT TUE SEP 23 2014

...................................

...THE HILL CITY KS CLIMATE SUMMARY FOR SEPTEMBER 23 2014...
VALID TODAY AS OF 0600 PM LOCAL TIME.

CLIMATE NORMAL PERIOD 1981 TO 2010
CLIMATE RECORD PERIOD 1896 TO 2014

WEATHER ITEM   OBSERVED TIME   RECORD YEAR NORMAL DEPARTURE LAST
                VALUE   (LST)  VALUE       VALUE  FROM      YEAR
                                                  NORMAL
..................................................................
TEMPERATURE (F)
 TODAY
  MAXIMUM         86    256 PM  99    1938  78      8       80
  MINIMUM         58    407 AM  32    1989  50      8       58
                                      1971
  AVERAGE         72                        64      8       69

PRECIPITATION (IN)
  TODAY            0.44                      0.06   0.38      T
  MONTH TO DATE    0.74                      1.49  -0.75     1.50
  SINCE SEP 1      0.74                      1.49  -0.75     1.50
  SINCE JAN 1     20.56                     19.37   1.19    14.44

..................................................................

THE HILL CITY KS CLIMATE NORMALS FOR TOMORROW
                         NORMAL    RECORD    YEAR
 MAXIMUM TEMPERATURE (F)   78        97      1966
 MINIMUM TEMPERATURE (F)   50        31      1989

-  INDICATES NEGATIVE NUMBERS.
R  INDICATES RECORD WAS SET OR TIED.
MM INDICATES DATA IS MISSING.
T  INDICATES TRACE AMOUNT.

$$
