000
CDUS43 KGLD 160757
CLIHLC

WRKCLIHLC 000
TTAA00 KGLD 160755

CLIMATE REPORT
NATIONAL WEATHER SERVICE GOODLAND
153 AM MDT SAT MAY 16 2015

...................................

...THE HILL CITY KS CLIMATE SUMMARY FOR MAY 15 2015...

CLIMATE NORMAL PERIOD 1981 TO 2010
CLIMATE RECORD PERIOD 1896 TO 2015


WEATHER ITEM   OBSERVED TIME   RECORD YEAR NORMAL DEPARTURE LAST
                VALUE   (LST)  VALUE       VALUE  FROM      YEAR
                                                  NORMAL
..................................................................
TEMPERATURE (F)
 YESTERDAY
  MAXIMUM         80    503 PM  97    1931  75      5       67
  MINIMUM         62    653 AM  27    1907  50     12       35
  AVERAGE         71                        62      9       51

PRECIPITATION (IN)
  YESTERDAY        0.00                      0.14  -0.14      T
  MONTH TO DATE    1.50                      1.77  -0.27     0.02
  SINCE MAR 1      5.11                      5.52  -0.41     3.59
  SINCE JAN 1      5.53                      6.49  -0.96     4.05

..................................................................

THE HILL CITY KS CLIMATE NORMALS FOR TODAY
                         NORMAL    RECORD    YEAR
 MAXIMUM TEMPERATURE (F)   75        96      2001
 MINIMUM TEMPERATURE (F)   50        31      1923
                                             1983

-  INDICATES NEGATIVE NUMBERS.
R  INDICATES RECORD WAS SET OR TIED.
MM INDICATES DATA IS MISSING.
T  INDICATES TRACE AMOUNT.

$$
