000
CDUS43 KGLD 140743
CLIHLC

CLIMATE REPORT
NATIONAL WEATHER SERVICE GOODLAND
1238 AM MST SUN DEC 14 2014

...................................

...THE HILL CITY KS CLIMATE SUMMARY FOR DECEMBER 13 2014...

CLIMATE NORMAL PERIOD 1981 TO 2010
CLIMATE RECORD PERIOD 1896 TO 2014


WEATHER ITEM   OBSERVED TIME   RECORD YEAR NORMAL DEPARTURE LAST
                VALUE   (LST)  VALUE       VALUE  FROM      YEAR
                                                  NORMAL
..................................................................
TEMPERATURE (F)
 YESTERDAY
  MAXIMUM         57   1159 PM  73    1921  43     14       42
  MINIMUM         49    857 AM -10    1961  18     31       11
  AVERAGE         53                        30     23       27

PRECIPITATION (IN)
  YESTERDAY        0.00                      0.02  -0.02     0.00
  MONTH TO DATE    0.00                      0.42  -0.42     0.05
  SINCE DEC 1      0.00                      0.42  -0.42     0.05
  SINCE JAN 1     21.45                     22.65  -1.20    17.61

..................................................................

THE HILL CITY KS CLIMATE NORMALS FOR TODAY
                         NORMAL    RECORD    YEAR
 MAXIMUM TEMPERATURE (F)   42        65      1977
 MINIMUM TEMPERATURE (F)   18       -10      1963



-  INDICATES NEGATIVE NUMBERS.
R  INDICATES RECORD WAS SET OR TIED.
MM INDICATES DATA IS MISSING.
T  INDICATES TRACE AMOUNT.




$$
