000
CDUS43 KGLD 040741
CLIHLC

CLIMATE REPORT
NATIONAL WEATHER SERVICE GOODLAND
137 AM MDT FRI APR 4 2014

...................................

...THE HILL CITY KS CLIMATE SUMMARY FOR APRIL 3 2014...

CLIMATE NORMAL PERIOD 1981 TO 2010
CLIMATE RECORD PERIOD 1896 TO 2014

WEATHER ITEM   OBSERVED TIME   RECORD YEAR NORMAL DEPARTURE LAST
                VALUE   (LST)  VALUE       VALUE  FROM      YEAR
                                                  NORMAL
..................................................................
TEMPERATURE (F)
 YESTERDAY
  MAXIMUM         39   1154 AM  90    1928  61    -22       51
  MINIMUM         32   1159 PM  13    2002  33     -1       33
  AVERAGE         36                        47    -11       42

PRECIPITATION (IN)
  YESTERDAY        0.08                      0.06   0.02     0.00
  MONTH TO DATE    0.08                      0.15  -0.07     0.00
  SINCE MAR 1      0.27                      1.78  -1.51     0.79
  SINCE JAN 1      0.73                      2.75  -2.02     1.98

..................................................................

THE HILL CITY KS CLIMATE NORMALS FOR TODAY
                         NORMAL    RECORD    YEAR
 MAXIMUM TEMPERATURE (F)   62        90      1929
 MINIMUM TEMPERATURE (F)   34        19      1968

-  INDICATES NEGATIVE NUMBERS.
R  INDICATES RECORD WAS SET OR TIED.
MM INDICATES DATA IS MISSING.
T  INDICATES TRACE AMOUNT.

$$
