000
CDUS43 KGLD 180042 RRA
CLIHLC

CLIMATE REPORT
NATIONAL WEATHER SERVICE GOODLAND
538 PM MST SAT JAN 17 2015

...................................

...THE HILL CITY KS CLIMATE SUMMARY FOR JANUARY 17 2015...
VALID TODAY AS OF 0500 PM LOCAL TIME.

CLIMATE NORMAL PERIOD 1981 TO 2010
CLIMATE RECORD PERIOD 1896 TO 2015

WEATHER ITEM   OBSERVED TIME   RECORD YEAR NORMAL DEPARTURE LAST
                VALUE   (LST)  VALUE       VALUE  FROM      YEAR
                                                  NORMAL
..................................................................
TEMPERATURE (F)
 TODAY
  MAXIMUM         55    251 PM  68    1996  42     13       50
  MINIMUM         33   1216 AM -15    1930  17     16       18
  AVERAGE         44                        29     15       34

PRECIPITATION (IN)
  TODAY            0.00                      0.02  -0.02     0.00
  MONTH TO DATE    0.01                      0.17  -0.16     0.03
  SINCE DEC 1      0.53                      0.86  -0.33     0.09
  SINCE JAN 1      0.01                      0.17  -0.16     0.03

..................................................................

THE HILL CITY KS CLIMATE NORMALS FOR TOMORROW
                         NORMAL    RECORD    YEAR
 MAXIMUM TEMPERATURE (F)   42        71      1920
 MINIMUM TEMPERATURE (F)   17       -15      1940

-  INDICATES NEGATIVE NUMBERS.
R  INDICATES RECORD WAS SET OR TIED.
MM INDICATES DATA IS MISSING.
T  INDICATES TRACE AMOUNT.

$$
