000
CDUS43 KGLD 070159 RRA
CLIHLC

CLIMATE REPORT
NATIONAL WEATHER SERVICE GOODLAND
755 PM MDT FRI OCT 6 2017

...................................

...THE HILL CITY KS CLIMATE SUMMARY FOR OCTOBER 6 2017...
VALID TODAY AS OF 0600 PM LOCAL TIME.

CLIMATE NORMAL PERIOD 1981 TO 2010
CLIMATE RECORD PERIOD 1896 TO 2017

WEATHER ITEM   OBSERVED TIME   RECORD YEAR NORMAL DEPARTURE LAST
                VALUE   (LST)  VALUE       VALUE  FROM      YEAR
                                                  NORMAL
..................................................................
TEMPERATURE (F)
 TODAY
  MAXIMUM         76    226 PM  95    1918  72      4       60
  MINIMUM         64    459 PM  20    1952  44     20       37
  AVERAGE         70                        58     12       49

PRECIPITATION (IN)
  TODAY            0.00                      0.05  -0.05     0.02
  MONTH TO DATE    4.93                      0.31   4.62     0.04
  SINCE SEP 1      6.31                      2.19   4.12     8.79
  SINCE JAN 1     24.14                     20.07   4.07    28.32

..................................................................

THE HILL CITY KS CLIMATE NORMALS FOR TOMORROW
                         NORMAL    RECORD    YEAR
 MAXIMUM TEMPERATURE (F)   72        90      1980
 MINIMUM TEMPERATURE (F)   44        18      1952
                                             2000

-  INDICATES NEGATIVE NUMBERS.
R  INDICATES RECORD WAS SET OR TIED.
MM INDICATES DATA IS MISSING.
T  INDICATES TRACE AMOUNT.

$$
