000
CDUS43 KGLD 110040
CLIHLC

CLIMATE REPORT
NATIONAL WEATHER SERVICE GOODLAND
637 PM MDT TUE MAY 10 2016
...................................

...THE HILL CITY KS CLIMATE SUMMARY FOR MAY 10 2016...
VALID TODAY AS OF 0600 PM LOCAL TIME.

CLIMATE NORMAL PERIOD 1981 TO 2010
CLIMATE RECORD PERIOD 1896 TO 2016

WEATHER ITEM   OBSERVED TIME   RECORD YEAR NORMAL DEPARTURE LAST
                VALUE   (LST)  VALUE       VALUE  FROM      YEAR
                                                  NORMAL
..................................................................
TEMPERATURE (F)
 TODAY
  MAXIMUM         84    459 PM  96    1914  74     10       59
  MINIMUM         48    541 AM  30    1981  48      0       41
  AVERAGE         66                        60      6       50

PRECIPITATION (IN)
  TODAY            0.00                      0.12  -0.12     0.00
  MONTH TO DATE    0.46                      1.14  -0.68     1.14
  SINCE MAR 1      7.38                      4.89   2.49     4.75
  SINCE JAN 1      8.27                      5.86   2.41     5.17

..................................................................

THE HILL CITY KS CLIMATE NORMALS FOR TOMORROW
                         NORMAL    RECORD    YEAR
 MAXIMUM TEMPERATURE (F)   74        96      1962
 MINIMUM TEMPERATURE (F)   48        28      1979

-  INDICATES NEGATIVE NUMBERS.
R  INDICATES RECORD WAS SET OR TIED.
MM INDICATES DATA IS MISSING.
T  INDICATES TRACE AMOUNT.

$$
